000
CXUS51 KRLX 011150
CF6HTS
PRELIMINARY LOCAL CLIMATOLOGICAL DATA (WS FORM: F-6)
STATION: HUNTINGTON WV
MONTH: AUGUST
YEAR: 2021
LATITUDE: 38 22 N
LONGITUDE: 82 33 W
TEMPERATURE IN F: :PCPN: SNOW: WIND :SUNSHINE: SKY :PK WND
================================================================================
1 2 3 4 5 6A 6B 7 8 9 10 11 12 13 14 15 16 17 18
12Z AVG MX 2MIN
DY MAX MIN AVG DEP HDD CDD WTR SNW DPTH SPD SPD DIR MIN PSBL S-S WX SPD DR
================================================================================
1 81 63 72 -4 0 7 0.04 0.0 0 4.2 23 320 M M 7 128 36 330
2 79 60 70 -6 0 5 0.00 0.0 0 3.5 8 20 M M 3 12 17 20
3 83 60 72 -4 0 7 0.00 0.0 0 4.4 12 140 M M 2 17 340
4 83 63 73 -3 0 8 0.00 0.0 0 2.3 8 70 M M 6 1 14 100
5 86 63 75 -1 0 10 0.00 0.0 0 2.1 8 180 M M 2 1 14 230
6 86 64 75 -1 0 10 0.00 0.0 0 2.8 9 190 M M 2 1 13 200
7 85 69 77 1 0 12 0.00 0.0 0 3.8 9 180 M M 2 1 12 190
8 88 66 77 1 0 12 0.00 0.0 0 3.8 9 180 M M 1 12 210
9 87 67 77 1 0 12 0.06 0.0 0 4.6 24 240 M M 2 1 33 250
10 92 70 81 5 0 16 0.22 0.0 0 6.7 17 250 M M 2 13 26 250
11 90 73 82 6 0 17 T 0.0 0 5.0 13 120 M M 2 38 22 160
12 93 75 84 8 0 19 0.00 0.0 0 6.3 13 240 M M 0 16 250
13 92 71 82 6 0 17 0.80 0.0 0 4.4 24 190 M M 3 13 49 200
14 85 70 78 2 0 13 0.01 0.0 0 2.3 12 350 M M 5 13 14 350
15 81 65 73 -3 0 8 0.40 0.0 0 4.8 12 230 M M 7 13 17 240
16 82 68 75 0 0 10 0.80 0.0 0 1.6 7 230 M M 6 123 11 190
17 76 70 73 -2 0 8 1.00 0.0 0 4.5 13 40 M M 7 1 22 40
18 85 70 78 3 0 13 0.89 0.0 0 5.0 15 40 M M 6 1 21 30
19 78 69 74 -1 0 9 0.44 0.0 0 1.7 7 360 M M 6 1 11 210
20 86 67 77 2 0 12 0.00 0.0 0 1.1 8 330 M M 5 12 10 340
21 88 66 77 2 0 12 0.00 0.0 0 1.2 7 360 M M 3 12 9 70
22 89 68 79 4 0 14 0.00 0.0 0 1.8 10 350 M M 4 12 14 350
23 91 67 79 4 0 14 0.00 0.0 0 2.4 9 230 M M 2 1 13 240
24 92 71 82 8 0 17 0.00 0.0 0 1.6 8 230 M M 1 18 11 230
25 92 70 81 7 0 16 0.00 0.0 0 2.7 21 320 M M 1 1238 33 290
26 90 70 80 6 0 15 0.00 0.0 0 2.2 10 320 M M 3 18 16 310
27 92 69 81 7 0 16 0.00 0.0 0 1.8 15 240 M M 1 1 20 240
28 93 68 81 7 0 16 0.00 0.0 0 2.1 9 200 M M 0 1 12 210
29 90 71 81 7 0 16 0.06 0.0 0 3.2 14 190 M M 1 138 20 200
30 86 71 79 5 0 14 1.40 0.0 0 2.6 18 90 M M 6 13 23 90
31 75 69 72 -1 0 7 0.54 0.0 0 5.5 12 50 M M 9 12 16 50
================================================================================
SM 2676 2103 0 382 6.66 0.0 102.0 M 107
================================================================================
AV 86.3 67.8 3.3 FASTST M M 3 MAX(MPH)
MISC ----> # 24 240 49 200
================================================================================
NOTES:
# LAST OF SEVERAL OCCURRENCES
COLUMN 17 PEAK WIND IN M.P.H.
PRELIMINARY LOCAL CLIMATOLOGICAL DATA (WS FORM: F-6) , PAGE 2
STATION: HUNTINGTON WV
MONTH: AUGUST
YEAR: 2021
LATITUDE: 38 22 N
LONGITUDE: 82 33 W
[TEMPERATURE DATA] [PRECIPITATION DATA] SYMBOLS USED IN COLUMN 16
AVERAGE MONTHLY: 77.1 TOTAL FOR MONTH: 6.66 1 = FOG OR MIST
DPTR FM NORMAL: 1.9 DPTR FM NORMAL: 2.71 2 = FOG REDUCING VISIBILITY
HIGHEST: 93 ON 28,12 GRTST 24HR 1.84 ON 17-18 TO 1/4 MILE OR LESS
LOWEST: 60 ON 3, 2 3 = THUNDER
SNOW, ICE PELLETS, HAIL 4 = ICE PELLETS
TOTAL MONTH: 0.0 INCH 5 = HAIL
GRTST 24HR 0.0 6 = FREEZING RAIN OR DRIZZLE
GRTST DEPTH: 0 7 = DUSTSTORM OR SANDSTORM:
VSBY 1/2 MILE OR LESS
8 = SMOKE OR HAZE
[NO. OF DAYS WITH] [WEATHER - DAYS WITH] 9 = BLOWING SNOW
X = TORNADO
MAX 32 OR BELOW: 0 0.01 INCH OR MORE: 13
MAX 90 OR ABOVE: 11 0.10 INCH OR MORE: 9
MIN 32 OR BELOW: 0 0.50 INCH OR MORE: 6
MIN 0 OR BELOW: 0 1.00 INCH OR MORE: 2
[HDD (BASE 65) ]
TOTAL THIS MO. 0 CLEAR (SCALE 0-3) 19
DPTR FM NORMAL -1 PTCLDY (SCALE 4-7) 11
TOTAL FM JUL 1 0 CLOUDY (SCALE 8-10) 1
DPTR FM NORMAL 0
[CDD (BASE 65) ]
TOTAL THIS MO. 382
DPTR FM NORMAL 66 [PRESSURE DATA]
TOTAL FM JAN 1 1063 HIGHEST SLP 30.21 ON 28
DPTR FM NORMAL 9 LOWEST SLP 29.62 ON 31
[REMARKS]
#FINAL-08-21#