000
CXUS51 KCAR 010600
CF6HUL
PRELIMINARY LOCAL CLIMATOLOGICAL DATA (WS FORM: F-6)
STATION: HOULTON ME
MONTH: JULY
YEAR: 2021
LATITUDE: 46 7 N
LONGITUDE: 67 48 W
TEMPERATURE IN F: :PCPN: SNOW: WIND :SUNSHINE: SKY :PK WND
================================================================================
1 2 3 4 5 6A 6B 7 8 9 10 11 12 13 14 15 16 17 18
12Z AVG MX 2MIN
DY MAX MIN AVG DEP HDD CDD WTR SNW DPTH SPD SPD DIR MIN PSBL S-S WX SPD DR
================================================================================
1 68 52 60 -4 5 0 0.03 M M 6.9 16 10 M M 8 1 21 30
2 60 51 56 -9 9 0 0.00 M M 8.1 17 30 M M 9 23 40
3 60 49 55 -10 10 0 0.00 M M 8.1 17 30 M M 10 21 30
4 58 49 54 -11 11 0 0.21 M M 7.3 20 40 M M 8 1 26 40
5 79 44 62 -3 3 0 0.00 M M 6.0 16 240 M M 0 1 22 220
6 77 54 66 1 0 1 0.00 M M 7.5 15 240 M M 5 18 20 240
7 75 48 62 -4 3 0 0.00 M M 7.4 20 270 M M 2 24 270
8 69 43 56 -10 9 0 0.02 M M 3.5 9 130 M M 4 13 140
9 70 58 64 -2 1 0 1.78 M M 7.7 17 350 M M 10 1 23 210
10 77 52 65 -1 0 0 0.01 M M 5.8 15 20 M M 2 21 350
11 81 48 65 -1 0 0 0.00 M M 3.3 13 360 M M 0 17 240
12 78 52 65 -1 0 0 0.00 M M 2.2 9 10 M M 0 8 12 10
13 79 48 64 -2 1 0 0.00 M M 4.9 15 210 M M 1 8 21 220
14 69 60 65 -1 0 0 T M M 8.0 15 170 M M 10 18 25 180
15 82 65 74 8 0 9 0.00 M M 5.0 10 190 M M 7 18 16 170
16 82 57 70 4 0 5 0.04 M M 6.2 16 250 M M 7 1 21 260
17 80 55 68 1 0 3 0.00 M M 4.4 15 230 M M 0 18 220
18 78 56 67 0 0 2 0.02 M M 0.9 9 180 M M 3 1 13 190
19 75 63 69 2 0 4 0.01 M M 2.9 8 150 M M 9 18 12 90
20 79 58 69 2 0 4 0.00 M M 5.2 15 360 M M 5 18 21 10
21 63 56 60 -7 5 0 0.75 M M 7.4 15 70 M M 10 1 19 90
22 75 51 63 -4 2 0 0.03 M M 6.2 16 10 M M 6 13 20 300
23 75 48 62 -5 3 0 0.00 M M 3.7 20 330 M M 3 1 27 330
24 81 46 64 -3 1 0 0.00 M M 3.1 10 210 M M 1 15 270
25 73 59 66 -1 0 1 0.03 M M 7.5 16 190 M M 5 1 25 200
26 80 62 71 4 0 6 0.22 M M 4.6 16 320 M M 6 13 22 310
27 78 52 65 -1 0 0 T M M 6.2 16 260 M M 3 18 22 260
28 72 45 59 -7 6 0 0.00 M M 4.3 16 360 M M 3 22 330
29 74 41 58 -8 7 0 0.04 M M 4.9 15 220 M M 2 18 24 300
30 67 53 60 -6 5 0 0.77 M M 5.7 13 280 M M 10 1 18 190
31 70 48 59 -7 6 0 0.00 M M 7.8 17 270 M M 6 23 300
================================================================================
SM 2284 1623 87 35 3.96 M 172.7 M 155
================================================================================
AV 73.7 52.4 5.6 FASTST M M 5 MAX(MPH)
MISC ----> # 20 40 27 330
================================================================================
NOTES:
# LAST OF SEVERAL OCCURRENCES
COLUMN 17 PEAK WIND IN M.P.H.
PRELIMINARY LOCAL CLIMATOLOGICAL DATA (WS FORM: F-6) , PAGE 2
STATION: HOULTON ME
MONTH: JULY
YEAR: 2021
LATITUDE: 46 7 N
LONGITUDE: 67 48 W
[TEMPERATURE DATA] [PRECIPITATION DATA] SYMBOLS USED IN COLUMN 16
AVERAGE MONTHLY: 63.0 TOTAL FOR MONTH: 3.96 1 = FOG OR MIST
DPTR FM NORMAL: -3.1 DPTR FM NORMAL: 0.33 2 = FOG REDUCING VISIBILITY
HIGHEST: 82 ON 16,15 GRTST 24HR 1.78 ON 9- 9 TO 1/4 MILE OR LESS
LOWEST: 41 ON 29 3 = THUNDER
SNOW, ICE PELLETS, HAIL 4 = ICE PELLETS
TOTAL MONTH: M 5 = HAIL
GRTST 24HR M ON M 6 = FREEZING RAIN OR DRIZZLE
GRTST DEPTH: M ON M 7 = DUSTSTORM OR SANDSTORM:
VSBY 1/2 MILE OR LESS
8 = SMOKE OR HAZE
[NO. OF DAYS WITH] [WEATHER - DAYS WITH] 9 = BLOWING SNOW
X = TORNADO
MAX 32 OR BELOW: 0 0.01 INCH OR MORE: 14
MAX 90 OR ABOVE: 0 0.10 INCH OR MORE: 5
MIN 32 OR BELOW: 0 0.50 INCH OR MORE: 3
MIN 0 OR BELOW: 0 1.00 INCH OR MORE: 1
[HDD (BASE 65) ]
TOTAL THIS MO. 87 CLEAR (SCALE 0-3) 10
DPTR FM NORMAL 33 PTCLDY (SCALE 4-7) 13
TOTAL FM JUL 1 87 CLOUDY (SCALE 8-10) 8
DPTR FM NORMAL 25
[CDD (BASE 65) ]
TOTAL THIS MO. 35
DPTR FM NORMAL -53 [PRESSURE DATA]
TOTAL FM JAN 1 142 HIGHEST SLP M ON M
DPTR FM NORMAL 15 LOWEST SLP 29.56 ON 30
[REMARKS]
#FINAL-07-21#