000
CXUS54 KHGX 040641
CF6IAH
PRELIMINARY LOCAL CLIMATOLOGICAL DATA (WS FORM: F-6)
STATION: HOUSTON INTERCONTINENTAL
MONTH: NOVEMBER
YEAR: 2022
LATITUDE: 29 58 N
LONGITUDE: 95 21 W
TEMPERATURE IN F: :PCPN: SNOW: WIND :SUNSHINE: SKY :PK WND
================================================================================
1 2 3 4 5 6A 6B 7 8 9 10 11 12 13 14 15 16 17 18
12Z AVG MX 2MIN
DY MAX MIN AVG DEP HDD CDD WTR SNW DPTH SPD SPD DIR MIN PSBL S-S WX SPD DR
================================================================================
1 65 59 62 -4 3 0 0.14 0.0 0 7.4 22 120 M M 9 13 30 120
2 78 59 69 3 0 4 0.00 0.0 0 7.9 13 110 M M 8 1 19 120
3 84 70 77 11 0 12 T 0.0 0 11.8 22 150 M M 8 1 28 150
4 85 59 72 7 0 7 0.14 0.0 0 12.1 30 310 M M 8 13 42 320
5 73 56 65 0 0 0 T 0.0 0 4.6 12 10 M M 5 3 13 20
6 86 56 71 6 0 6 0.01 0.0 0 5.1 15 290 M M 7 3 23 290
7 86 67 77 13 0 12 0.00 0.0 0 6.2 15 150 M M 6 128 20 110
8 85 64 75 11 0 10 0.00 0.0 0 7.8 23 140 M M 2 1 29 140
9 84 63 74 10 0 9 0.00 0.0 0 4.9 17 150 M M 4 1 23 110
10 82 63 73 9 0 8 0.00 0.0 0 5.0 12 140 M M 4 12 17 120
11 82 48 65 2 0 0 1.10 0.0 0 7.7 26 340 M M 6 13 36 340
12 59 40 50 -13 15 0 0.00 0.0 0 13.0 25 350 M M 4 33 360
13 59 36 48 -15 17 0 0.00 0.0 0 6.4 14 100 M M 3 19 110
14 55 47 51 -11 14 0 0.20 0.0 0 11.7 24 350 M M 10 1 32 340
15 55 41 48 -14 17 0 0.00 0.0 0 13.1 23 340 M M 8 32 340
16 57 38 48 -14 17 0 0.00 0.0 0 6.8 15 10 M M 6 22 30
17 61 37 49 -13 16 0 0.00 0.0 0 4.5 10 50 M M 7 15 40
18 58 44 51 -10 14 0 T 0.0 0 6.7 15 70 M M 9 20 80
19 51 43 47 -14 18 0 0.59 0.0 0 9.9 17 360 M M 9 1 22 10
20 57 39 48 -13 17 0 T 0.0 0 7.2 16 40 M M 8 21 40
21 47 44 46 -14 19 0 0.41 0.0 0 6.7 13 40 M M 10 1 17 50
22 61 44 53 -7 12 0 T 0.0 0 5.5 12 90 M M 8 16 70
23 73 46 60 0 5 0 0.00 0.0 0 6.8 17 140 M M 5 12 23 140
24 71 61 66 6 0 1 0.94 0.0 0 9.5 26 340 M M 10 123 36 330
25 63 58 61 2 4 0 0.34 0.0 0 11.2 23 60 M M 9 1 29 70
26 66 51 59 0 6 0 1.10 0.0 0 8.9 18 260 M M 5 13 30 260
27 74 50 62 3 3 0 0.00 0.0 0 5.3 15 260 M M 0 23 270
28 75 46 61 2 4 0 0.00 0.0 0 4.3 15 140 M M 1 1 19 140
29 83 62 73 15 0 8 T 0.0 0 8.0 18 200 M M 9 128 29 200
30 73 46 60 2 5 0 0.00 0.0 0 13.0 24 340 M M 3 1 32 30
================================================================================
SM 2088 1537 206 77 4.97 0.0 239.0 M 191
================================================================================
AV 69.6 51.2 8.0 FASTST M M 6 MAX(MPH)
MISC ----> 30 310 42 320
================================================================================
NOTES:
# LAST OF SEVERAL OCCURRENCES
COLUMN 17 PEAK WIND IN M.P.H.
PRELIMINARY LOCAL CLIMATOLOGICAL DATA (WS FORM: F-6) , PAGE 2
STATION: HOUSTON INTERCONTINENTAL
MONTH: NOVEMBER
YEAR: 2022
LATITUDE: 29 58 N
LONGITUDE: 95 21 W
[TEMPERATURE DATA] [PRECIPITATION DATA] SYMBOLS USED IN COLUMN 16
AVERAGE MONTHLY: 60.4 TOTAL FOR MONTH: 4.97 1 = FOG OR MIST
DPTR FM NORMAL: -1.6 DPTR FM NORMAL: 1.10 2 = FOG REDUCING VISIBILITY
HIGHEST: 86 ON 7, 6 GRTST 24HR 1.43 ON 25-26 TO 1/4 MILE OR LESS
LOWEST: 36 ON 13 3 = THUNDER
SNOW, ICE PELLETS, HAIL 4 = ICE PELLETS
TOTAL MONTH: 0.0 INCH 5 = HAIL
GRTST 24HR 0.0 6 = FREEZING RAIN OR DRIZZLE
GRTST DEPTH: 0 7 = DUSTSTORM OR SANDSTORM:
VSBY 1/2 MILE OR LESS
8 = SMOKE OR HAZE
[NO. OF DAYS WITH] [WEATHER - DAYS WITH] 9 = BLOWING SNOW
X = TORNADO
MAX 32 OR BELOW: 0 0.01 INCH OR MORE: 10
MAX 90 OR ABOVE: 0 0.10 INCH OR MORE: 9
MIN 32 OR BELOW: 0 0.50 INCH OR MORE: 4
MIN 0 OR BELOW: 0 1.00 INCH OR MORE: 2
[HDD (BASE 65) ]
TOTAL THIS MO. 206 CLEAR (SCALE 0-3) 5
DPTR FM NORMAL 48 PTCLDY (SCALE 4-7) 12
TOTAL FM JUL 1 236 CLOUDY (SCALE 8-10) 13
DPTR FM NORMAL 52
[CDD (BASE 65) ]
TOTAL THIS MO. 77
DPTR FM NORMAL 7 [PRESSURE DATA]
TOTAL FM JAN 1 3593 HIGHEST SLP 30.49 ON 17
DPTR FM NORMAL 334 LOWEST SLP 29.72 ON 29
[REMARKS]
#FINAL-11-22#