000
CXUS53 KICT 020317
CLMICT
CLIMATE REPORT
NATIONAL WEATHER SERVICE WICHITA KANSAS
1017 PM CDT SUN OCT 01 2023
...................................
...THE WICHITA EISENHOWER NATIONAL CLIMATE SUMMARY FOR THE MONTH OF SEPTEMBER 2023...
CLIMATE NORMAL PERIOD 1991 TO 2020
CLIMATE RECORD PERIOD 1888 TO 2023
WEATHER OBSERVED NORMAL DEPART LAST YEAR`S
VALUE DATE(S) VALUE FROM VALUE DATE(S)
NORMAL
................................................................
TEMPERATURE (F)
RECORD
HIGH 108 09/02/2000
09/03/1947
LOW 31 09/30/1984
HIGHEST 99 09/03 101 09/19
09/04
09/21
LOWEST 54 09/25 48 09/12
09/26
AVG. MAXIMUM 88.9 83.3 5.6 89.1
AVG. MINIMUM 63.0 60.1 2.9 60.7
MEAN 75.9 71.7 4.3 74.9
DAYS MAX >= 90 16 8.3 7.7 17
DAYS MAX <= 32 0 0.0 0.0 0
DAYS MIN <= 32 0 0.0 0.0 0
DAYS MIN <= 0 0 0.0 0.0 0
PRECIPITATION (INCHES)
RECORD
MAXIMUM 12.96 2008
MINIMUM 0.03 1956
TOTALS 1.18 3.05 -1.87 0.67
DAILY AVG. 0.04 0.10 -0.06 0.02
DAYS >= .01 3 6.9 -3.9 5
DAYS >= .10 2 4.0 -2.0 1
DAYS >= .50 1 1.5 -0.5 1
DAYS >= 1.00 1 0.8 0.2 0
GREATEST
24 HR. TOTAL 1.03 09/11 TO 09/11
SNOWFALL (INCHES)
RECORDS
TOTAL T 2012
TOTALS 0.0 0.0 0.0 0.0
SINCE 7/1 0.0 0.0 0.0 MM
SNOWDEPTH AVG. 0 0
DAYS >= 1.0 0 0.0 0.0 0
GREATEST
SNOW DEPTH 0 0 MM
24 HR TOTAL 0.0 0.0
DEGREE DAYS
HEATING TOTAL 0 32 -32 8
SINCE 7/1 0 30 -30 MM
COOLING TOTAL 337 233 104 312
SINCE 1/1 1912 1726 186 MM
................................................................
WIND (MPH)
AVERAGE WIND SPEED 9.8
HIGHEST WIND SPEED/DIRECTION 31/180 DATE 09/29
HIGHEST GUST SPEED/DIRECTION 45/170 DATE 09/29
SKY COVER
POSSIBLE SUNSHINE (PERCENT) MM
AVERAGE SKY COVER 0.36
NUMBER OF DAYS FAIR 17
NUMBER OF DAYS PC 9
NUMBER OF DAYS CLOUDY 4
AVERAGE RH (PERCENT) 58
WEATHER CONDITIONS. NUMBER OF DAYS WITH
THUNDERSTORM 3 MIXED PRECIP 0
HEAVY RAIN 0 RAIN 1
LIGHT RAIN 3 FREEZING RAIN 0
LT FREEZING RAIN 0 HAIL 0
HEAVY SNOW 0 SNOW 0
LIGHT SNOW 0 SLEET 0
FOG 6 FOG W/VIS <= 1/4 MILE 0
HAZE 5
- INDICATES NEGATIVE NUMBERS.
R INDICATES RECORD WAS SET OR TIED.
MM INDICATES DATA IS MISSING.
T INDICATES TRACE AMOUNT.
$$