000
CXUS55 KPIH 011443
CF6IDA
PRELIMINARY LOCAL CLIMATOLOGICAL DATA (WS FORM: F-6)
STATION: IDAHO FALLS
MONTH: DECEMBER
YEAR: 2022
LATITUDE: 43 31 N
LONGITUDE: 112 4 W
TEMPERATURE IN F: :PCPN: SNOW: WIND :SUNSHINE: SKY :PK WND
================================================================================
1 2 3 4 5 6A 6B 7 8 9 10 11 12 13 14 15 16 17 18
12Z AVG MX 2MIN
DY MAX MIN AVG DEP HDD CDD WTR SNW DPTH SPD SPD DIR MIN PSBL S-S WX SPD DR
================================================================================
1 42 24 33 7 32 0 0.02 M M 13.0 30 200 M M 10 1 39 200
2 27 4 16 -10 49 0 0.00 M M 14.7 33 210 M M 6 18 44 220
3 26 4 15 -10 50 0 0.00 M M 7.2 12 350 M M 0 15 350
4 34 8 21 -4 44 0 0.03 M M 9.1 28 210 M M 8 1 36 220
5 33 10 22 -3 43 0 0.00 M M 15.0 29 220 M M 4 18 35 210
6 31 11 21 -3 44 0 0.00 M M 4.2 15 210 M M 9 128 19 200
7 25 6 16 -8 49 0 0.00 M M 3.7 9 340 M M 6 128 11 340
8 26 10 18 -6 47 0 0.00 M M 3.4 9 170 M M 8 128 11 180
9 31 9 20 -3 45 0 T M M 11.0 30 220 M M 5 18 39 220
10 40 9 25 2 40 0 0.00 M M 5.6 12 230 M M 7 8 16 210
11 38 29 34 11 31 0 0.17 M M 4.7 16 240 M M 10 12 22 240
12 36 26 31 9 34 0 0.13 M M 8.1 13 20 M M 10 12 17 20
13 27 7 17 -5 48 0 T M M 4.8 12 210 M M 8 18 14 230
14 25 14 20 -2 45 0 T M M 4.3 10 210 M M 10 18 13 230
15 22 15 19 -3 46 0 T M M 7.6 16 200 M M 10 128 20 220
16 18 7 13 -8 52 0 T M M 4.8 12 240 M M 10 18 16 230
17 16 -9 4 -17 61 0 T M M 3.7 8 360 M M 9 128 11 360
18 8 -12 -2 -23 67 0 0.00 M M 3.0 7 360 M M 3 128 9 350
19 4 -13 -4 -25 69 0 T M M 4.9 13 360 M M 2 18 14 360
20 31 -5 13 -7 52 0 0.00 M M 9.2 31 210 M M 7 8 40 200
21 35 -1 17 -3 48 0 0.08 M M 18.5 41 260 M M 7 128 66 260
22 -1 -16 -8 -28 73 0 0.00 M M 10.4 18 30 M M 0 23 30
23 16 -2 7 -13 58 0 T M M 7.7 12 360 M M 10 18 15 10
24 25 16 21 1 44 0 T M M 4.5 14 340 M M 10 18 19 360
25 30 22 26 6 39 0 0.00 M M 3.3 10 320 M M 10 12 12 330
26 34 19 27 7 38 0 0.00 M M 5.8 14 360 M M 9 128 17 360
27 44 19 32 12 33 0 0.35 M M 15.8 35 270 M M 9 136 52 250
28 36 26 31 11 34 0 0.00 M M 19.2 31 210 M M 6 39 230
29 30 19 25 5 40 0 T M M 6.3 18 220 M M 8 12 23 220
30 34 22 28 8 37 0 0.05 M M 7.5 21 210 M M 10 168 26 200
31 35 29 32 12 33 0 0.04 M M 6.3 20 200 M M 10 16 28 210
================================================================================
SM 858 307 1425 0 0.87 M 247.3 M 231
================================================================================
AV 27.7 9.9 8.0 FASTST M M 7 MAX(MPH)
MISC ----> 41 260 66 260
================================================================================
NOTES:
# LAST OF SEVERAL OCCURRENCES
COLUMN 17 PEAK WIND IN M.P.H.
PRELIMINARY LOCAL CLIMATOLOGICAL DATA (WS FORM: F-6) , PAGE 2
STATION: IDAHO FALLS
MONTH: DECEMBER
YEAR: 2022
LATITUDE: 43 31 N
LONGITUDE: 112 4 W
[TEMPERATURE DATA] [PRECIPITATION DATA] SYMBOLS USED IN COLUMN 16
AVERAGE MONTHLY: 18.8 TOTAL FOR MONTH: 0.87 1 = FOG OR MIST
DPTR FM NORMAL: -3.1 DPTR FM NORMAL: 0.09 2 = FOG REDUCING VISIBILITY
HIGHEST: 44 ON 27 GRTST 24HR 0.35 ON 27-27 TO 1/4 MILE OR LESS
LOWEST: -16 ON 22 3 = THUNDER
SNOW, ICE PELLETS, HAIL 4 = ICE PELLETS
TOTAL MONTH: M 5 = HAIL
GRTST 24HR M ON M 6 = FREEZING RAIN OR DRIZZLE
GRTST DEPTH: M ON M 7 = DUSTSTORM OR SANDSTORM:
VSBY 1/2 MILE OR LESS
8 = SMOKE OR HAZE
[NO. OF DAYS WITH] [WEATHER - DAYS WITH] 9 = BLOWING SNOW
X = TORNADO
MAX 32 OR BELOW: 19 0.01 INCH OR MORE: 8
MAX 90 OR ABOVE: 0 0.10 INCH OR MORE: 3
MIN 32 OR BELOW: 31 0.50 INCH OR MORE: 0
MIN 0 OR BELOW: 7 1.00 INCH OR MORE: 0
[HDD (BASE 65) ]
TOTAL THIS MO. 1425 CLEAR (SCALE 0-3) 4
DPTR FM NORMAL 87 PTCLDY (SCALE 4-7) 11
TOTAL FM JUL 1 3176 CLOUDY (SCALE 8-10) 16
DPTR FM NORMAL -60
[CDD (BASE 65) ]
TOTAL THIS MO. 0
DPTR FM NORMAL 0 [PRESSURE DATA]
TOTAL FM JAN 1 565 HIGHEST SLP 30.74 ON 22
DPTR FM NORMAL 317 LOWEST SLP 29.46 ON 27
[REMARKS]
19TH: LOW OF -13 TIES OLD RECORD SET IN 2016.
27TH: RAINFALL OF 0.35 BREAKS PREVIOUS RECORD OF 0.24 SET IN 2006.
#FINAL-12-22#