000
CXUS55 KPIH 031454
CF6IDA
PRELIMINARY LOCAL CLIMATOLOGICAL DATA (WS FORM: F-6)
STATION: IDAHO FALLS
MONTH: FEBRUARY
YEAR: 2022
LATITUDE: 43 31 N
LONGITUDE: 112 4 W
TEMPERATURE IN F: :PCPN: SNOW: WIND :SUNSHINE: SKY :PK WND
================================================================================
1 2 3 4 5 6A 6B 7 8 9 10 11 12 13 14 15 16 17 18
12Z AVG MX 2MIN
DY MAX MIN AVG DEP HDD CDD WTR SNW DPTH SPD SPD DIR MIN PSBL S-S WX SPD DR
================================================================================
1 18 -5 7 -15 58 0 T M M 7.1 21 220 M M 9 128 26 220
2 14 -2 6 -16 59 0 T M M 5.5 14 210 M M 7 18 17 350
3 16 -1 8 -14 57 0 T M M 3.5 12 340 M M 10 18 13 340
4 20 9 15 -7 50 0 0.00 M M 5.7 12 10 M M 10 18 13 340
5 26 3 15 -7 50 0 0.00 M M 5.8 16 220 M M 5 128 20 220
6 27 14 21 -2 44 0 0.00 M M 4.0 8 10 M M 9 18 10 360
7 28 6 17 -6 48 0 0.00 M M 4.9 13 360 M M 4 128 13 360
8 23 -4 10 -13 55 0 0.00 M M 4.6 13 10 M M 2 12 16 20
9 31 9 20 -3 45 0 0.00 M M 4.5 12 240 M M 7 18 14 240
10 29 6 18 -5 47 0 0.00 M M 3.9 10 10 M M 8 128 14 340
11 30 19 25 1 40 0 0.00 M M 5.1 10 330 M M 10 128 12 350
12 27 8 18 -6 47 0 0.00 M M 6.1 12 40 M M 4 12 14 40
13 30 6 18 -6 47 0 0.00 M M 5.3 10 360 M M 0 13 360
14 34 5 20 -4 45 0 0.00 M M 5.3 13 350 M M 2 16 360
15 32 26 29 4 36 0 T M M 13.3 21 220 M M 10 1 26 220
16 33 13 23 -2 42 0 0.02 M M 8.6 20 220 M M 7 128 24 240
17 30 12 21 -4 44 0 0.00 M M 12.2 23 220 M M 9 128 29 220
18 36 9 23 -3 42 0 0.00 M M 3.9 13 220 M M 2 18 16 240
19 44 7 26 0 39 0 0.00 M M 4.3 17 210 M M 3 128 23 190
20 41 22 32 6 33 0 T M M 15.6 26 220 M M 4 1 35 220
21 31 12 22 -5 43 0 T M M 14.4 30 210 M M 9 18 37 200
22 17 3 10 -17 55 0 T M M 14.4 23 20 M M 6 8 28 30
23 18 -2 8 -19 57 0 T M M 12.7 23 210 M M 2 8 28 210
24 19 2 11 -17 54 0 0.01 M M 10.5 21 220 M M 10 18 27 220
25 18 -7 6 -22 59 0 T M M 5.1 13 200 M M 6 18 17 180
26 19 -1 9 -20 56 0 T M M 4.7 12 350 M M 5 8 14 360
27 26 -8 9 -20 56 0 0.00 M M 6.2 14 350 M M 1 17 350
28 39 8 24 -6 41 0 0.00 M M 3.9 10 340 M M 4 14 350
================================================================================
SM 756 169 1349 0 0.03 M 201.1 M 165
================================================================================
AV 27.0 6.0 7.2 FASTST M M 6 MAX(MPH)
MISC ----> 30 210 37 200
================================================================================
NOTES:
# LAST OF SEVERAL OCCURRENCES
COLUMN 17 PEAK WIND IN M.P.H.
PRELIMINARY LOCAL CLIMATOLOGICAL DATA (WS FORM: F-6) , PAGE 2
STATION: IDAHO FALLS
MONTH: FEBRUARY
YEAR: 2022
LATITUDE: 43 31 N
LONGITUDE: 112 4 W
[TEMPERATURE DATA] [PRECIPITATION DATA] SYMBOLS USED IN COLUMN 16
AVERAGE MONTHLY: 16.5 TOTAL FOR MONTH: 0.03 1 = FOG OR MIST
DPTR FM NORMAL: -8.4 DPTR FM NORMAL: -0.53 2 = FOG REDUCING VISIBILITY
HIGHEST: 44 ON 19 GRTST 24HR 0.02 ON 15-16 TO 1/4 MILE OR LESS
LOWEST: -8 ON 27 3 = THUNDER
SNOW, ICE PELLETS, HAIL 4 = ICE PELLETS
TOTAL MONTH: M 5 = HAIL
GRTST 24HR M ON M 6 = FREEZING RAIN OR DRIZZLE
GRTST DEPTH: M ON M 7 = DUSTSTORM OR SANDSTORM:
VSBY 1/2 MILE OR LESS
8 = SMOKE OR HAZE
[NO. OF DAYS WITH] [WEATHER - DAYS WITH] 9 = BLOWING SNOW
X = TORNADO
MAX 32 OR BELOW: 22 0.01 INCH OR MORE: 2
MAX 90 OR ABOVE: 0 0.10 INCH OR MORE: 0
MIN 32 OR BELOW: 28 0.50 INCH OR MORE: 0
MIN 0 OR BELOW: 8 1.00 INCH OR MORE: 0
[HDD (BASE 65) ]
TOTAL THIS MO. 1349 CLEAR (SCALE 0-3) 7
DPTR FM NORMAL 228 PTCLDY (SCALE 4-7) 11
TOTAL FM JUL 1 5545 CLOUDY (SCALE 8-10) 10
DPTR FM NORMAL -198
[CDD (BASE 65) ]
TOTAL THIS MO. 0
DPTR FM NORMAL 0 [PRESSURE DATA]
TOTAL FM JAN 1 0 HIGHEST SLP 30.85 ON 27
DPTR FM NORMAL 0 LOWEST SLP 29.66 ON 20
[REMARKS]
21ST-26TH:SUSPICIOUS LACK OF MEASUREABLE WATER EQUIVALENT PRECIPITATION.
PLATFORM WITHIN OPERATING TOLERANCES. WILL CONTINUE TO MONITOR.
#FINAL-02-22#