000
CXUS55 KVEF 010910
CF6IGM
PRELIMINARY LOCAL CLIMATOLOGICAL DATA (WS FORM: F-6)
STATION: KINGMAN AZ
MONTH: MARCH
YEAR: 2023
LATITUDE: 35 16 N
LONGITUDE: 113 57 W
TEMPERATURE IN F: :PCPN: SNOW: WIND :SUNSHINE: SKY :PK WND
================================================================================
1 2 3 4 5 6A 6B 7 8 9 10 11 12 13 14 15 16 17 18
12Z AVG MX 2MIN
DY MAX MIN AVG DEP HDD CDD WTR SNW DPTH SPD SPD DIR MIN PSBL S-S WX SPD DR
================================================================================
1 46 31 39 -11 26 0 0.78 M M 11.8 40 200 M M 10 12 53 190
2 41 22 32 -18 33 0 0.26 M M 7.2 17 10 M M 3 1 22 360
3 50 23 37 -13 28 0 0.00 M M 6.5 15 140 M M 0 19 130
4 56 32 44 -6 21 0 0.00 M M 12.4 30 220 M M 1 36 220
5 55 36 46 -4 19 0 0.00 M M 10.6 23 220 M M 0 31 240
6 53 31 42 -9 23 0 0.00 M M 11.4 22 240 M M 0 26 240
7 58 36 47 -4 18 0 0.00 M M 9.9 21 240 M M 0 26 270
8 62 32 47 -4 18 0 0.00 M M 10.6 25 240 M M 0 31 220
9 64 34 49 -2 16 0 0.00 M M 8.4 21 250 M M 0 27 250
10 67 47 57 5 8 0 0.03 M M 11.7 28 220 M M 8 34 220
11 67 53 60 8 5 0 0.00 M M 17.0 31 240 M M 4 39 230
12 65 40 53 1 12 0 0.00 M M 10.4 23 240 M M 0 33 260
13 67 43 55 3 10 0 0.00 M M 9.9 18 230 M M 0 23 220
14 67 44 56 4 9 0 0.05 M M 11.0 32 230 M M 5 40 240
15 58 44 51 -2 14 0 1.05 M M 11.1 25 220 M M 10 13 31 230
16 58 37 48 -5 17 0 0.00 M M 6.6 17 10 M M 0 20 20
17 59 34 47 -6 18 0 0.00 M M 8.0 16 360 M M 0 21 360
18 64 37 51 -2 14 0 0.00 M M 6.9 15 360 M M 0 19 20
19 54 41 48 -6 17 0 T M M 10.3 25 140 M M 6 33 230
20 61 46 54 0 11 0 0.00 M M 11.1 26 220 M M 5 36 230
21 57 41 49 -5 16 0 0.31 M M 18.6 38 210 M M 9 1 52 200
22 53 38 46 -8 19 0 0.16 M M 16.8 35 210 M M 3 18 45 210
23 56 35 46 -8 19 0 0.00 M M 9.0 22 230 M M 3 31 250
24 57 37 47 -7 18 0 0.03 M M 9.8 23 280 M M 3 8 41 250
25 56 33 45 -10 20 0 0.00 M M 8.7 20 10 M M 1 24 340
26 55 28 42 -13 23 0 0.00 M M 6.4 18 270 M M 3 8 24 230
27 58 29 44 -11 21 0 0.00 M M 10.1 18 10 M M 0 25 360
28 66 35 51 -4 14 0 0.00 M M 7.5 25 250 M M 0 31 250
29 66 43 55 0 10 0 0.37 M M 17.9 39 210 M M 3 1 50 210
30 51 36 44 -12 21 0 0.02 M M 15.2 28 290 M M 5 35 290
31 59 31 45 -11 20 0 0.00 M M 6.1 16 260 M M 0 22 250
================================================================================
SM 1806 1129 538 0 3.06 M 328.9 M 82
================================================================================
AV 58.3 36.4 10.6 FASTST M M 3 MAX(MPH)
MISC ----> 40 200 53 190
================================================================================
NOTES:
# LAST OF SEVERAL OCCURRENCES
COLUMN 17 PEAK WIND IN M.P.H.
PRELIMINARY LOCAL CLIMATOLOGICAL DATA (WS FORM: F-6) , PAGE 2
STATION: KINGMAN AZ
MONTH: MARCH
YEAR: 2023
LATITUDE: 35 16 N
LONGITUDE: 113 57 W
[TEMPERATURE DATA] [PRECIPITATION DATA] SYMBOLS USED IN COLUMN 16
AVERAGE MONTHLY: 47.3 TOTAL FOR MONTH: 3.06 1 = FOG OR MIST
DPTR FM NORMAL: -5.4 DPTR FM NORMAL: 2.47 2 = FOG REDUCING VISIBILITY
HIGHEST: 67 ON 14,13 GRTST 24HR 1.05 ON 15-15 TO 1/4 MILE OR LESS
LOWEST: 22 ON 2 3 = THUNDER
SNOW, ICE PELLETS, HAIL 4 = ICE PELLETS
TOTAL MONTH: M 5 = HAIL
GRTST 24HR M ON M 6 = FREEZING RAIN OR DRIZZLE
GRTST DEPTH: M ON M 7 = DUSTSTORM OR SANDSTORM:
VSBY 1/2 MILE OR LESS
8 = SMOKE OR HAZE
[NO. OF DAYS WITH] [WEATHER - DAYS WITH] 9 = BLOWING SNOW
X = TORNADO
MAX 32 OR BELOW: 0 0.01 INCH OR MORE: 10
MAX 90 OR ABOVE: 0 0.10 INCH OR MORE: 6
MIN 32 OR BELOW: 9 0.50 INCH OR MORE: 2
MIN 0 OR BELOW: 0 1.00 INCH OR MORE: 1
[HDD (BASE 65) ]
TOTAL THIS MO. 538 CLEAR (SCALE 0-3) 20
DPTR FM NORMAL 156 PTCLDY (SCALE 4-7) 8
TOTAL FM JUL 1 3122 CLOUDY (SCALE 8-10) 3
DPTR FM NORMAL 368
[CDD (BASE 65) ]
TOTAL THIS MO. 0
DPTR FM NORMAL -2 [PRESSURE DATA]
TOTAL FM JAN 1 0 HIGHEST SLP 30.21 ON 27
DPTR FM NORMAL -2 LOWEST SLP 29.49 ON 1
[REMARKS]
#FINAL-03-23#