000
CXUS55 KVEF 020948
CLMIGM
CLIMATE REPORT
NATIONAL WEATHER SERVICE LAS VEGAS, NV
148 AM PST TUE JAN 02 2024
...................................
...THE KINGMAN AZ CLIMATE SUMMARY FOR THE MONTH OF DECEMBER 2023...
CLIMATE NORMAL PERIOD: 1991 TO 2020
CLIMATE RECORD PERIOD: 1901 TO 2024
WEATHER OBSERVED NORMAL DEPART LAST YEAR`S
VALUE DATE(S) VALUE FROM VALUE DATE(S)
NORMAL
................................................................
TEMPERATURE (F)
RECORD
HIGH 77 12/06/1999
12/11/1950
12/31/1917
LOW 6 12/09/1978
HIGHEST 72 12/06 67 12/27
LOWEST 21 12/25 22 12/17
12/19
AVG. MAXIMUM 60.7 55.7 5.0 55.4
AVG. MINIMUM 32.0 30.2 1.8 32.0
MEAN 46.4 42.9 3.5 43.7
DAYS MAX >= 90 0 0.0 0.0 0
DAYS MAX <= 32 0 0.1 -0.1 0
DAYS MIN <= 32 20 19.7 0.3 16
DAYS MIN <= 0 0 0.0 0.0 0
PRECIPITATION (INCHES)
RECORD
MAXIMUM 6.28 1919
MINIMUM 0.00 2017
TOTALS 0.01 0.68 -0.67 0.70
DAILY AVG. 0.00 0.02 -0.02 0.02
DAYS >= .01 1 3.8 -2.8 4
DAYS >= .10 0 2.0 -2.0 1
DAYS >= .50 0 0.3 -0.3 1
DAYS >= 1.00 0 0.1 -0.1 0
GREATEST
24 HR. TOTAL 0.01 12/22 TO 12/22
DEGREE DAYS
HEATING TOTAL 571 683 -112 652
SINCE 7/1 1024 1221 -197 MM
COOLING TOTAL 0 0 0 0
SINCE 1/1 2181 2173 8 MM
FREEZE DATES
RECORD
EARLIEST 09/24/1920
LATEST 05/21/1975
EARLIEST 11/10
LATEST 04/06
................................................................
WIND (MPH)
AVERAGE WIND SPEED 6.5
HIGHEST WIND SPEED/DIRECTION 28/140 DATE 12/22
HIGHEST GUST SPEED/DIRECTION 34/130 DATE 12/22
SKY COVER
POSSIBLE SUNSHINE (PERCENT) MM
AVERAGE SKY COVER 0.09
NUMBER OF DAYS FAIR 28
NUMBER OF DAYS PC 3
NUMBER OF DAYS CLOUDY 0
AVERAGE RH (PERCENT) 43
WEATHER CONDITIONS. NUMBER OF DAYS WITH
THUNDERSTORM 0 MIXED PRECIP 0
HEAVY RAIN 0 RAIN 0
LIGHT RAIN 1 FREEZING RAIN 0
LT FREEZING RAIN 0 HAIL 0
HEAVY SNOW 0 SLEET 0
FOG 2 FOG W/VIS <= 1/4 MILE 1
HAZE 2
- INDICATES NEGATIVE NUMBERS.
R INDICATES RECORD WAS SET OR TIED.
MM INDICATES DATA IS MISSING.
T INDICATES TRACE AMOUNT.
$$