000
CXUS54 KFWD 010731
CF6ILE
PRELIMINARY LOCAL CLIMATOLOGICAL DATA (WS FORM: F-6)
STATION: KILLEEN SKYLARK
MONTH: JULY
YEAR: 2023
LATITUDE: 31 4 N
LONGITUDE: 97 41 W
TEMPERATURE IN F: :PCPN: SNOW: WIND :SUNSHINE: SKY :PK WND
================================================================================
1 2 3 4 5 6A 6B 7 8 9 10 11 12 13 14 15 16 17 18
12Z AVG MX 2MIN
DY MAX MIN AVG DEP HDD CDD WTR SNW DPTH SPD SPD DIR MIN PSBL S-S WX SPD DR
================================================================================
1 97 75 86 4 0 21 0.02 M M 8.4 15 10 M M 3 22 10
2 95 75 85 3 0 20 0.00 M M 5.1 12 160 M M 1 M M
3 97 78 88 6 0 23 0.00 M M 7.1 10 170 M M 0 8 M M
4 96 77 87 5 0 22 0.00 M M 8.8 14 200 M M 0 18 99
5 98 79 89 7 0 24 0.00 M M 10.9 18 180 M M 1 24 180
6 96 75 86 4 0 21 0.00 M M 10.0 21 160 M M 2 1 24 160
7 97 73 85 3 0 20 T M M 10.2 16 170 M M 2 21 200
8 101 75 88 6 0 23 0.00 M M 9.7 15 160 M M 0 17 230
9 103 78 91 9 0 26 0.00 M M 10.6 16 170 M M 0 21 140
10 104 78 91 9 0 26 0.00 M M 11.1 15 170 M M 0 20 190
11 104 80 92 9 0 27 0.00 M M 11.8 18 170 M M 0 30 170
12 107 78 93 10 0 28 0.00 M M 13.1 20 170 M M 0 25 190
13 107 78 93 10 0 28 0.00 M M 13.4 20 170 M M 0 23 170
14 105 78 92 9 0 27 0.00 M M 13.2 18 170 M M 0 23 180
15 105 77 91 8 0 26 0.00 M M 8.8 16 170 M M 0 M M
16 102 80 91 8 0 26 0.00 M M 7.9 14 130 M M 0 M M
17 107 79 93 10 0 28 0.00 M M 9.5 15 200 M M 0 20 140
18 107 79 93 10 0 28 0.00 M M 11.6 16 150 M M 0 31 180
19 106 78 92 9 0 27 0.00 M M 11.8 15 160 M M 0 24 190
20 105 78 92 9 0 27 0.00 M M 10.0 15 180 M M 0 16 180
21 104 76 90 7 0 25 0.00 M M 7.5 12 180 M M 0 16 220
22 102 76 89 6 0 24 0.00 M M 7.2 14 40 M M 0 M M
23 101 76 89 5 0 24 0.00 M M 6.7 15 50 M M 1 8 M M
24 104 71 88 4 0 23 0.00 M M 5.3 14 150 M M 0 17 140
25 103 75 89 5 0 24 0.00 M M 9.0 13 150 M M 0 8 22 140
26 103 78 91 7 0 26 0.00 M M 9.9 15 150 M M 0 20 190
27 102 76 89 5 0 24 0.00 M M 9.2 16 150 M M 0 22 99
28 101 76 89 5 0 24 0.00 M M 8.1 14 130 M M 0 20 110
29 102 75 89 5 0 24 0.00 M M 7.5 13 170 M M 0 8 M M
30 103 74 89 5 0 24 0.00 M M 6.0 12 120 M M 0 8 17 120
31 106 80 93 9 0 28 0.00 M M 6.9 13 140 M M 1 18 170
================================================================================
SM 3170 2381 0 768 0.02 M 286.4 M 11
================================================================================
AV102.3 76.8 9.2 FASTST M M 0 MAX(MPH)
MISC ----> 21 160 31 180
================================================================================
NOTES:
# LAST OF SEVERAL OCCURRENCES
COLUMN 17 PEAK WIND IN M.P.H.
PRELIMINARY LOCAL CLIMATOLOGICAL DATA (WS FORM: F-6) , PAGE 2
STATION: KILLEEN SKYLARK
MONTH: JULY
YEAR: 2023
LATITUDE: 31 4 N
LONGITUDE: 97 41 W
[TEMPERATURE DATA] [PRECIPITATION DATA] SYMBOLS USED IN COLUMN 16
AVERAGE MONTHLY: 89.5 TOTAL FOR MONTH: 0.02 1 = FOG OR MIST
DPTR FM NORMAL: 6.5 DPTR FM NORMAL: -1.80 2 = FOG REDUCING VISIBILITY
HIGHEST: 107 ON 18,17 GRTST 24HR 0.02 ON 1- 1 TO 1/4 MILE OR LESS
LOWEST: 71 ON 24 3 = THUNDER
SNOW, ICE PELLETS, HAIL 4 = ICE PELLETS
TOTAL MONTH: M 5 = HAIL
GRTST 24HR M ON M 6 = FREEZING RAIN OR DRIZZLE
GRTST DEPTH: M ON M 7 = DUSTSTORM OR SANDSTORM:
VSBY 1/2 MILE OR LESS
8 = SMOKE OR HAZE
[NO. OF DAYS WITH] [WEATHER - DAYS WITH] 9 = BLOWING SNOW
X = TORNADO
MAX 32 OR BELOW: 0 0.01 INCH OR MORE: 1
MAX 90 OR ABOVE: 31 0.10 INCH OR MORE: 0
MIN 32 OR BELOW: 0 0.50 INCH OR MORE: 0
MIN 0 OR BELOW: 0 1.00 INCH OR MORE: 0
[HDD (BASE 65) ]
TOTAL THIS MO. 0 CLEAR (SCALE 0-3) 30
DPTR FM NORMAL 0 PTCLDY (SCALE 4-7) 1
TOTAL FM JUL 1 0 CLOUDY (SCALE 8-10) 0
DPTR FM NORMAL 0
[CDD (BASE 65) ]
TOTAL THIS MO. 768
DPTR FM NORMAL 210 [PRESSURE DATA]
TOTAL FM JAN 1 1807 HIGHEST SLP 30.12 ON 25
DPTR FM NORMAL 407 LOWEST SLP 29.74 ON 13
[REMARKS]
#FINAL-07-23#