000
CXUS51 KPHI 010815
CF6ILG
PRELIMINARY LOCAL CLIMATOLOGICAL DATA (WS FORM: F-6)
STATION: WILMINGTON DE
MONTH: MARCH
YEAR: 2023
LATITUDE: 39 40 N
LONGITUDE: 75 36 W
TEMPERATURE IN F: :PCPN: SNOW: WIND :SUNSHINE: SKY :PK WND
================================================================================
1 2 3 4 5 6A 6B 7 8 9 10 11 12 13 14 15 16 17 18
12Z AVG MX 2MIN
DY MAX MIN AVG DEP HDD CDD WTR SNW DPTH SPD SPD DIR MIN PSBL S-S WX SPD DR
================================================================================
1 51 31 41 2 24 0 0.00 0.0 0 8.6 23 160 M M 6 18 27 160
2 60 44 52 13 13 0 T 0.0 0 6.9 18 300 M M 5 1 23 310
3 50 37 44 5 21 0 0.73 T 0 11.3 21 100 M M 5 14 29 100
4 56 37 47 7 18 0 0.16 0.0 0 16.3 32 300 M M 7 1 41 300
5 62 30 46 6 19 0 0.00 0.0 0 9.2 24 300 M M 1 31 280
6 58 31 45 5 20 0 0.00 0.0 0 6.5 14 290 M M 0 18 310
7 51 37 44 4 21 0 T 0.0 0 17.2 32 330 M M 5 43 330
8 51 35 43 2 22 0 0.00 0.0 0 16.1 26 330 M M 1 34 320
9 55 31 43 2 22 0 0.00 0.0 0 10.6 18 330 M M 0 24 340
10 46 34 40 -1 25 0 0.23 0.0 0 7.3 14 140 M M 6 1 17 150
11 48 33 41 -1 24 0 T T 0 13.6 23 340 M M 8 30 330
12 45 28 37 -5 28 0 0.00 0.0 0 6.9 15 170 M M 4 19 160
13 48 39 44 2 21 0 0.04 0.0 0 7.8 18 310 M M 10 1 24 310
14 45 35 40 -2 25 0 T T 0 23.9 39 280 M M 8 51 280
15 52 34 43 0 22 0 0.00 0.0 0 19.4 33 310 M M 1 44 300
16 61 31 46 3 19 0 0.00 0.0 0 6.9 16 230 M M 0 21 230
17 62 40 51 8 14 0 0.01 0.0 0 7.8 20 310 M M 4 27 300
18 55 40 48 4 17 0 T 0.0 0 15.2 25 310 M M 4 33 310
19 42 28 35 -9 30 0 0.00 0.0 0 15.3 32 300 M M 1 41 290
20 52 26 39 -5 26 0 0.00 0.0 0 6.3 15 210 M M 0 20 210
21 63 27 45 0 20 0 0.00 0.0 0 6.2 18 200 M M 0 22 240
22 65 41 53 8 12 0 0.00 0.0 0 6.9 18 160 M M 4 22 160
23 67 49 58 13 7 0 0.63 0.0 0 6.9 20 360 M M 8 123 28 340
24 59 47 53 7 12 0 0.20 0.0 0 4.4 15 30 M M 9 12 18 10
25 51 46 49 3 16 0 0.18 0.0 0 7.9 20 90 M M 10 128 25 80
26 66 45 56 10 9 0 0.00 0.0 0 9.8 23 290 M M 1 12 28 250
27 66 38 52 5 13 0 0.08 0.0 0 7.4 25 170 M M 3 18 32 170
28 57 39 48 1 17 0 0.00 0.0 0 7.7 17 330 M M 5 1 21 340
29 59 35 47 -1 18 0 0.00 0.0 0 7.7 29 320 M M 2 34 320
30 50 31 41 -7 24 0 0.00 0.0 0 9.8 25 320 M M 1 32 330
31 64 33 49 1 16 0 0.00 0.0 0 9.1 24 220 M M 6 35 210
================================================================================
SM 1717 1112 595 0 2.26 T 316.9 M 125
================================================================================
AV 55.4 35.9 10.2 FASTST M M 4 MAX(MPH)
MISC ----> 39 280 51 280
================================================================================
NOTES:
# LAST OF SEVERAL OCCURRENCES
COLUMN 17 PEAK WIND IN M.P.H.
PRELIMINARY LOCAL CLIMATOLOGICAL DATA (WS FORM: F-6) , PAGE 2
STATION: WILMINGTON DE
MONTH: MARCH
YEAR: 2023
LATITUDE: 39 40 N
LONGITUDE: 75 36 W
[TEMPERATURE DATA] [PRECIPITATION DATA] SYMBOLS USED IN COLUMN 16
AVERAGE MONTHLY: 45.6 TOTAL FOR MONTH: 2.26 1 = FOG OR MIST
DPTR FM NORMAL: 2.4 DPTR FM NORMAL: -1.90 2 = FOG REDUCING VISIBILITY
HIGHEST: 67 ON 23 GRTST 24HR 0.89 ON 3- 4 TO 1/4 MILE OR LESS
LOWEST: 26 ON 20 3 = THUNDER
SNOW, ICE PELLETS, HAIL 4 = ICE PELLETS
TOTAL MONTH: T 5 = HAIL
GRTST 24HR T ON 3- 3 6 = FREEZING RAIN OR DRIZZLE
GRTST DEPTH: 0 7 = DUSTSTORM OR SANDSTORM:
VSBY 1/2 MILE OR LESS
8 = SMOKE OR HAZE
[NO. OF DAYS WITH] [WEATHER - DAYS WITH] 9 = BLOWING SNOW
X = TORNADO
MAX 32 OR BELOW: 0 0.01 INCH OR MORE: 9
MAX 90 OR ABOVE: 0 0.10 INCH OR MORE: 6
MIN 32 OR BELOW: 10 0.50 INCH OR MORE: 2
MIN 0 OR BELOW: 0 1.00 INCH OR MORE: 0
[HDD (BASE 65) ]
TOTAL THIS MO. 595 CLEAR (SCALE 0-3) 12
DPTR FM NORMAL -81 PTCLDY (SCALE 4-7) 14
TOTAL FM JUL 1 3597 CLOUDY (SCALE 8-10) 5
DPTR FM NORMAL -569
[CDD (BASE 65) ]
TOTAL THIS MO. 0
DPTR FM NORMAL -1 [PRESSURE DATA]
TOTAL FM JAN 1 0 HIGHEST SLP 30.44 ON 21
DPTR FM NORMAL -1 LOWEST SLP 29.25 ON 4
[REMARKS]
#FINAL-03-23#