000
CXUS51 KPHI 010815
CF6ILG
PRELIMINARY LOCAL CLIMATOLOGICAL DATA (WS FORM: F-6)
STATION: WILMINGTON DE
MONTH: JULY
YEAR: 2020
LATITUDE: 39 40 N
LONGITUDE: 75 36 W
TEMPERATURE IN F: :PCPN: SNOW: WIND :SUNSHINE: SKY :PK WND
================================================================================
1 2 3 4 5 6A 6B 7 8 9 10 11 12 13 14 15 16 17 18
12Z AVG MX 2MIN
DY MAX MIN AVG DEP HDD CDD WTR SNW DPTH SPD SPD DIR MIN PSBL S-S WX SPD DR
================================================================================
1 86 65 76 0 0 11 0.03 0.0 0 4.6 18 110 M M 2 3 23 120
2 94 64 79 3 0 14 0.00 0.0 0 7.4 16 310 M M 1 1 20 290
3 97 71 84 8 0 19 T 0.0 0 8.0 21 350 M M 0 3 27 350
4 88 71 80 4 0 15 0.00 0.0 0 6.5 14 160 M M 3 17 160
5 93 71 82 6 0 17 0.00 0.0 0 6.4 18 240 M M 3 1 22 250
6 95 69 82 5 0 17 0.55 0.0 0 7.9 28 50 M M 2 13 33 60
7 86 66 76 -1 0 11 0.00 0.0 0 7.0 21 170 M M 4 24 160
8 88 75 82 5 0 17 0.00 0.0 0 9.0 17 170 M M 4 18 21 180
9 90 72 81 4 0 16 0.00 0.0 0 7.4 20 160 M M 2 21 170
10 77 72 75 -2 0 10 2.76 0.0 0 12.6 24 340 M M 8 1 35 340
11 88 71 80 3 0 15 T 0.0 0 7.3 17 250 M M 4 23 250
12 88 69 79 2 0 14 0.03 0.0 0 7.5 15 300 M M 1 20 200
13 88 67 78 1 0 13 0.00 0.0 0 7.0 15 280 M M 1 19 290
14 87 64 76 -1 0 11 0.00 0.0 0 6.5 16 330 M M 0 22 310
15 87 66 77 0 0 12 0.00 0.0 0 8.2 24 150 M M 1 28 140
16 81 69 75 -2 0 10 0.00 0.0 0 11.5 23 170 M M 5 29 180
17 88 70 79 2 0 14 0.02 0.0 0 6.7 14 180 M M 6 1 18 180
18 94 69 82 5 0 17 0.00 0.0 0 5.2 9 280 M M 0 14 320
19 92 71 82 5 0 17 0.00 0.0 0 7.8 20 170 M M 0 1 25 160
20 95 79 87 10 0 22 0.00 0.0 0 7.7 15 250 M M 1 20 320
21 92 72 82 5 0 17 T 0.0 0 6.7 14 160 M M 1 16 170
22 90 72 81 4 0 16 0.62 0.0 0 7.1 20 330 M M 2 13 28 330
23 91 71 81 4 0 16 0.54 0.0 0 6.2 28 270 M M 4 13 38 270
24 87 71 79 2 0 14 0.05 0.0 0 M M M M M M 3 M M
25 88 70 79 2 0 14 0.00 0.0 0 4.6 14 150 M M 2 1 17 150
26 93 74 84 7 0 19 T 0.0 0 6.2 16 290 M M 2 1 21 280
27 94 71 83 6 0 18 0.00 0.0 0 8.1 16 200 M M 0 21 260
28 93 76 85 8 0 20 0.00 0.0 0 7.8 17 250 M M 2 22 290
29 92 73 83 6 0 18 0.00 0.0 0 5.7 12 220 M M 1 16 230
30 93 72 83 6 0 18 0.10 0.0 0 5.8 25 240 M M 1 13 33 240
31 82 72 77 0 0 12 0.20 0.0 0 3.5 9 330 M M 8 1 14 100
================================================================================
SM 2777 2185 0 474 4.90 0.0 213.9 M 71
================================================================================
AV 89.6 70.5 7.1 FASTST M M 2 MAX(MPH)
MISC ----> # 28 50 38 270
================================================================================
NOTES:
# LAST OF SEVERAL OCCURRENCES
COLUMN 17 PEAK WIND IN M.P.H.
PRELIMINARY LOCAL CLIMATOLOGICAL DATA (WS FORM: F-6) , PAGE 2
STATION: WILMINGTON DE
MONTH: JULY
YEAR: 2020
LATITUDE: 39 40 N
LONGITUDE: 75 36 W
[TEMPERATURE DATA] [PRECIPITATION DATA] SYMBOLS USED IN COLUMN 16
AVERAGE MONTHLY: 80.0 TOTAL FOR MONTH: 4.90 1 = FOG OR MIST
DPTR FM NORMAL: 3.2 DPTR FM NORMAL: 0.33 2 = FOG REDUCING VISIBILITY
HIGHEST: 97 ON 3 GRTST 24HR 2.76 ON 10-10 TO 1/4 MILE OR LESS
LOWEST: 64 ON 14, 2 3 = THUNDER
SNOW, ICE PELLETS, HAIL 4 = ICE PELLETS
TOTAL MONTH: 0.0 INCH 5 = HAIL
GRTST 24HR 0.0 6 = FREEZING RAIN OR DRIZZLE
GRTST DEPTH: 0 7 = DUSTSTORM OR SANDSTORM:
VSBY 1/2 MILE OR LESS
8 = SMOKE OR HAZE
[NO. OF DAYS WITH] [WEATHER - DAYS WITH] 9 = BLOWING SNOW
X = TORNADO
MAX 32 OR BELOW: 0 0.01 INCH OR MORE: 10
MAX 90 OR ABOVE: 16 0.10 INCH OR MORE: 6
MIN 32 OR BELOW: 0 0.50 INCH OR MORE: 4
MIN 0 OR BELOW: 0 1.00 INCH OR MORE: 1
[HDD (BASE 65) ]
TOTAL THIS MO. 0 CLEAR (SCALE 0-3) 21
DPTR FM NORMAL 0 PTCLDY (SCALE 4-7) 9
TOTAL FM JUL 1 0 CLOUDY (SCALE 8-10) 1
DPTR FM NORMAL 0
[CDD (BASE 65) ]
TOTAL THIS MO. 474
DPTR FM NORMAL 107 [PRESSURE DATA]
TOTAL FM JAN 1 782 HIGHEST SLP 30.29 ON 16
DPTR FM NORMAL 105 LOWEST SLP 29.64 ON 10
[REMARKS]
#FINAL-07-20#