000
CXUS53 KILX 222130
CF6ILX
PRELIMINARY LOCAL CLIMATOLOGICAL DATA (WS FORM: F-6)
STATION: LINCOLN IL
MONTH: MAY
YEAR: 2022
LATITUDE: 40 9 N
LONGITUDE: 89 20 W
TEMPERATURE IN F: :PCPN: SNOW: WIND :SUNSHINE: SKY :PK WND
================================================================================
1 2 3 4 5 6A 6B 7 8 9 10 11 12 13 14 15 16 17 18
12Z AVG MX 2MIN
DY MAX MIN AVG DEP HDD CDD WTR SNW DPTH SPD SPD DIR MIN PSBL S-S WX SPD DR
================================================================================
1 57 47 52 -6 13 0 0.00 0.0 0 M M M M M M M M
2 65 40 53 -6 12 0 T 0.0 0 M M M M M M M M
3 63 48 56 -3 9 0 0.86 0.0 0 M M M M M M M M
4 57 45 51 -9 14 0 0.00 0.0 0 M M M M M M M M
5 55 51 53 -7 12 0 0.88 0.0 0 M M M M M M M M
6 54 50 52 -8 13 0 0.08 0.0 0 M M M M M M 1 M M
7 68 45 57 -4 8 0 T 0.0 0 M M M M M M M M
8 72 46 59 -2 6 0 0.00 0.0 0 M M M M M M M M
9 83 60 72 11 0 7 0.00 0.0 0 M M M M M M M M
10 88 69 79 17 0 14 0.00 0.0 0 M M M M M M M M
11 94 68 81 19 0 16 0.00 0.0 0 M M M M M M 1 M M
12 92 68 80 18 0 15 0.00 0.0 0 M M M M M M 1 M M
13 91 62 77 14 0 12 0.00 0.0 0 M M M M M M M M
14 88 60 74 11 0 9 0.01 0.0 0 M M M M M M M M
15 80 54 67 4 0 2 0.14 0.0 0 M M M M M M 3 M M
16 80 52 66 2 0 1 0.00 0.0 0 M M M M M M M M
17 85 51 68 4 0 3 0.03 0.0 0 M M M M M M M M
18 76 60 68 4 0 3 0.10 0.0 0 M M M M M M 3 M M
19 85 55 70 5 0 5 0.00 0.0 0 M M M M M M 123 M M
20 86 62 74 9 0 9 0.02 0.0 0 M M M M M M 3 M M
21 63 54 59 -6 6 0 0.63 0.0 0 M M M M M M 3 M M
22 62 48 55 -11 10 0 0.00 0.0 0 M M M M M M M M
23 69 45 57 -9 8 0 0.00 0.0 0 M M M M M M M M
24 76 51 64 -2 1 0 0.00 0.0 0 M M M M M M M M
25 82 64 73 6 0 8 0.35 0.0 0 M M M M M M 13 M M
26 78 58 68 1 0 3 0.16 0.0 0 M M M M M M 3 M M
27 64 52 58 -9 7 0 0.05 0.0 0 M M M M M M 1 M M
28 76 48 62 -6 3 0 0.00 0.0 0 M M M M M M 12 M M
29 86 62 74 6 0 9 0.00 0.0 0 M M M M M M M M
30 88 67 78 10 0 13 0.00 0.0 0 M M M M M M M M
31 85 69 77 9 0 12 0.00 0.0 0 M M M M M M M M
================================================================================
SM 2348 1711 122 141 3.31 0.0 M M M
================================================================================
AV 75.7 55.2 M FASTST M M M MAX(MPH)
MISC ----> M M M M
================================================================================
NOTES:
# LAST OF SEVERAL OCCURRENCES
COLUMN 17 PEAK WIND IN M.P.H.
PRELIMINARY LOCAL CLIMATOLOGICAL DATA (WS FORM: F-6) , PAGE 2
STATION: LINCOLN IL
MONTH: MAY
YEAR: 2022
LATITUDE: 40 9 N
LONGITUDE: 89 20 W
[TEMPERATURE DATA] [PRECIPITATION DATA] SYMBOLS USED IN COLUMN 16
AVERAGE MONTHLY: 65.5 TOTAL FOR MONTH: 3.31 1 = FOG OR MIST
DPTR FM NORMAL: 1.9 DPTR FM NORMAL: -1.06 2 = FOG REDUCING VISIBILITY
HIGHEST: 94 ON 11 GRTST 24HR 0.88 ON 5- 5 TO 1/4 MILE OR LESS
LOWEST: 40 ON 2 3 = THUNDER
SNOW, ICE PELLETS, HAIL 4 = ICE PELLETS
TOTAL MONTH: T 5 = HAIL
GRTST 24HR 0.0 6 = FREEZING RAIN OR DRIZZLE
GRTST DEPTH: 0 7 = DUSTSTORM OR SANDSTORM:
VSBY 1/2 MILE OR LESS
8 = SMOKE OR HAZE
[NO. OF DAYS WITH] [WEATHER - DAYS WITH] 9 = BLOWING SNOW
X = TORNADO
MAX 32 OR BELOW: 0 0.01 INCH OR MORE: 12
MAX 90 OR ABOVE: 3 0.10 INCH OR MORE: 7
MIN 32 OR BELOW: 0 0.50 INCH OR MORE: 3
MIN 0 OR BELOW: 0 1.00 INCH OR MORE: 0
[HDD (BASE 65) ]
TOTAL THIS MO. 122 CLEAR (SCALE 0-3) 0
DPTR FM NORMAL -10 PTCLDY (SCALE 4-7) 0
TOTAL FM JUL 1 5408 CLOUDY (SCALE 8-10) 31
DPTR FM NORMAL -200
[CDD (BASE 65) ]
TOTAL THIS MO. 141
DPTR FM NORMAL 53 [PRESSURE DATA]
TOTAL FM JAN 1 152 HIGHEST SLP M ON M
DPTR FM NORMAL 51 LOWEST SLP M ON M
[REMARKS]
#FINAL-05-22#