351
CXUS55 KLBF 020132
CF6IML
PRELIMINARY LOCAL CLIMATOLOGICAL DATA (WS FORM: F-6)
STATION: IMPERIAL
MONTH: AUGUST
YEAR: 2020
LATITUDE: 40 31 N
LONGITUDE: 101 37 W
TEMPERATURE IN F: :PCPN: SNOW: WIND :SUNSHINE: SKY :PK WND
================================================================================
1 2 3 4 5 6A 6B 7 8 9 10 11 12 13 14 15 16 17 18
12Z AVG MX 2MIN
DY MAX MIN AVG DEP HDD CDD WTR SNW DPTH SPD SPD DIR MIN PSBL S-S WX SPD DR
================================================================================
1 87 57 72 -4 0 7 0.00 M M 5.1 15 30 M M 1 20 10
2 81 56 69 -7 0 4 0.00 M M 5.7 12 70 M M 5 18 100
3 83 55 69 -7 0 4 0.00 M M 10.0 21 130 M M 3 34 130
4 84 57 71 -5 0 6 0.00 M M 13.8 25 180 M M 1 43 140
5 92 56 74 -2 0 9 T M M 7.5 23 210 M M 0 3 41 210
6 92 60 76 0 0 11 T M M 12.7 31 330 M M 2 3 42 320
7 100 64 82 6 0 17 0.00 M M 10.7 20 170 M M 1 12 32 140
8 96 59 78 2 0 13 T M M 8.9 32 180 M M 0 3 47 180
9 97 59 78 3 0 13 0.00 M M 7.0 14 280 M M 0 30 280
10 88 61 75 0 0 10 0.00 M M 9.5 17 50 M M 0 38 60
11 98 62 80 5 0 15 0.02 M M 12.5 25 300 M M 2 1 47 290
12 90 66 78 3 0 13 0.04 M M 12.3 43 190 M M 1 3 64 240
13 97 69 83 8 0 18 T M M 9.2 22 200 M M 0 3 30 200
14 89 60 75 1 0 10 0.00 M M 9.9 20 350 M M 0 43 300
15 88 58 73 -1 0 8 0.00 M M 11.7 22 160 M M 2 33 150
16 97 61 79 5 0 14 0.00 M M 7.8 26 140 M M 0 3 44 150
17 92 56 74 0 0 9 0.00 M M 10.0 15 130 M M 0 23 140
18 97 63 80 6 0 15 T M M 9.2 18 170 M M 0 30 210
19 92 62 77 3 0 12 0.00 M M 7.5 17 300 M M 0 29 270
20 94 63 79 6 0 14 0.00 M M 9.2 17 190 M M 0 29 270
21 95 61 78 5 0 13 0.00 M M 5.5 21 190 M M 0 29 190
22 97 64 81 8 0 16 0.00 M M 6.8 15 120 M M 0 24 260
23 99 61 80 8 0 15 0.00 M M 9.5 17 180 M M 0 23 150
24 99 61 80 8 0 15 0.00 M M 10.9 20 150 M M 0 35 140
25 100 67 84 12 0 19 0.00 M M 15.7 25 170 M M 0 36 150
26 100 68 84 12 0 19 0.00 M M 9.8 20 190 M M 0 30 200
27 97 64 81 9 0 16 0.00 M M 7.6 17 170 M M 0 24 240
28 89 59 74 3 0 9 T M M 12.3 26 360 M M 0 38 37 10
29 86 53 70 -1 0 5 T M M 9.4 31 190 M M 1 46 190
30 96 60 78 7 0 13 0.00 M M 12.7 31 360 M M 0 47 360
31 78 55 67 -3 0 2 T M M 10.3 31 10 M M 2 43 20
================================================================================
SM 2870 1877 0 364 0.06 M 300.7 M 21
================================================================================
AV 92.6 60.6 9.7 FASTST M M 1 MAX(MPH)
MISC ----> # 43 190 # 64 240
================================================================================
NOTES:
# LAST OF SEVERAL OCCURRENCES
COLUMN 17 PEAK WIND IN M.P.H.
PRELIMINARY LOCAL CLIMATOLOGICAL DATA (WS FORM: F-6) , PAGE 2
STATION: IMPERIAL
MONTH: AUGUST
YEAR: 2020
LATITUDE: 40 31 N
LONGITUDE: 101 37 W
[TEMPERATURE DATA] [PRECIPITATION DATA] SYMBOLS USED IN COLUMN 16
AVERAGE MONTHLY: 76.6 TOTAL FOR MONTH: 0.06 1 = FOG OR MIST
DPTR FM NORMAL: 2.8 DPTR FM NORMAL: -2.53 2 = FOG REDUCING VISIBILITY
HIGHEST: 100 ON 26,25 GRTST 24HR 0.17 ON 31- 1 TO 1/4 MILE OR LESS
LOWEST: 53 ON 29 3 = THUNDER
SNOW, ICE PELLETS, HAIL 4 = ICE PELLETS
TOTAL MONTH: M 5 = HAIL
GRTST 24HR M ON M 6 = FREEZING RAIN OR DRIZZLE
GRTST DEPTH: M ON M 7 = DUSTSTORM OR SANDSTORM:
VSBY 1/2 MILE OR LESS
8 = SMOKE OR HAZE
[NO. OF DAYS WITH] [WEATHER - DAYS WITH] 9 = BLOWING SNOW
X = TORNADO
MAX 32 OR BELOW: 0 0.01 INCH OR MORE: 2
MAX 90 OR ABOVE: 21 0.10 INCH OR MORE: 0
MIN 32 OR BELOW: 0 0.50 INCH OR MORE: 0
MIN 0 OR BELOW: 0 1.00 INCH OR MORE: 0
[HDD (BASE 65) ]
TOTAL THIS MO. 0 CLEAR (SCALE 0-3) 29
DPTR FM NORMAL -7 PTCLDY (SCALE 4-7) 2
TOTAL FM JUL 1 0 CLOUDY (SCALE 8-10) 0
DPTR FM NORMAL -9
[CDD (BASE 65) ]
TOTAL THIS MO. 364
DPTR FM NORMAL 82 [PRESSURE DATA]
TOTAL FM JAN 1 1113 HIGHEST SLP 30.26 ON 17
DPTR FM NORMAL 247 LOWEST SLP 29.51 ON 30
[REMARKS]
#FINAL-08-20#