000
CXUS53 KIND 010600
CF6IND
PRELIMINARY LOCAL CLIMATOLOGICAL DATA (WS FORM: F-6)
STATION: INDIANAPOLIS IN
MONTH: JULY
YEAR: 2022
LATITUDE: 39 43 N
LONGITUDE: 86 17 W
TEMPERATURE IN F: :PCPN: SNOW: WIND :SUNSHINE: SKY :PK WND
================================================================================
1 2 3 4 5 6A 6B 7 8 9 10 11 12 13 14 15 16 17 18
12Z AVG MX 2MIN
DY MAX MIN AVG DEP HDD CDD WTR SNW DPTH SPD SPD DIR MIN PSBL S-S WX SPD DR
================================================================================
1 95 71 83 8 0 18 T 0.0 0 10.4 22 230 M M 6 3 29 240
2 88 70 79 3 0 14 0.03 0.0 0 8.1 14 350 M M 7 138 20 350
3 91 67 79 3 0 14 0.00 0.0 0 7.4 15 100 M M 3 25 130
4 92 68 80 4 0 15 0.00 0.0 0 7.5 20 180 M M 4 26 160
5 99 77 88 12 0 23 0.00 0.0 0 9.9 20 250 M M 5 29 260
6 94 78 86 10 0 21 T 0.0 0 11.2 20 340 M M 7 27 270
7 88 74 81 5 0 16 0.11 0.0 0 6.4 17 150 M M 9 1 22 140
8 77 70 74 -2 0 9 0.78 0.0 0 6.7 15 230 M M 10 13 18 220
9 85 69 77 1 0 12 0.00 0.0 0 12.3 21 30 M M 7 29 40
10 88 61 75 -1 0 10 0.00 0.0 0 7.1 14 30 M M 1 19 50
11 89 63 76 0 0 11 0.00 0.0 0 9.1 20 240 M M 4 25 250
12 86 71 79 3 0 14 T 0.0 0 11.1 21 280 M M 4 27 320
13 89 67 78 2 0 13 0.16 0.0 0 9.8 29 20 M M 4 3 40 330
14 85 64 75 -1 0 10 0.00 0.0 0 5.8 15 340 M M 4 21 340
15 82 65 74 -2 0 9 0.03 0.0 0 4.7 12 330 M M 7 17 230
16 91 69 80 4 0 15 0.07 0.0 0 11.4 21 220 M M 8 13 30 210
17 78 69 74 -2 0 9 0.65 0.0 0 9.1 24 230 M M 10 13 30 230
18 85 68 77 1 0 12 0.18 0.0 0 5.9 16 180 M M 8 138 19 180
19 89 69 79 3 0 14 0.00 0.0 0 6.7 15 230 M M 2 18 19 200
20 94 72 83 7 0 18 0.00 0.0 0 13.2 26 280 M M 4 34 220
21 90 69 80 4 0 15 0.00 0.0 0 9.8 17 260 M M 0 24 260
22 93 71 82 6 0 17 0.00 0.0 0 7.7 14 330 M M 2 20 330
23 88 74 81 5 0 16 0.00 0.0 0 7.8 31 20 M M 6 8 41 10
24 87 73 80 4 0 15 0.16 0.0 0 10.9 25 200 M M 8 13 35 200
25 79 71 75 -1 0 10 0.00 0.0 0 6.5 17 260 M M 9 24 260
26 75 66 71 -5 0 6 0.02 0.0 0 5.3 13 230 M M 10 1 16 230
27 85 70 78 2 0 13 0.91 0.0 M 10.8 21 260 M M 8 13 26 260
28 88 70 79 3 0 14 T 0.0 0 8.7 16 280 M M 7 1 20 280
29 82 65 74 -2 0 9 0.00 0.0 0 9.2 18 290 M M 8 25 290
30 84 60 72 -4 0 7 0.00 0.0 0 4.7 12 190 M M 5 17 180
31 84 68 76 0 0 11 T 0.0 0 6.7 14 220 M M 6 20 150
================================================================================
SM 2700 2139 0 410 3.10 0.0 261.9 M 183
================================================================================
AV 87.1 69.0 8.4 FASTST M M 6 MAX(MPH)
MISC ----> 31 20 41 10
================================================================================
NOTES:
# LAST OF SEVERAL OCCURRENCES
COLUMN 17 PEAK WIND IN M.P.H.
PRELIMINARY LOCAL CLIMATOLOGICAL DATA (WS FORM: F-6) , PAGE 2
STATION: INDIANAPOLIS IN
MONTH: JULY
YEAR: 2022
LATITUDE: 39 43 N
LONGITUDE: 86 17 W
[TEMPERATURE DATA] [PRECIPITATION DATA] SYMBOLS USED IN COLUMN 16
AVERAGE MONTHLY: 78.0 TOTAL FOR MONTH: 3.10 1 = FOG OR MIST
DPTR FM NORMAL: 2.2 DPTR FM NORMAL: -1.32 2 = FOG REDUCING VISIBILITY
HIGHEST: 99 ON 5 GRTST 24HR 0.93 ON 26-27 TO 1/4 MILE OR LESS
LOWEST: 60 ON 30 3 = THUNDER
SNOW, ICE PELLETS, HAIL 4 = ICE PELLETS
TOTAL MONTH: 0.0 INCH 5 = HAIL
GRTST 24HR 0.0 6 = FREEZING RAIN OR DRIZZLE
GRTST DEPTH: 0 7 = DUSTSTORM OR SANDSTORM:
VSBY 1/2 MILE OR LESS
8 = SMOKE OR HAZE
[NO. OF DAYS WITH] [WEATHER - DAYS WITH] 9 = BLOWING SNOW
X = TORNADO
MAX 32 OR BELOW: 0 0.01 INCH OR MORE: 11
MAX 90 OR ABOVE: 9 0.10 INCH OR MORE: 7
MIN 32 OR BELOW: 0 0.50 INCH OR MORE: 3
MIN 0 OR BELOW: 0 1.00 INCH OR MORE: 0
[HDD (BASE 65) ]
TOTAL THIS MO. 0 CLEAR (SCALE 0-3) 4
DPTR FM NORMAL -1 PTCLDY (SCALE 4-7) 21
TOTAL FM JUL 1 0 CLOUDY (SCALE 8-10) 6
DPTR FM NORMAL 0
[CDD (BASE 65) ]
TOTAL THIS MO. 410
DPTR FM NORMAL 74 [PRESSURE DATA]
TOTAL FM JAN 1 836 HIGHEST SLP M ON M
DPTR FM NORMAL 161 LOWEST SLP 29.63 ON 20
[REMARKS]
#FINAL-07-22#