000
CXUS54 KMAF 011210
CF6INK
PRELIMINARY LOCAL CLIMATOLOGICAL DATA (WS FORM: F-6)
STATION: WINK
MONTH: DECEMBER
YEAR: 2021
LATITUDE: 31 46 N
LONGITUDE: 103 12 W
TEMPERATURE IN F: :PCPN: SNOW: WIND :SUNSHINE: SKY :PK WND
================================================================================
1 2 3 4 5 6A 6B 7 8 9 10 11 12 13 14 15 16 17 18
12Z AVG MX 2MIN
DY MAX MIN AVG DEP HDD CDD WTR SNW DPTH SPD SPD DIR MIN PSBL S-S WX SPD DR
================================================================================
1 73 35 54 6 11 0 0.00 M M 5.3 12 350 M M 0 14 270
2 81 38 60 12 5 0 0.00 M M 6.8 13 270 M M 0 15 270
3 82 41 62 14 3 0 0.00 M M 7.5 21 240 M M 0 28 260
4 69 37 53 6 12 0 0.00 M M 5.1 12 330 M M 0 14 350
5 78 41 60 13 5 0 0.00 M M 5.9 15 230 M M 0 18 210
6 53 33 43 -4 22 0 0.00 M M 9.0 37 20 M M 2 8 45 10
7 77 25 51 4 14 0 0.00 M M 6.7 21 270 M M 0 24 270
8 77 32 55 9 10 0 0.00 M M 7.9 16 220 M M 0 21 210
9 76 53 65 19 0 0 0.00 M M 11.1 29 250 M M 0 36 250
10 74 48 61 15 4 0 T M M 15.7 37 270 M M 2 49 240
11 53 30 42 -4 23 0 0.00 M M 8.8 28 10 M M 0 38 10
12 67 22 45 -1 20 0 0.00 M M 7.3 16 130 M M 0 20 130
13 76 30 53 7 12 0 0.00 M M 7.6 21 250 M M 0 25 250
14 78 32 55 10 10 0 0.00 M M 8.1 21 140 M M 0 24 140
15 83 51 67 22 0 2 0.00 M M 12.9 28 240 M M 0 1 34 240
16 68 38 53 8 12 0 0.00 M M 6.1 13 20 M M 0 16 270
17 68 40 54 9 11 0 0.00 M M 4.5 10 260 M M 2 128 13 270
18 56 42 49 4 16 0 0.00 M M 12.3 23 40 M M 5 30 40
19 50 36 43 -2 22 0 0.00 M M 8.3 14 150 M M 7 17 150
20 68 20 44 0 21 0 0.00 M M 6.2 14 270 M M 0 16 270
21 70 24 47 3 18 0 0.00 M M 8.3 17 260 M M 0 20 250
22 77 32 55 11 10 0 0.00 M M 4.1 13 230 M M 0 16 270
23 81 36 59 15 6 0 0.00 M M 8.0 24 250 M M 0 30 260
24 84 50 67 23 0 2 0.00 M M 11.1 31 240 M M 0 37 240
25 78 53 66 22 0 1 0.00 M M 9.5 24 260 M M 0 29 260
26 83 45 64 20 1 0 0.00 M M 10.6 33 230 M M 0 42 230
27 81 47 64 20 1 0 0.00 M M 10.4 28 250 M M 0 35 260
28 70 50 60 16 5 0 0.00 M M 13.0 33 270 M M 0 42 270
29 67 47 57 13 8 0 0.00 M M 12.7 28 260 M M 0 33 300
30 66 32 49 5 16 0 0.00 M M 6.0 16 260 M M 1 19 250
31 62 48 55 11 10 0 0.03 M M 6.3 18 330 M M 5 1 24 330
================================================================================
SM 2226 1188 308 5 0.03 M 263.1 M 24
================================================================================
AV 71.8 38.3 8.5 FASTST M M 1 MAX(MPH)
MISC ----> # 37 20 49 240
================================================================================
NOTES:
# LAST OF SEVERAL OCCURRENCES
COLUMN 17 PEAK WIND IN M.P.H.
PRELIMINARY LOCAL CLIMATOLOGICAL DATA (WS FORM: F-6) , PAGE 2
STATION: WINK
MONTH: DECEMBER
YEAR: 2021
LATITUDE: 31 46 N
LONGITUDE: 103 12 W
[TEMPERATURE DATA] [PRECIPITATION DATA] SYMBOLS USED IN COLUMN 16
AVERAGE MONTHLY: 55.1 TOTAL FOR MONTH: 0.03 1 = FOG OR MIST
DPTR FM NORMAL: 9.8 DPTR FM NORMAL: -0.47 2 = FOG REDUCING VISIBILITY
HIGHEST: 84 ON 24 GRTST 24HR 0.03 ON 31-31 TO 1/4 MILE OR LESS
LOWEST: 20 ON 20 3 = THUNDER
SNOW, ICE PELLETS, HAIL 4 = ICE PELLETS
TOTAL MONTH: M 5 = HAIL
GRTST 24HR M ON M 6 = FREEZING RAIN OR DRIZZLE
GRTST DEPTH: M ON M 7 = DUSTSTORM OR SANDSTORM:
VSBY 1/2 MILE OR LESS
8 = SMOKE OR HAZE
[NO. OF DAYS WITH] [WEATHER - DAYS WITH] 9 = BLOWING SNOW
X = TORNADO
MAX 32 OR BELOW: 0 0.01 INCH OR MORE: 1
MAX 90 OR ABOVE: 0 0.10 INCH OR MORE: 0
MIN 32 OR BELOW: 10 0.50 INCH OR MORE: 0
MIN 0 OR BELOW: 0 1.00 INCH OR MORE: 0
[HDD (BASE 65) ]
TOTAL THIS MO. 308 CLEAR (SCALE 0-3) 28
DPTR FM NORMAL -301 PTCLDY (SCALE 4-7) 3
TOTAL FM JUL 1 614 CLOUDY (SCALE 8-10) 0
DPTR FM NORMAL -443
[CDD (BASE 65) ]
TOTAL THIS MO. 5
DPTR FM NORMAL 5 [PRESSURE DATA]
TOTAL FM JAN 1 2374 HIGHEST SLP M ON M
DPTR FM NORMAL -290 LOWEST SLP 29.58 ON 27
[REMARKS]
#FINAL-12-21#