000
CXUS56 KFGZ 010910
CF6INW
PRELIMINARY LOCAL CLIMATOLOGICAL DATA (WS FORM: F-6)
STATION: WINSLOW AZ AIRPORT
MONTH: MAY
YEAR: 2023
LATITUDE: 35 1 N
LONGITUDE: 110 44 W
TEMPERATURE IN F: :PCPN: SNOW: WIND :SUNSHINE: SKY :PK WND
================================================================================
1 2 3 4 5 6A 6B 7 8 9 10 11 12 13 14 15 16 17 18
12Z AVG MX 2MIN
DY MAX MIN AVG DEP HDD CDD WTR SNW DPTH SPD SPD DIR MIN PSBL S-S WX SPD DR
================================================================================
1 85 49 67 8 0 2 0.00 M M 13.6 29 200 M M 0 45 200
2 79 50 65 6 0 0 0.00 M M 11.0 23 230 M M 0 28 230
3 82 42 62 2 3 0 0.00 M M 10.9 28 230 M M 1 40 170
4 74 43 59 -1 6 0 0.00 M M 12.6 32 220 M M 0 41 220
5 72 33 53 -7 12 0 0.00 M M 10.3 24 220 M M 1 31 220
6 76 39 58 -2 7 0 0.00 M M 10.8 25 250 M M 0 31 200
7 79 41 60 -1 5 0 0.00 M M 11.4 26 260 M M 0 34 270
8 83 42 63 2 2 0 0.00 M M 11.9 26 250 M M 0 33 220
9 84 41 63 2 2 0 0.00 M M 9.5 26 200 M M 0 33 200
10 66 47 57 -5 8 0 0.01 M M 10.4 36 260 M M 3 3 43 260
11 80 37 59 -3 6 0 0.00 M M 9.3 22 320 M M 0 26 330
12 81 43 62 0 3 0 0.00 M M 5.8 17 150 M M 1 22 160
13 85 48 67 4 0 2 0.00 M M 6.0 25 290 M M 0 33 290
14 83 47 65 2 0 0 0.01 M M 9.5 29 270 M M 3 3 36 270
15 82 46 64 1 1 0 T M M 5.8 24 190 M M 2 36 190
16 86 52 69 5 0 4 T M M 7.2 28 80 M M 3 3 37 80
17 81 50 66 2 0 1 0.02 M M 6.5 31 280 M M 4 3 45 270
18 85 51 68 4 0 3 0.00 M M 7.7 30 250 M M 1 35 250
19 82 55 69 4 0 4 0.02 M M 9.8 35 250 M M 3 43 260
20 78 46 62 -3 3 0 0.00 M M 6.0 26 270 M M 1 3 32 260
21 83 45 64 -1 1 0 T M M 5.3 25 230 M M 1 3 32 240
22 85 46 66 0 0 1 0.00 M M 6.8 29 190 M M 2 40 170
23 89 47 68 2 0 3 0.00 M M 7.4 22 220 M M 0 30 230
24 87 53 70 4 0 5 0.00 M M 9.1 23 200 M M 0 29 200
25 87 48 68 1 0 3 0.00 M M 10.0 23 220 M M 0 8 32 230
26 85 50 68 1 0 3 0.00 M M 11.9 25 210 M M 0 34 230
27 85 47 66 -1 0 1 0.00 M M 10.7 29 250 M M 0 34 250
28 88 46 67 -1 0 2 0.00 M M 9.7 23 270 M M 0 30 260
29 88 48 68 0 0 3 0.00 M M 10.0 21 220 M M 0 32 220
30 88 46 67 -1 0 2 0.00 M M 8.6 22 220 M M 0 30 240
31 84 50 67 -2 0 2 0.00 M M 11.5 30 210 M M 0 38 210
================================================================================
SM 2552 1428 59 41 0.06 M 287.0 M 26
================================================================================
AV 82.3 46.1 9.3 FASTST M M 1 MAX(MPH)
MISC ----> 36 260 # 45 200
================================================================================
NOTES:
# LAST OF SEVERAL OCCURRENCES
COLUMN 17 PEAK WIND IN M.P.H.
PRELIMINARY LOCAL CLIMATOLOGICAL DATA (WS FORM: F-6) , PAGE 2
STATION: WINSLOW AZ AIRPORT
MONTH: MAY
YEAR: 2023
LATITUDE: 35 1 N
LONGITUDE: 110 44 W
[TEMPERATURE DATA] [PRECIPITATION DATA] SYMBOLS USED IN COLUMN 16
AVERAGE MONTHLY: 64.2 TOTAL FOR MONTH: 0.06 1 = FOG OR MIST
DPTR FM NORMAL: 0.5 DPTR FM NORMAL: -0.24 2 = FOG REDUCING VISIBILITY
HIGHEST: 89 ON 23 GRTST 24HR 0.02 ON 17-17 TO 1/4 MILE OR LESS
LOWEST: 33 ON 5 3 = THUNDER
SNOW, ICE PELLETS, HAIL 4 = ICE PELLETS
TOTAL MONTH: M 5 = HAIL
GRTST 24HR M ON M 6 = FREEZING RAIN OR DRIZZLE
GRTST DEPTH: M ON M 7 = DUSTSTORM OR SANDSTORM:
VSBY 1/2 MILE OR LESS
8 = SMOKE OR HAZE
[NO. OF DAYS WITH] [WEATHER - DAYS WITH] 9 = BLOWING SNOW
X = TORNADO
MAX 32 OR BELOW: 0 0.01 INCH OR MORE: 4
MAX 90 OR ABOVE: 0 0.10 INCH OR MORE: 0
MIN 32 OR BELOW: 0 0.50 INCH OR MORE: 0
MIN 0 OR BELOW: 0 1.00 INCH OR MORE: 0
[HDD (BASE 65) ]
TOTAL THIS MO. 59 CLEAR (SCALE 0-3) 30
DPTR FM NORMAL -47 PTCLDY (SCALE 4-7) 1
TOTAL FM JUL 1 4452 CLOUDY (SCALE 8-10) 0
DPTR FM NORMAL 131
[CDD (BASE 65) ]
TOTAL THIS MO. 41
DPTR FM NORMAL -25 [PRESSURE DATA]
TOTAL FM JAN 1 41 HIGHEST SLP M ON M
DPTR FM NORMAL -29 LOWEST SLP 29.60 ON 1
[REMARKS]
#FINAL-05-23#