000
CXUS55 KDVN 011000
CF6IOW
PRELIMINARY LOCAL CLIMATOLOGICAL DATA (WS FORM: F-6)
STATION: IOWA CITY IA
MONTH: OCTOBER
YEAR: 2021
LATITUDE: 41 37 N
LONGITUDE: 91 33 W
TEMPERATURE IN F: :PCPN: SNOW: WIND :SUNSHINE: SKY :PK WND
================================================================================
1 2 3 4 5 6A 6B 7 8 9 10 11 12 13 14 15 16 17 18
12Z AVG MX 2MIN
DY MAX MIN AVG DEP HDD CDD WTR SNW DPTH SPD SPD DIR MIN PSBL S-S WX SPD DR
================================================================================
1 85 59 72 12 0 7 0.02 M M 5.2 20 170 M M 3 27 180
2 82 64 73 14 0 8 T M M 4.8 16 250 M M 4 1 22 250
3 79 58 69 10 0 4 T M M 7.3 16 300 M M 5 22 300
4 75 54 65 7 0 0 0.00 M M 7.5 13 40 M M 7 19 360
5 73 59 66 8 0 1 0.00 M M 6.9 12 30 M M 7 15 30
6 74 65 70 12 0 5 T M M 7.7 14 70 M M 10 8 21 60
7 73 60 67 10 0 2 T M M 3.2 13 150 M M 8 128 16 170
8 79 60 70 13 0 5 0.12 M M 3.2 9 150 M M 6 12 13 170
9 83 56 70 14 0 5 0.00 M M 8.6 21 130 M M 0 12 28 120
10 78 61 70 14 0 5 0.93 M M 7.4 17 190 M M 5 13 24 170
11 65 57 61 6 4 0 0.85 M M 9.3 20 340 M M 10 13 26 340
12 70 48 59 4 6 0 0.00 M M 6.1 15 320 M M 1 21 280
13 72 56 64 10 1 0 0.53 M M 9.4 22 130 M M 5 13 32 120
14 70 50 60 6 5 0 0.00 M M 5.0 13 250 M M 1 8 17 220
15 63 39 51 -3 14 0 T M M 7.4 20 300 M M 5 30 290
16 63 38 51 -2 14 0 0.00 M M 8.9 24 270 M M 0 32 270
17 71 40 56 3 9 0 0.00 M M 3.2 13 270 M M 0 19 250
18 74 40 57 5 8 0 0.00 M M 2.4 14 160 M M 0 18 20 170
19 74 44 59 7 6 0 0.00 M M 5.7 20 190 M M 0 18 27 210
20 71 49 60 9 5 0 T M M 9.3 25 260 M M 5 33 260
21 53 43 48 -3 17 0 0.01 M M 12.6 23 300 M M 10 18 32 290
22 52 35 44 -6 21 0 T M M 3.8 15 320 M M 5 8 20 290
23 57 32 45 -5 20 0 0.00 M M 5.7 12 80 M M 1 19 60
24 50 43 47 -3 18 0 2.36 M M 14.8 30 70 M M 10 13 45 60
25 57 37 47 -2 18 0 0.44 M M 9.7 26 360 M M 5 1 36 360
26 59 35 47 -2 18 0 0.00 M M 7.8 18 120 M M 1 28 100
27 58 46 52 4 13 0 T M M 12.1 23 130 M M 7 31 150
28 51 46 49 1 16 0 0.71 M M 11.6 18 350 M M 10 1 29 350
29 54 48 51 4 14 0 0.01 M M 14.8 23 360 M M 9 1 36 350
30 61 40 51 4 14 0 0.00 M M 6.2 13 330 M M 1 1 17 340
31 54 32 43 -3 22 0 0.00 M M 12.9 25 330 M M 0 34 320
================================================================================
SM 2080 1494 263 42 5.98 M 240.5 M 141
================================================================================
AV 67.1 48.2 7.8 FASTST M M 5 MAX(MPH)
MISC ----> 30 70 45 60
================================================================================
NOTES:
# LAST OF SEVERAL OCCURRENCES
COLUMN 17 PEAK WIND IN M.P.H.
PRELIMINARY LOCAL CLIMATOLOGICAL DATA (WS FORM: F-6) , PAGE 2
STATION: IOWA CITY IA
MONTH: OCTOBER
YEAR: 2021
LATITUDE: 41 37 N
LONGITUDE: 91 33 W
[TEMPERATURE DATA] [PRECIPITATION DATA] SYMBOLS USED IN COLUMN 16
AVERAGE MONTHLY: 57.6 TOTAL FOR MONTH: 5.98 1 = FOG OR MIST
DPTR FM NORMAL: 4.5 DPTR FM NORMAL: 3.00 2 = FOG REDUCING VISIBILITY
HIGHEST: 85 ON 1 GRTST 24HR 2.80 ON 24-25 TO 1/4 MILE OR LESS
LOWEST: 32 ON 31,23 3 = THUNDER
SNOW, ICE PELLETS, HAIL 4 = ICE PELLETS
TOTAL MONTH: M 5 = HAIL
GRTST 24HR M ON M 6 = FREEZING RAIN OR DRIZZLE
GRTST DEPTH: M ON M 7 = DUSTSTORM OR SANDSTORM:
VSBY 1/2 MILE OR LESS
8 = SMOKE OR HAZE
[NO. OF DAYS WITH] [WEATHER - DAYS WITH] 9 = BLOWING SNOW
X = TORNADO
MAX 32 OR BELOW: 0 0.01 INCH OR MORE: 10
MAX 90 OR ABOVE: 0 0.10 INCH OR MORE: 7
MIN 32 OR BELOW: 2 0.50 INCH OR MORE: 5
MIN 0 OR BELOW: 0 1.00 INCH OR MORE: 1
[HDD (BASE 65) ]
TOTAL THIS MO. 263 CLEAR (SCALE 0-3) 12
DPTR FM NORMAL -121 PTCLDY (SCALE 4-7) 13
TOTAL FM JUL 1 281 CLOUDY (SCALE 8-10) 6
DPTR FM NORMAL -194
[CDD (BASE 65) ]
TOTAL THIS MO. 42
DPTR FM NORMAL 27 [PRESSURE DATA]
TOTAL FM JAN 1 1288 HIGHEST SLP 30.31 ON 31
DPTR FM NORMAL 244 LOWEST SLP 29.54 ON 11
[REMARKS]
#FINAL-10-21#