000
CXUS53 KDVN 010836
CLMIOW
CLIMATE REPORT
NATIONAL WEATHER SERVICE QUAD CITIES IA IL
336 AM CDT TUE AUG 01 2023
...................................
...THE IOWA CITY IA CLIMATE SUMMARY FOR THE MONTH OF JULY 2023...
CLIMATE NORMAL PERIOD 1991 TO 2020
CLIMATE RECORD PERIOD 9999 TO 9999
WEATHER OBSERVED NORMAL DEPART LAST YEAR`S
VALUE DATE(S) VALUE FROM VALUE
NORMAL
..............................................................
TEMPERATURE (F)
HIGHEST 99 07/28 85 14
LOWEST 52 07/07 65 -13
AVG. MAXIMUM 86.4 85.8 0.6
AVG. MINIMUM 63.9 65.8 -1.9
MEAN 75.1 75.8 -0.7
DAYS MAX >= 90 8
DAYS MAX <= 32 0
DAYS MIN <= 32 0
DAYS MIN <= 0 0
PRECIPITATION (INCHES)
TOTALS 2.24R 3.91 -1.67
DAILY AVG. 0.07 0.13 -0.06
DAYS >= .01 7
DAYS >= .10 4
DAYS >= .50 1
DAYS >= 1.00 1
GREATEST
24 HR. TOTAL 1.57 07/11 TO 07/12
DEGREE DAYS
HEATING TOTAL 1 2 -1
SINCE 7/1 1 0 1
COOLING TOTAL 322 336 -14
SINCE 1/1 657 650 7
..............................................................
WIND (MPH)
AVERAGE WIND SPEED 5.7
HIGHEST WIND SPEED/DIRECTION 39/340 DATE 07/28
HIGHEST GUST SPEED/DIRECTION 54/340 DATE 07/28
SKY COVER
POSSIBLE SUNSHINE (PERCENT) MM
AVERAGE SKY COVER 0.20
NUMBER OF DAYS FAIR 26
NUMBER OF DAYS PC 5
NUMBER OF DAYS CLOUDY 0
AVERAGE RH (PERCENT) 69
WEATHER CONDITIONS. NUMBER OF DAYS WITH
THUNDERSTORM 6 HAIL 0
SLEET 0 FOG 10
FOG W/VIS <= 1/4 MILE 2 HAZE 5
- INDICATES NEGATIVE NUMBERS.
R INDICATES RECORD WAS SET OR TIED.
MM INDICATES DATA IS MISSING.
T INDICATES TRACE AMOUNT.
$$