000
CXUS51 KCTP 010840
CLMIPT
CLIMATE REPORT
NATIONAL WEATHER SERVICE STATE COLLEGE PA
340 AM EST FRI DEC 01 2023
...................................
...THE WILLIAMSPORT PA CLIMATE SUMMARY FOR THE MONTH OF NOVEMBER 2023...
CLIMATE NORMAL PERIOD 1991 TO 2020
CLIMATE RECORD PERIOD 1895 TO 2023
WEATHER OBSERVED NORMAL DEPART LAST YEAR`S
VALUE DATE(S) VALUE FROM VALUE DATE(S)
NORMAL
................................................................
TEMPERATURE (F)
RECORD
HIGH 83 11/01/1950
LOW 3 11/27/1938
HIGHEST 70 11/07 74 11/05
11/06
11/07
LOWEST 20 11/30 17 11/21
AVG. MAXIMUM 51.4 50.6 0.8 54.5
AVG. MINIMUM 31.3 33.2 -1.9 35.1
MEAN 41.3 41.9 -0.6 44.8
DAYS MAX >= 90 0 0.0 0.0 0
DAYS MAX <= 32 1 0.4 0.6 0
DAYS MIN <= 32 20 15.0 5.0 14
DAYS MIN <= 0 0 0.0 0.0 0
PRECIPITATION (INCHES)
RECORD
MAXIMUM 8.09 1972
MINIMUM 0.51 1904
TOTALS 1.51 3.25 -1.74 4.47
DAILY AVG. 0.05 0.11 -0.06 0.15
DAYS >= .01 6 10.0 -4.0 9
DAYS >= .10 3 5.6 -2.6 7
DAYS >= .50 1 2.1 -1.1 3
DAYS >= 1.00 1 0.7 0.3 2
GREATEST
24 HR. TOTAL 1.24 11/21 TO 11/22 2.70 11/11 TO 11/12
SNOWFALL (INCHES)
RECORDS
TOTAL 13.8 1995
TOTALS T 1.7 -1.7 1.8
SINCE 7/1 T 1.8 -1.8 MM
SNOWDEPTH AVG. 0 0
DAYS >= 1.0 0 0.5 -0.5 1
GREATEST
SNOW DEPTH 0 1 11/16
24 HR TOTAL T 11/28 TO 11/28 MM
DEGREE DAYS
HEATING TOTAL 701 693 8 605
SINCE 7/1 1046 1172 -126 MM
COOLING TOTAL 0 0 0 8
SINCE 1/1 864 798 66 MM
................................................................
WIND (MPH)
AVERAGE WIND SPEED 5.6
HIGHEST WIND SPEED/DIRECTION 28/120 DATE 11/21
HIGHEST GUST SPEED/DIRECTION 38/120 DATE 11/21
SKY COVER
POSSIBLE SUNSHINE (PERCENT) MM
AVERAGE SKY COVER 0.38
NUMBER OF DAYS FAIR 13
NUMBER OF DAYS PC 14
NUMBER OF DAYS CLOUDY 3
WEATHER CONDITIONS. NUMBER OF DAYS WITH
THUNDERSTORM 0 MIXED PRECIP 0
HEAVY RAIN 0 RAIN 4
LIGHT RAIN 7 FREEZING RAIN 0
LT FREEZING RAIN 0 HAIL 0
HEAVY SNOW 0 SNOW 0
LIGHT SNOW 1 SLEET 0
FOG 10 FOG W/VIS <= 1/4 MILE 3
HAZE 3
- INDICATES NEGATIVE NUMBERS.
R INDICATES RECORD WAS SET OR TIED.
MM INDICATES DATA IS MISSING.
T INDICATES TRACE AMOUNT.
$$