000
CXUS53 KEAX 040436
CLSIRK
CLIMATE REPORT
NATIONAL WEATHER SERVICE
1132 PM CDT THU SEP 03 2020
...................................
...THE KIRKSVILLE MO CLIMATE SUMMARY FOR THE SEASON, FROM
6/1/2020 TO 8/31/2020...
CLIMATE NORMAL PERIOD: 1981 TO 2010
CLIMATE RECORD PERIOD: 9999 TO 9999
WEATHER OBSERVED NORMAL DEPART LAST YEAR`S
VALUE DATE(S) VALUE FROM VALUE DATE(S)
NORMAL
................................................................
TEMPERATURE (F)
HIGHEST 94 07/08 95 -1 97 07/20
07/19
LOWEST 51 08/05 48 3 49 06/13
08/20
08/30
AVG. MAXIMUM 85.7 83.6 2.1 84.7
AVG. MINIMUM 64.1 62.9 1.2 63.7
MEAN 74.9 73.2 1.7 74.2
DAYS MAX >= 90 23 17.6 5.4 21
DAYS MAX <= 32 0 0.0 0.0 0
DAYS MIN <= 32 0 0.0 0.0 0
DAYS MIN <= 0 0 0.0 0.0 0
PRECIPITATION (INCHES)
TOTALS 12.66 13.26 -0.60 12.47
DAILY AVG. 0.14 0.14 0.00 0.14
DAYS >= .01 22 33.4 -11.4 24
DAYS >= .10 13 21.4 -8.4 20
DAYS >= .50 8 10.2 -2.2 5
DAYS >= 1.00 4 3.8 0.2 3
GREATEST
24 HR. TOTAL 3.51 07/15 TO 07/15
DEGREE DAYS
HEATING TOTAL 2 24 -22 6
COOLING TOTAL 937 782 155 880
................................................................
WIND (MPH)
AVERAGE WIND SPEED 6.6
HIGHEST WIND SPEED/DIRECTION 30/190 DATE 07/26
HIGHEST GUST SPEED/DIRECTION 45/310 DATE 06/10
SKY COVER
POSSIBLE SUNSHINE (PERCENT) MM
AVERAGE SKY COVER 0.20
NUMBER OF DAYS FAIR 73
NUMBER OF DAYS PC 18
NUMBER OF DAYS CLOUDY 1
AVERAGE RH (PERCENT) 74
WEATHER CONDITIONS. NUMBER OF DAYS WITH
THUNDERSTORM 17 MIXED PRECIP 0
HEAVY RAIN 10 RAIN 12
LIGHT RAIN 19 FREEZING RAIN 0
LT FREEZING RAIN 0 HAIL 0
HEAVY SNOW 0 SNOW 0
LIGHT SNOW 0 SLEET 0
FOG 47 FOG W/VIS <= 1/4 MILE 8
HAZE 3
- INDICATES NEGATIVE NUMBERS.
R INDICATES RECORD WAS SET OR TIED.
MM INDICATES DATA IS MISSING.
T INDICATES TRACE AMOUNT.
$$