000
CXUS53 KEAX 141213
CLSIRK
CLIMATE REPORT
NATIONAL WEATHER SERVICE
709 AM CDT MON MAR 14 2022
...................................
...THE KIRKSVILLE MO CLIMATE SUMMARY FOR THE SEASON, FROM
12/1/2021 TO 2/28/2022...
CLIMATE NORMAL PERIOD: 1991 TO 2020
CLIMATE RECORD PERIOD: 9999 TO 9999
WEATHER OBSERVED NORMAL DEPART LAST YEAR`S
VALUE DATE(S) VALUE FROM VALUE DATE(S)
NORMAL
................................................................
TEMPERATURE (F)
HIGHEST 74 12/15 63 11 67 12/10
LOWEST -8 01/21 -5 -3 -12 02/16
02/17
AVG. MAXIMUM 40.7 37.7 3.0 35.1
AVG. MINIMUM 17.6 19.9 -2.3 17.6
MEAN 29.2 28.8 0.4 26.4
DAYS MAX >= 90 0 0.0 0.0 0
DAYS MAX <= 32 24 31.8 -7.8 32
DAYS MIN <= 32 80 78.6 1.4 83
DAYS MIN <= 0 11 6.6 4.4 11
PRECIPITATION (INCHES)
TOTALS 3.23R 5.04 -1.81 5.47
DAILY AVG. 0.04 0.06 -0.02 0.06
DAYS >= .01 16 23.6 -7.6 23
DAYS >= .10 8 10.9 -2.9 11
DAYS >= .50 3 3.0 0.0 3
DAYS >= 1.00 0 1.0 -1.0 2
GREATEST
24 HR. TOTAL 2.97
DEGREE DAYS
HEATING TOTAL 3199 3260 -61 3428
COOLING TOTAL 0 0 0 0
................................................................
WIND (MPH)
AVERAGE WIND SPEED 9.9
HIGHEST WIND SPEED/DIRECTION 40/210 DATE 12/15
HIGHEST GUST SPEED/DIRECTION 68/220 DATE 12/15
SKY COVER
POSSIBLE SUNSHINE (PERCENT) MM
AVERAGE SKY COVER 0.30
NUMBER OF DAYS FAIR 60
NUMBER OF DAYS PC 18
NUMBER OF DAYS CLOUDY 12
AVERAGE RH (PERCENT) 68
WEATHER CONDITIONS. NUMBER OF DAYS WITH
THUNDERSTORM 2 MIXED PRECIP 0
HEAVY RAIN 2 RAIN 3
LIGHT RAIN 11 FREEZING RAIN 1
LT FREEZING RAIN 1 HAIL 0
HEAVY SNOW 3 SNOW 5
LIGHT SNOW 11 SLEET 0
FOG 30 FOG W/VIS <= 1/4 MILE 9
HAZE 15
- INDICATES NEGATIVE NUMBERS.
R INDICATES RECORD WAS SET OR TIED.
MM INDICATES DATA IS MISSING.
T INDICATES TRACE AMOUNT.
$$