000
CXUS52 TJSJ 112119
CF6ISX
PRELIMINARY LOCAL CLIMATOLOGICAL DATA (WS FORM: F-6)
STATION: HENRY E. ROHLSEN AP/ST CROIX
MONTH: DECEMBER
YEAR: 2023
LATITUDE: 17 42 N
LONGITUDE: 64 48 W
TEMPERATURE IN F: :PCPN: SNOW: WIND :SUNSHINE: SKY :PK WND
================================================================================
1 2 3 4 5 6A 6B 7 8 9 10 11 12 13 14 15 16 17 18
12Z AVG MX 2MIN
DY MAX MIN AVG DEP HDD CDD WTR SNW DPTH SPD SPD DIR MIN PSBL S-S WX SPD DR
================================================================================
1 90 77 84 4 0 19 T M M 11.1 20 70 M M 2 26 60
2 90 79 85 5 0 20 T M M 11.1 21 70 M M 2 27 80
3 88 76 82 3 0 17 T M M 6.8 16 90 M M 3 1 21 70
4 90 77 84 5 0 19 0.05 M M 10.7 20 100 M M 3 8 27 130
5 88 78 83 4 0 18 0.00 M M 11.4 18 90 M M 3 18 25 90
6 89 76 83 4 0 18 0.01 M M 9.3 20 90 M M 3 1 25 120
7 88 73 81 2 0 16 0.00 M M 5.9 12 120 M M 2 17 110
8 90 75 83 4 0 18 0.26 M M 11.9 21 90 M M 4 18 30 90
9 90 78 84 5 0 19 0.08 M M 15.0 26 90 M M 4 1 36 100
10 88 78 83 4 0 18 T M M 12.4 22 90 M M 4 1 28 70
11 90 78 84 5 0 19 0.08 M M 13.6 26 90 M M 5 1 33 90
12 89 77 83 4 0 18 0.11 M M 14.7 30 80 M M 2 37 50
13 87 74 81 2 0 16 0.10 M M 15.5 30 70 M M 3 8 38 60
14 86 77 82 3 0 17 T M M 12.4 22 60 M M 4 30 80
15 85 73 79 0 0 14 T M M 9.0 17 60 M M 3 26 20
16 89 77 83 4 0 18 0.04 M M 11.7 22 80 M M 3 1 28 90
17 87 78 83 4 0 18 0.05 M M 14.8 28 90 M M 5 18 37 90
18 87 77 82 3 0 17 0.02 M M 14.2 23 100 M M 2 29 100
19 87 74 81 2 0 16 0.01 M M 7.7 15 100 M M 4 22 90
20 87 72 80 1 0 15 0.00 M M 5.9 14 50 M M 2 20 360
21 87 71 79 0 0 14 0.00 M M 6.1 15 50 M M 1 25 30
22 84 74 79 1 0 14 M M M 5.9 14 40 M M 4 18 23 50
23 86 72 79 1 0 14 0.00 M M 5.3 12 70 M M 3 17 40
24 88 71 80 2 0 15 T M M 4.5 13 200 M M 3 19 210
25 88 69 79 1 0 14 0.00 M M 3.9 12 350 M M 1 17 10
26 87 72 80 2 0 15 T M M 5.6 13 100 M M 2 21 90
27 86 73 80 2 0 15 T M M 4.4 9 100 M M 4 14 130
28 86 71 79 1 0 14 0.00 M M 4.6 10 50 M M 1 8 17 60
29 86 70 78 0 0 13 0.00 M M 7.1 15 90 M M 3 20 90
30 86 74 80 2 0 15 0.00 M M 7.0 15 50 M M 1 22 50
31 85 72 79 1 0 14 M M M 6.2 18 110 M M 7 18 22 100
================================================================================
SM 2714 2313 0 507 0.81 M 285.7 M 93
================================================================================
AV 87.5 74.6 9.2 FASTST M M 3 MAX(MPH)
MISC ----> # 30 80 38 60
================================================================================
NOTES:
# LAST OF SEVERAL OCCURRENCES
COLUMN 17 PEAK WIND IN M.P.H.
PRELIMINARY LOCAL CLIMATOLOGICAL DATA (WS FORM: F-6) , PAGE 2
STATION: HENRY E. ROHLSEN AP/ST CROIX
MONTH: DECEMBER
YEAR: 2023
LATITUDE: 17 42 N
LONGITUDE: 64 48 W
[TEMPERATURE DATA] [PRECIPITATION DATA] SYMBOLS USED IN COLUMN 16
AVERAGE MONTHLY: 81.1 TOTAL FOR MONTH: 0.81 1 = FOG OR MIST
DPTR FM NORMAL: 2.3 DPTR FM NORMAL: -2.44 2 = FOG REDUCING VISIBILITY
HIGHEST: 90 ON 11, 9 GRTST 24HR 0.34 ON 8- 9 TO 1/4 MILE OR LESS
LOWEST: 69 ON 25 3 = THUNDER
SNOW, ICE PELLETS, HAIL 4 = ICE PELLETS
TOTAL MONTH: M 5 = HAIL
GRTST 24HR M ON M 6 = FREEZING RAIN OR DRIZZLE
GRTST DEPTH: M ON M 7 = DUSTSTORM OR SANDSTORM:
VSBY 1/2 MILE OR LESS
8 = SMOKE OR HAZE
[NO. OF DAYS WITH] [WEATHER - DAYS WITH] 9 = BLOWING SNOW
X = TORNADO
MAX 32 OR BELOW: 0 0.01 INCH OR MORE: 11
MAX 90 OR ABOVE: 6 0.10 INCH OR MORE: 3
MIN 32 OR BELOW: 0 0.50 INCH OR MORE: 0
MIN 0 OR BELOW: 0 1.00 INCH OR MORE: 0
[HDD (BASE 65) ]
TOTAL THIS MO. 0 CLEAR (SCALE 0-3) 20
DPTR FM NORMAL 0 PTCLDY (SCALE 4-7) 11
TOTAL FM JUL 1 0 CLOUDY (SCALE 8-10) 0
DPTR FM NORMAL 0
[CDD (BASE 65) ]
TOTAL THIS MO. 507
DPTR FM NORMAL 79 [PRESSURE DATA]
TOTAL FM JAN 1 6522 HIGHEST SLP 30.09 ON 30
DPTR FM NORMAL 773 LOWEST SLP 29.83 ON 19
[REMARKS]
#FINAL-12-23#
CORRECTED DUE TO RAIN GAUGE MALFUNCTIONING DURING THIS PERIOD.