000
CXUS55 KGLD 010800
CF6ITR
PRELIMINARY LOCAL CLIMATOLOGICAL DATA (WS FORM: F-6)
STATION: BURLINGTON CO
MONTH: OCTOBER
YEAR: 2021
LATITUDE: 39 15 N
LONGITUDE: 102 17 W
TEMPERATURE IN F: :PCPN: SNOW: WIND :SUNSHINE: SKY :PK WND
================================================================================
1 2 3 4 5 6A 6B 7 8 9 10 11 12 13 14 15 16 17 18
12Z AVG MX 2MIN
DY MAX MIN AVG DEP HDD CDD WTR SNW DPTH SPD SPD DIR MIN PSBL S-S WX SPD DR
================================================================================
1 73 40 57 -1 8 0 0.00 M M 6.3 13 230 M M 2 17 230
2 76 45 61 3 4 0 0.00 M M 8.1 17 20 M M 1 8 23 20
3 82 41 62 5 3 0 0.00 M M 7.5 16 250 M M 0 8 25 260
4 85 45 65 8 0 0 0.00 M M 9.7 15 20 M M 0 28 30
5 M 41 M M M M 0.00 M M 8.9 16 130 M M 0 22 110
6 84 42 63 7 2 0 0.00 M M 13.7 23 160 M M 0 34 170
7 83 45 64 9 1 0 0.00 M M 9.8 24 10 M M 0 30 10
8 86 48 67 12 0 2 0.00 M M 10.4 20 190 M M 0 8 28 140
9 81 47 64 10 1 0 T M M 10.8 25 240 M M 0 31 330
10 69 40 55 1 10 0 0.00 M M 10.5 21 360 M M 0 32 330
11 74 38 56 2 9 0 0.00 M M 10.7 17 130 M M 0 32 150
12 76 38 57 4 8 0 0.33 M M 22.7 40 160 M M 3 38 54 160
13 63 33 48 -5 17 0 T M M 9.0 23 300 M M 0 31 290
14 53 33 43 -9 22 0 0.00 M M 6.9 16 50 M M 6 21 60
15 56 28 42 -10 23 0 0.00 M M 12.6 26 330 M M 2 39 330
16 69 27 48 -3 17 0 0.00 M M 7.7 14 210 M M 0 16 250
17 77 34 56 5 9 0 0.00 M M 12.4 21 170 M M 0 28 160
18 83 32 58 8 7 0 0.00 M M 10.7 20 210 M M 0 25 170
19 75 38 57 7 8 0 0.00 M M 15.2 36 330 M M 0 46 330
20 62 33 48 -2 17 0 0.00 M M 12.7 25 320 M M 1 33 340
21 67 31 49 0 16 0 0.00 M M 8.0 14 240 M M 0 19 230
22 78 38 58 9 7 0 0.00 M M 7.9 14 240 M M 0 19 270
23 67 37 52 4 13 0 0.00 M M 9.0 20 110 M M 3 128 26 340
24 67 37 52 4 13 0 0.00 M M 11.2 22 360 M M 1 12 31 340
25 70 37 54 6 11 0 0.00 M M 19.1 30 170 M M 0 38 160
26 87 42 65 18 0 0 0.00 M M 22.5 39 330 M M 2 52 330
27 60 39 50 3 15 0 0.02 M M 22.9 39 340 M M 4 56 340
28 58 32 45 -1 20 0 0.00 M M 20.6 38 360 M M 2 52 350
29 70 29 50 4 15 0 0.00 M M 7.4 14 230 M M 0 19 230
30 69 36 53 7 12 0 T M M 13.8 31 360 M M 0 41 360
31 46 25 36 -9 29 0 T M M 8.6 20 130 M M 7 4 25 130
================================================================================
SM 2146 1151 317 2 0.35 M 367.3 M 34
================================================================================
AV 71.5 37.1 11.8 FASTST M M 1 MAX(MPH)
MISC ----> 40 160 56 340
================================================================================
NOTES:
# LAST OF SEVERAL OCCURRENCES
COLUMN 17 PEAK WIND IN M.P.H.
PRELIMINARY LOCAL CLIMATOLOGICAL DATA (WS FORM: F-6) , PAGE 2
STATION: BURLINGTON CO
MONTH: OCTOBER
YEAR: 2021
LATITUDE: 39 15 N
LONGITUDE: 102 17 W
[TEMPERATURE DATA] [PRECIPITATION DATA] SYMBOLS USED IN COLUMN 16
AVERAGE MONTHLY: 54.3 TOTAL FOR MONTH: 0.35 1 = FOG OR MIST
DPTR FM NORMAL: 2.8 DPTR FM NORMAL: -0.70 2 = FOG REDUCING VISIBILITY
HIGHEST: 87 ON 26 GRTST 24HR 0.33 ON 12-12 TO 1/4 MILE OR LESS
LOWEST: 25 ON 31 3 = THUNDER
SNOW, ICE PELLETS, HAIL 4 = ICE PELLETS
TOTAL MONTH: M 5 = HAIL
GRTST 24HR M ON M 6 = FREEZING RAIN OR DRIZZLE
GRTST DEPTH: M ON M 7 = DUSTSTORM OR SANDSTORM:
VSBY 1/2 MILE OR LESS
8 = SMOKE OR HAZE
[NO. OF DAYS WITH] [WEATHER - DAYS WITH] 9 = BLOWING SNOW
X = TORNADO
MAX 32 OR BELOW: 0 0.01 INCH OR MORE: 2
MAX 90 OR ABOVE: 0 0.10 INCH OR MORE: 1
MIN 32 OR BELOW: 7 0.50 INCH OR MORE: 0
MIN 0 OR BELOW: 0 1.00 INCH OR MORE: 0
[HDD (BASE 65) ]
TOTAL THIS MO. 317 CLEAR (SCALE 0-3) 28
DPTR FM NORMAL -108 PTCLDY (SCALE 4-7) 3
TOTAL FM JUL 1 347 CLOUDY (SCALE 8-10) 0
DPTR FM NORMAL -194
[CDD (BASE 65) ]
TOTAL THIS MO. 2
DPTR FM NORMAL -6 [PRESSURE DATA]
TOTAL FM JAN 1 1170 HIGHEST SLP M ON M
DPTR FM NORMAL 248 LOWEST SLP 29.21 ON 26
[REMARKS]
#FINAL-10-21#