000
CXUS53 KEAX 010836
CF6IXD
PRELIMINARY LOCAL CLIMATOLOGICAL DATA (WS FORM: F-6)
STATION: NEW CENTURY AIR CENTER KS
MONTH: FEBRUARY
YEAR: 2024
LATITUDE: 38 49 N
LONGITUDE: 94 54 W
TEMPERATURE IN F: :PCPN: SNOW: WIND :SUNSHINE: SKY :PK WND
================================================================================
1 2 3 4 5 6A 6B 7 8 9 10 11 12 13 14 15 16 17 18
12Z AVG MX 2MIN
DY MAX MIN AVG DEP HDD CDD WTR SNW DPTH SPD SPD DIR MIN PSBL S-S WX SPD DR
================================================================================
1 66 42 54 23 11 0 0.00 M M 8.7 16 190 M M 2 23 190
2 72 48 60 29 5 0 0.00 M M 11.0 22 130 M M 2 8 32 100
3 59 47 53 22 12 0 0.32 M M 9.3 21 100 M M 8 18 35 100
4 52 37 45 14 20 0 0.38 M M 11.2 18 40 M M 7 25 20
5 58 33 46 15 19 0 0.00 M M 6.8 12 350 M M 0 8 16 20
6 61 30 46 14 19 0 0.00 M M 6.0 12 170 M M 1 128 17 130
7 65 45 55 23 10 0 0.00 M M 12.2 23 160 M M 0 32 200
8 69 46 58 26 7 0 0.00 M M 16.0 35 210 M M 1 49 190
9 64 37 51 19 14 0 0.00 M M 5.8 17 340 M M 0 22 360
10 50 30 40 8 25 0 0.00 M M 9.1 16 20 M M 1 22 20
11 45 30 38 5 27 0 0.00 M M 8.1 14 360 M M 3 20 30
12 56 28 42 9 23 0 0.00 M M 6.5 18 320 M M 0 23 310
13 66 30 48 15 17 0 0.00 M M 9.2 25 220 M M 1 31 220
14 70 33 52 18 13 0 0.00 M M 10.1 24 160 M M 1 32 180
15 58 37 48 14 17 0 0.00 M M 11.7 24 350 M M 4 33 320
16 42 22 32 -2 33 0 0.01 M M 17.1 28 20 M M 9 8 37 20
17 36 11 24 -11 41 0 0.00 M M 10.5 25 340 M M 0 33 330
18 57 24 41 6 24 0 0.00 M M 8.2 14 220 M M 0 19 230
19 60 27 44 9 21 0 0.00 M M 7.9 17 180 M M 0 31 160
20 72 30 51 15 14 0 0.00 M M 7.2 16 200 M M 0 21 160
21 71 44 58 22 7 0 0.00 M M 6.1 16 150 M M 0 8 22 140
22 M 41 M M M M 0.00 M M 10.5 25 360 M M 0 18 34 340
23 66 39 53 16 12 0 0.00 M M 11.1 28 300 M M 1 44 310
24 61 27 44 7 21 0 0.00 M M 8.7 21 200 M M 0 27 200
25 74 32 53 16 12 0 0.00 M M 6.7 17 270 M M 0 25 260
26 78 42 60 22 5 0 0.00 M M 11.0 23 210 M M 0 29 210
27 77 31 54 16 11 0 T M M 14.5 31 330 M M 1 48 330
28 37 14 26 -13 39 0 T M M 11.5 29 320 M M 1 37 330
29 56 23 40 1 25 0 0.00 M M 12.2 23 190 M M 0 31 180
================================================================================
SM 1698 960 504 0 0.71 M 284.9 M 43
================================================================================
AV 60.6 33.1 9.8 FASTST M M 1 MAX(MPH)
MISC ----> 35 210 49 190
================================================================================
NOTES:
# LAST OF SEVERAL OCCURRENCES
COLUMN 17 PEAK WIND IN M.P.H.
PRELIMINARY LOCAL CLIMATOLOGICAL DATA (WS FORM: F-6) , PAGE 2
STATION: NEW CENTURY AIR CENTER KS
MONTH: FEBRUARY
YEAR: 2024
LATITUDE: 38 49 N
LONGITUDE: 94 54 W
[TEMPERATURE DATA] [PRECIPITATION DATA] SYMBOLS USED IN COLUMN 16
AVERAGE MONTHLY: 46.9 TOTAL FOR MONTH: 0.71 1 = FOG OR MIST
DPTR FM NORMAL: 12.8 DPTR FM NORMAL: -0.79 2 = FOG REDUCING VISIBILITY
HIGHEST: 78 ON 26 GRTST 24HR 0.66 ON 3- 4 TO 1/4 MILE OR LESS
LOWEST: 11 ON 17 3 = THUNDER
SNOW, ICE PELLETS, HAIL 4 = ICE PELLETS
TOTAL MONTH: M 5 = HAIL
GRTST 24HR M ON M 6 = FREEZING RAIN OR DRIZZLE
GRTST DEPTH: M ON M 7 = DUSTSTORM OR SANDSTORM:
VSBY 1/2 MILE OR LESS
8 = SMOKE OR HAZE
[NO. OF DAYS WITH] [WEATHER - DAYS WITH] 9 = BLOWING SNOW
X = TORNADO
MAX 32 OR BELOW: 0 0.01 INCH OR MORE: 3
MAX 90 OR ABOVE: 0 0.10 INCH OR MORE: 2
MIN 32 OR BELOW: 15 0.50 INCH OR MORE: 0
MIN 0 OR BELOW: 0 1.00 INCH OR MORE: 0
[HDD (BASE 65) ]
TOTAL THIS MO. 504 CLEAR (SCALE 0-3) 25
DPTR FM NORMAL -361 PTCLDY (SCALE 4-7) 2
TOTAL FM JUL 1 3221 CLOUDY (SCALE 8-10) 2
DPTR FM NORMAL -743
[CDD (BASE 65) ]
TOTAL THIS MO. 0
DPTR FM NORMAL 0 [PRESSURE DATA]
TOTAL FM JAN 1 0 HIGHEST SLP 30.51 ON 17
DPTR FM NORMAL 0 LOWEST SLP 29.28 ON 27
[REMARKS]
#FINAL-02-24#