000
CXUS55 KRIW 251838
CF6JAC
PRELIMINARY LOCAL CLIMATOLOGICAL DATA (WS FORM: F-6)
STATION: JACKSON WY
MONTH: DECEMBER
YEAR: 2023
LATITUDE: 43 35 N
LONGITUDE: 110 44 W
TEMPERATURE IN F: :PCPN: SNOW: WIND :SUNSHINE: SKY :PK WND
================================================================================
1 2 3 4 5 6A 6B 7 8 9 10 11 12 13 14 15 16 17 18
12Z AVG MX 2MIN
DY MAX MIN AVG DEP HDD CDD WTR SNW DPTH SPD SPD DIR MIN PSBL S-S WX SPD DR
================================================================================
1 32 21 27 9 38 0 M M M 9.6 22 190 M M 10 1 32 190
2 31 21 26 8 39 0 M M M 12.7 21 180 M M 10 1 35 300
3 34 23 29 11 36 0 M M M 8.7 20 260 M M 9 1 33 250
4 43 32 38 21 27 0 M M M 13.5 22 200 M M 7 37 260
5 48 24 36 19 29 0 M M M 7.8 14 210 M M 3 M M
6 40 21 31 15 34 0 M M M 4.0 9 20 M M 4 12 M M
7 34 27 31 15 34 0 M M M 13.5 27 180 M M 10 12 39 190
8 29 16 23 7 42 0 M M M 6.5 14 200 M M 10 1 M M
9 28 6 17 2 48 0 M M M 7.3 14 220 M M 4 1 M M
10 29 15 22 7 43 0 M M M 8.5 14 30 M M 10 1 M M
11 35 18 27 12 38 0 M M M 2.8 8 20 M M 8 M M
12 37 19 28 13 37 0 M M M 10.0 21 20 M M 5 M M
13 33 6 20 6 45 0 M M M 6.7 18 20 M M 0 28 20
14 34 3 19 5 46 0 M M M 4.9 9 30 M M 2 12 M M
15 35 6 21 7 44 0 M M M 3.6 8 20 M M 3 12 M M
16 35 1 18 4 47 0 M M M 3.8 12 20 M M 1 12 M M
17 35 0 18 4 47 0 M M M 4.4 10 20 M M 1 1 M M
18 27 0 14 0 51 0 M M M 4.2 9 30 M M 1 M M
19 40 11 26 13 39 0 M M M 3.8 8 20 M M 6 M M
20 35 19 27 14 38 0 M M M 2.7 9 10 M M 9 1 M M
21 39 29 34 21 31 0 M M M 1.4 6 30 M M 10 M M
22 38 26 32 19 33 0 M M M 3.3 7 20 M M 10 128 M M
23 32 21 27 14 38 0 M M M 5.4 16 190 M M 9 18 21 200
24 33 -3 15 2 50 0 M M M 4.3 13 30 M M 1 M M
25 30 -8 11 -2 54 0 M M M 4.5 12 30 M M 2 1 M M
26 31 -11 10 -3 55 0 M M M 4.5 9 20 M M 1 1 M M
27 35 -7 14 1 51 0 M M M 3.7 9 30 M M 0 M M
28 32 -1 16 3 49 0 M M M 3.6 10 30 M M 3 M M
29 32 0 16 3 49 0 M M M 4.8 9 20 M M 0 M M
30 30 1 16 3 49 0 M M M 4.0 10 20 M M 3 M M
31 37 8 23 10 42 0 M M M 2.2 10 20 M M 4 12 20
================================================================================
SM 1063 344 1303 0 M M 180.7 M 156
================================================================================
AV 34.3 11.1 5.8 FASTST M M 5 MAX(MPH)
MISC ----> 27 180 39 190
================================================================================
NOTES:
# LAST OF SEVERAL OCCURRENCES
COLUMN 17 PEAK WIND IN M.P.H.
PRELIMINARY LOCAL CLIMATOLOGICAL DATA (WS FORM: F-6) , PAGE 2
STATION: JACKSON WY
MONTH: DECEMBER
YEAR: 2023
LATITUDE: 43 35 N
LONGITUDE: 110 44 W
[TEMPERATURE DATA] [PRECIPITATION DATA] SYMBOLS USED IN COLUMN 16
AVERAGE MONTHLY: 22.7 TOTAL FOR MONTH: M 1 = FOG OR MIST
DPTR FM NORMAL: 8.2 DPTR FM NORMAL: M 2 = FOG REDUCING VISIBILITY
HIGHEST: 48 ON 5 GRTST 24HR 0.01 ON 3- 4 TO 1/4 MILE OR LESS
LOWEST: -11 ON 26 3 = THUNDER
SNOW, ICE PELLETS, HAIL 4 = ICE PELLETS
TOTAL MONTH: M 5 = HAIL
GRTST 24HR M ON M 6 = FREEZING RAIN OR DRIZZLE
GRTST DEPTH: M ON M 7 = DUSTSTORM OR SANDSTORM:
VSBY 1/2 MILE OR LESS
8 = SMOKE OR HAZE
[NO. OF DAYS WITH] [WEATHER - DAYS WITH] 9 = BLOWING SNOW
X = TORNADO
MAX 32 OR BELOW: 12 0.01 INCH OR MORE: 0
MAX 90 OR ABOVE: 0 0.10 INCH OR MORE: 0
MIN 32 OR BELOW: 31 0.50 INCH OR MORE: 0
MIN 0 OR BELOW: 8 1.00 INCH OR MORE: 0
[HDD (BASE 65) ]
TOTAL THIS MO. 1303 CLEAR (SCALE 0-3) 13
DPTR FM NORMAL -262 PTCLDY (SCALE 4-7) 7
TOTAL FM JUL 1 3596 CLOUDY (SCALE 8-10) 11
DPTR FM NORMAL -609
[CDD (BASE 65) ]
TOTAL THIS MO. 0
DPTR FM NORMAL 0 [PRESSURE DATA]
TOTAL FM JAN 1 23 HIGHEST SLP 30.83 ON 15
DPTR FM NORMAL -20 LOWEST SLP 29.74 ON 2
[REMARKS]
#FINAL-12-23#