000
CXUS52 KJAX 071850
CF6JAX
PRELIMINARY LOCAL CLIMATOLOGICAL DATA (WS FORM: F-6)
STATION: JACKSONVILLE
MONTH: OCTOBER
YEAR: 2021
LATITUDE: 30 30 N
LONGITUDE: 81 42 W
TEMPERATURE IN F: :PCPN: SNOW: WIND :SUNSHINE: SKY :PK WND
================================================================================
1 2 3 4 5 6A 6B 7 8 9 10 11 12 13 14 15 16 17 18
12Z AVG MX 2MIN
DY MAX MIN AVG DEP HDD CDD WTR SNW DPTH SPD SPD DIR MIN PSBL S-S WX SPD DR
================================================================================
1 88 65 77 1 0 12 0.00 0.0 0 5.3 15 60 M M 5 1 20 70
2 87 66 77 1 0 12 0.00 0.0 0 4.5 17 60 M M 4 22 60
3 87 64 76 1 0 11 0.00 0.0 0 2.3 15 150 M M 7 19 160
4 86 67 77 2 0 12 0.00 0.0 0 3.4 14 110 M M 8 19 100
5 87 69 78 3 0 13 0.07 0.0 0 5.8 15 110 M M 8 1 21 120
6 85 74 80 6 0 15 0.01 0.0 0 4.1 13 110 M M 9 1 18 100
7 90 72 81 7 0 16 0.00 0.0 0 2.3 14 60 M M 8 12 16 60
8 84 69 77 3 0 12 2.22 0.0 0 2.9 24 40 M M 7 13 36 360
9 85 67 76 2 0 11 T 0.0 0 5.8 14 20 M M 5 13 19 330
10 81 66 74 1 0 9 0.00 0.0 0 6.9 15 20 M M 4 21 30
11 84 64 74 1 0 9 0.00 0.0 0 5.5 16 60 M M 4 20 60
12 83 67 75 2 0 10 0.00 0.0 0 7.1 18 40 M M 3 1 24 40
13 84 66 75 3 0 10 0.00 0.0 0 4.9 14 50 M M 3 17 70
14 87 65 76 4 0 11 0.00 0.0 0 3.7 14 60 M M 3 18 60
15 85 64 75 3 0 10 0.00 0.0 0 3.0 12 70 M M 2 17 30
16 89 64 77 6 0 12 T 0.0 0 6.0 18 340 M M 3 1 30 330
17 75 52 64 -7 1 0 0.00 0.0 0 6.0 17 20 M M 1 24 20
18 76 50 63 -8 2 0 0.00 0.0 0 6.0 16 60 M M 6 22 50
19 79 51 65 -5 0 0 0.00 0.0 0 3.8 14 90 M M 5 19 110
20 81 57 69 -1 0 4 0.00 0.0 0 4.3 15 60 M M 5 20 60
21 83 58 71 1 0 6 0.00 0.0 0 2.8 13 130 M M 5 19 90
22 86 62 74 5 0 9 0.00 0.0 0 2.8 13 230 M M 6 1 20 250
23 85 59 72 3 0 7 0.00 0.0 0 3.6 13 80 M M 3 16 80
24 83 58 71 2 0 6 0.00 0.0 0 4.6 13 90 M M 8 21 100
25 83 71 77 9 0 12 0.32 0.0 0 3.8 13 330 M M 8 1 16 240
26 81 56 69 1 0 4 0.00 0.0 0 7.7 16 270 M M 1 22 280
27 78 52 65 -3 0 0 0.00 0.0 0 2.6 12 60 M M 3 12 60
28 78 57 68 1 0 3 1.53 0.0 0 7.0 18 170 M M 7 13 25 240
29 71 56 64 -3 1 0 T 0.0 0 8.5 18 260 M M 7 25 260
30 68 51 60 -7 5 0 0.00 0.0 0 8.6 21 280 M M 4 29 280
31 66 48 57 -9 8 0 0.00 0.0 0 6.3 16 250 M M 4 25 250
================================================================================
SM 2545 1907 17 236 4.15 0.0 151.9 M 156
================================================================================
AV 82.1 61.5 4.9 FASTST M M 5 MAX(MPH)
MISC ----> 24 40 36 360
================================================================================
NOTES:
# LAST OF SEVERAL OCCURRENCES
COLUMN 17 PEAK WIND IN M.P.H.
PRELIMINARY LOCAL CLIMATOLOGICAL DATA (WS FORM: F-6) , PAGE 2
STATION: JACKSONVILLE
MONTH: OCTOBER
YEAR: 2021
LATITUDE: 30 30 N
LONGITUDE: 81 42 W
[TEMPERATURE DATA] [PRECIPITATION DATA] SYMBOLS USED IN COLUMN 16
AVERAGE MONTHLY: 71.8 TOTAL FOR MONTH: 4.15 1 = FOG OR MIST
DPTR FM NORMAL: 0.6 DPTR FM NORMAL: 0.12 2 = FOG REDUCING VISIBILITY
HIGHEST: 90 ON 7 GRTST 24HR 2.22 ON 8- 8 TO 1/4 MILE OR LESS
LOWEST: 48 ON 31 3 = THUNDER
SNOW, ICE PELLETS, HAIL 4 = ICE PELLETS
TOTAL MONTH: 0.0 INCH 5 = HAIL
GRTST 24HR 0.0 6 = FREEZING RAIN OR DRIZZLE
GRTST DEPTH: 0 7 = DUSTSTORM OR SANDSTORM:
VSBY 1/2 MILE OR LESS
8 = SMOKE OR HAZE
[NO. OF DAYS WITH] [WEATHER - DAYS WITH] 9 = BLOWING SNOW
X = TORNADO
MAX 32 OR BELOW: 0 0.01 INCH OR MORE: 5
MAX 90 OR ABOVE: 1 0.10 INCH OR MORE: 3
MIN 32 OR BELOW: 0 0.50 INCH OR MORE: 2
MIN 0 OR BELOW: 0 1.00 INCH OR MORE: 2
[HDD (BASE 65) ]
TOTAL THIS MO. 17 CLEAR (SCALE 0-3) 6
DPTR FM NORMAL -8 PTCLDY (SCALE 4-7) 22
TOTAL FM JUL 1 17 CLOUDY (SCALE 8-10) 3
DPTR FM NORMAL -5
[CDD (BASE 65) ]
TOTAL THIS MO. 236
DPTR FM NORMAL 19 [PRESSURE DATA]
TOTAL FM JAN 1 2586 HIGHEST SLP 30.27 ON 20
DPTR FM NORMAL -130 LOWEST SLP 29.57 ON 29
[REMARKS]
#FINAL-10-21#