000
CXUS54 KMEG 020049
CF6JBR
PRELIMINARY LOCAL CLIMATOLOGICAL DATA (WS FORM: F-6)
STATION: JONESBORO
MONTH: MARCH
YEAR: 2020
LATITUDE: 35 49 N
LONGITUDE: 90 39 W
TEMPERATURE IN F: :PCPN: SNOW: WIND :SUNSHINE: SKY :PK WND
================================================================================
1 2 3 4 5 6A 6B 7 8 9 10 11 12 13 14 15 16 17 18
12Z AVG MX 2MIN
DY MAX MIN AVG DEP HDD CDD WTR SNW DPTH SPD SPD DIR MIN PSBL S-S WX SPD DR
================================================================================
1 69 40 55 10 10 0 0.39 0.0 0 13.1 32 200 M M 4 3 41 200
2 71 54 63 17 2 0 0.05 0.0 0 12.3 20 220 M M 6 13 27 220
3 66 48 57 11 8 0 T 0.0 0 6.0 21 270 M M 1 3 26 260
4 62 46 54 8 11 0 0.00 0.0 0 4.8 16 40 M M 0 28 330
5 69 46 58 11 7 0 0.00 0.0 0 8.7 20 330 M M 0 8 27 330
6 57 38 48 1 17 0 0.00 0.0 0 9.5 17 350 M M 0 25 310
7 57 31 44 -3 21 0 0.00 0.0 0 3.7 13 120 M M 0 16 100
8 67 34 51 3 14 0 0.00 0.0 0 8.2 23 220 M M 0 8 29 190
9 65 52 59 11 6 0 0.29 0.0 0 15.7 30 200 M M 6 1 41 190
10 62 44 53 5 12 0 T 0.0 0 8.1 20 210 M M 6 24 310
11 64 43 54 5 11 0 0.35 0.0 0 4.6 16 350 M M 4 13 22 360
12 74 52 63 14 2 0 0.04 0.0 0 12.2 32 190 M M 8 1238 40 210
13 64 44 54 5 11 0 0.06 0.0 0 13.5 24 40 M M 4 1 33 40
14 46 44 45 -5 20 0 0.42 0.0 0 10.3 20 60 M M 9 1 25 60
15 45 41 43 -7 22 0 0.00 0.0 0 12.5 21 50 M M 10 28 40
16 48 41 45 -5 20 0 0.48 0.0 0 3.9 10 60 M M 10 1 13 60
17 54 46 50 0 15 0 0.43 0.0 0 7.9 16 60 M M 9 13 21 50
18 68 47 58 7 7 0 0.74 0.0 0 6.7 17 240 M M 8 13 23 220
19 75 63 69 18 0 4 0.17 0.0 0 15.2 31 230 M M 7 13 42 230
20 69 45 57 5 8 0 T 0.0 0 11.4 18 360 M M 3 3 25 300
21 52 41 47 -5 18 0 0.00 0.0 0 9.0 15 70 M M 6 20 70
22 48 40 44 -8 21 0 0.22 0.0 0 7.6 18 60 M M 7 18 22 50
23 59 46 53 1 12 0 0.08 0.0 0 5.8 12 60 M M 4 1 15 60
24 60 49 55 2 10 0 0.97 0.0 0 8.6 22 60 M M 10 13 27 50
25 54 46 50 -3 15 0 0.00 0.0 0 5.1 13 160 M M 9 18 15 150
26 82 45 64 11 1 0 0.00 0.0 0 11.3 31 200 M M 0 12 38 210
27 79 67 73 19 0 8 0.00 0.0 0 12.0 24 220 M M 2 30 220
28 75 64 70 16 0 5 0.24 0.0 0 M 36 260 M M 5 13 74 260
29 71 53 62 8 3 0 0.00 0.0 0 M M M M M M M M
30 64 47 56 1 9 0 0.00 0.0 0 M M M M M M M M
31 64 48 56 1 9 0 1.29 0.0 0 M M M M M M M M
================================================================================
SM 1960 1445 322 17 6.22 0.0 247.7 M 138
================================================================================
AV 63.2 46.6 9.2 FASTST M M 5 MAX(MPH)
MISC ----> # 36 260 # 74 260
================================================================================
NOTES:
# LAST OF SEVERAL OCCURRENCES
COLUMN 17 PEAK WIND IN M.P.H.
PRELIMINARY LOCAL CLIMATOLOGICAL DATA (WS FORM: F-6) , PAGE 2
STATION: JONESBORO
MONTH: MARCH
YEAR: 2020
LATITUDE: 35 49 N
LONGITUDE: 90 39 W
[TEMPERATURE DATA] [PRECIPITATION DATA] SYMBOLS USED IN COLUMN 16
AVERAGE MONTHLY: 54.9 TOTAL FOR MONTH: 6.22 1 = FOG OR MIST
DPTR FM NORMAL: 4.7 DPTR FM NORMAL: 1.72 2 = FOG REDUCING VISIBILITY
HIGHEST: 82 ON 26 GRTST 24HR 1.29 ON 31-31 TO 1/4 MILE OR LESS
LOWEST: 31 ON 7 3 = THUNDER
SNOW, ICE PELLETS, HAIL 4 = ICE PELLETS
TOTAL MONTH: 0.0 INCH 5 = HAIL
GRTST 24HR 0.0 6 = FREEZING RAIN OR DRIZZLE
GRTST DEPTH: 0 7 = DUSTSTORM OR SANDSTORM:
VSBY 1/2 MILE OR LESS
8 = SMOKE OR HAZE
[NO. OF DAYS WITH] [WEATHER - DAYS WITH] 9 = BLOWING SNOW
X = TORNADO
MAX 32 OR BELOW: 0 0.01 INCH OR MORE: 16
MAX 90 OR ABOVE: 0 0.10 INCH OR MORE: 12
MIN 32 OR BELOW: 1 0.50 INCH OR MORE: 3
MIN 0 OR BELOW: 0 1.00 INCH OR MORE: 1
[HDD (BASE 65) ]
TOTAL THIS MO. 322 CLEAR (SCALE 0-3) 8
DPTR FM NORMAL -142 PTCLDY (SCALE 4-7) 13
TOTAL FM JUL 1 2954 CLOUDY (SCALE 8-10) 7
DPTR FM NORMAL -466
[CDD (BASE 65) ]
TOTAL THIS MO. 17
DPTR FM NORMAL 11 [PRESSURE DATA]
TOTAL FM JAN 1 17 HIGHEST SLP 30.60 ON 7
DPTR FM NORMAL 11 LOWEST SLP 29.64 ON 3
[REMARKS]
#FINAL-03-20#