000
CXUS54 KSJT 191000
CF6JCT
PRELIMINARY LOCAL CLIMATOLOGICAL DATA (WS FORM: F-6)
STATION: JUNCTION
MONTH: APRIL
YEAR: 2024
LATITUDE: 30 18 N
LONGITUDE: 99 28 W
TEMPERATURE IN F: :PCPN: SNOW: WIND :SUNSHINE: SKY :PK WND
================================================================================
1 2 3 4 5 6A 6B 7 8 9 10 11 12 13 14 15 16 17 18
12Z AVG MX 2MIN
DY MAX MIN AVG DEP HDD CDD WTR SNW DPTH SPD SPD DIR MIN PSBL S-S WX SPD DR
================================================================================
1 97 60 79 15 0 14 0.38 0.0 0 8.3 23 310 M M 6 38 35 300
2 75 45 60 -4 5 0 0.00 0.0 0 8.9 22 330 M M 0 8 31 330
3 85 39 62 -2 3 0 0.00 0.0 0 5.3 18 320 M M 0 18 27 320
4 91 40 66 2 0 1 0.00 0.0 0 4.6 9 210 M M 0 M M
5 89 47 68 3 0 3 0.00 0.0 0 11.4 26 170 M M 0 38 170
6 90 64 77 12 0 12 0.00 0.0 0 10.8 22 200 M M 3 33 190
7 88 57 73 8 0 8 0.00 0.0 0 4.8 15 330 M M 1 22 350
8 85 50 68 3 0 3 0.00 0.0 0 6.8 20 150 M M 2 18 25 160
9 95 61 78 12 0 13 0.00 0.0 0 9.4 24 340 M M 5 18 35 340
10 77 50 64 -2 1 0 0.00 0.0 0 13.0 28 340 M M 7 39 360
11 89 44 67 1 0 2 0.00 0.0 0 5.8 15 30 M M 0 18 30
12 89 47 68 2 0 3 0.00 0.0 0 9.2 24 160 M M 0 8 37 160
13 89 57 73 7 0 8 0.00 0.0 0 10.3 23 170 M M 0 33 180
14 92 67 80 13 0 15 0.00 0.0 0 8.3 17 180 M M 3 22 180
15 M M M M M M M M M M M M M M M M M
16 98 71 85 18 0 20 0.01 0.0 0 6.4 17 160 M M 0 18 27 150
17 95 73 84 17 0 19 0.00 0.0 0 5.5 21 170 M M 2 8 30 150
18 102 75 89 21 0 24 0.00 0.0 0 7.3 25 40 M M 5 8 34 20
================================================================================
SM 1526 947 9 145 0.39 0.0 136.1 M 34
================================================================================
AV 89.8 55.7 8.0 FASTST M M 2 MAX(MPH)
MISC ----> 28 340 39 360
================================================================================
NOTES:
# LAST OF SEVERAL OCCURRENCES
COLUMN 17 PEAK WIND IN M.P.H.
PRELIMINARY LOCAL CLIMATOLOGICAL DATA (WS FORM: F-6) , PAGE 2
STATION: JUNCTION
MONTH: APRIL
YEAR: 2024
LATITUDE: 30 18 N
LONGITUDE: 99 28 W
[TEMPERATURE DATA] [PRECIPITATION DATA] SYMBOLS USED IN COLUMN 16
AVERAGE MONTHLY: 72.7 TOTAL FOR MONTH: 0.39 1 = FOG OR MIST
DPTR FM NORMAL: 7.1 DPTR FM NORMAL: -0.64 2 = FOG REDUCING VISIBILITY
HIGHEST: 102 ON 18 GRTST 24HR 0.38 ON 1- 1 TO 1/4 MILE OR LESS
LOWEST: 39 ON 3 3 = THUNDER
SNOW, ICE PELLETS, HAIL 4 = ICE PELLETS
TOTAL MONTH: 0.0 INCH 5 = HAIL
GRTST 24HR 0.0 6 = FREEZING RAIN OR DRIZZLE
GRTST DEPTH: 0 7 = DUSTSTORM OR SANDSTORM:
VSBY 1/2 MILE OR LESS
8 = SMOKE OR HAZE
[NO. OF DAYS WITH] [WEATHER - DAYS WITH] 9 = BLOWING SNOW
X = TORNADO
MAX 32 OR BELOW: 0 0.01 INCH OR MORE: 2
MAX 90 OR ABOVE: 8 0.10 INCH OR MORE: 1
MIN 32 OR BELOW: 0 0.50 INCH OR MORE: 0
MIN 0 OR BELOW: 0 1.00 INCH OR MORE: 0
[HDD (BASE 65) ]
TOTAL THIS MO. 9 CLEAR (SCALE 0-3) 13
DPTR FM NORMAL -43 PTCLDY (SCALE 4-7) 4
TOTAL FM JUL 1 1596 CLOUDY (SCALE 8-10) 1
DPTR FM NORMAL -438
[CDD (BASE 65) ]
TOTAL THIS MO. 145
DPTR FM NORMAL 81 [PRESSURE DATA]
TOTAL FM JAN 1 276 HIGHEST SLP M ON M
DPTR FM NORMAL 161 LOWEST SLP 29.43 ON 1
[REMARKS]