000
CXUS54 KSJT 011000
CF6JCT
PRELIMINARY LOCAL CLIMATOLOGICAL DATA (WS FORM: F-6)
STATION: JUNCTION
MONTH: OCTOBER
YEAR: 2022
LATITUDE: 30 18 N
LONGITUDE: 99 28 W
TEMPERATURE IN F: :PCPN: SNOW: WIND :SUNSHINE: SKY :PK WND
================================================================================
1 2 3 4 5 6A 6B 7 8 9 10 11 12 13 14 15 16 17 18
12Z AVG MX 2MIN
DY MAX MIN AVG DEP HDD CDD WTR SNW DPTH SPD SPD DIR MIN PSBL S-S WX SPD DR
================================================================================
1 89 53 71 -1 0 6 0.00 0.0 0 4.0 14 70 M M 0 19 70
2 86 51 69 -3 0 4 0.00 0.0 0 3.3 16 70 M M 0 19 70
3 87 49 68 -4 0 3 0.00 0.0 0 3.6 13 110 M M 0 18 120
4 88 50 69 -3 0 4 0.00 0.0 0 3.8 14 150 M M 0 19 140
5 89 51 70 -1 0 5 0.00 M M 3.4 15 120 M M 1 8 21 170
6 90 53 72 1 0 7 0.00 M M 2.8 14 100 M M 0 19 70
7 87 61 74 4 0 9 0.00 0.0 0 5.4 16 160 M M 1 23 120
8 84 54 69 -1 0 4 0.00 M M 5.7 15 70 M M 1 8 23 60
9 85 58 72 2 0 7 0.00 0.0 0 5.2 16 160 M M 2 26 160
10 85 56 71 1 0 6 0.00 0.0 0 7.9 20 160 M M 3 1 28 160
11 85 68 77 8 0 12 0.00 0.0 0 9.2 23 160 M M 4 32 220
12 95 59 77 8 0 12 0.00 0.0 0 4.2 15 250 M M 1 8 23 230
13 87 52 70 2 0 5 0.00 0.0 0 4.6 16 70 M M 0 8 22 80
14 89 49 69 1 0 4 M 0.0 0 4.4 14 170 M M 2 22 170
15 90 71 81 13 0 16 0.00 M M 8.4 21 170 M M 3 28 160
16 87 64 76 9 0 11 0.06 M M 8.1 22 20 M M 6 13 28 50
17 70 55 63 -4 2 0 0.18 0.0 0 11.7 26 60 M M 8 13 35 60
18 71 46 59 -8 6 0 0.00 M M 5.1 15 70 M M 4 21 30
19 77 41 59 -7 6 0 0.00 0.0 0 2.8 13 310 M M 1 1 18 310
20 86 43 65 -1 0 0 0.00 0.0 0 3.6 13 260 M M 0 19 290
21 86 45 66 1 0 1 0.00 0.0 0 6.0 18 190 M M 0 25 200
22 87 58 73 8 0 8 0.00 0.0 0 7.3 21 170 M M 0 28 160
23 83 67 75 10 0 10 T 0.0 0 11.2 23 170 M M 3 33 150
24 89 64 77 13 0 12 0.01 0.0 0 12.5 30 320 M M 8 13 46 310
25 77 44 61 -3 4 0 0.00 0.0 0 7.3 47 310 M M 0 73 300
26 79 35 57 -7 8 0 0.00 M 0 6.7 16 170 M M 0 8 23 190
27 76 44 60 -3 5 0 0.00 0.0 0 7.0 25 170 M M 5 8 34 180
28 69 54 62 -1 3 0 0.61 0.0 0 9.3 20 170 M M 8 13 30 150
29 70 49 60 -2 5 0 0.00 0.0 0 6.5 20 340 M M 6 27 330
30 77 41 59 -3 6 0 0.00 0.0 0 2.2 9 250 M M 0 1 14 200
31 76 47 62 0 3 0 0.11 0.0 0 3.2 16 160 M M 3 1 21 160
================================================================================
SM 2576 1632 48 146 0.97 0.0 186.4 M 70
================================================================================
AV 83.1 52.6 6.0 FASTST M M 2 MAX(MPH)
MISC ----> 47 310 73 300
================================================================================
NOTES:
# LAST OF SEVERAL OCCURRENCES
COLUMN 17 PEAK WIND IN M.P.H.
PRELIMINARY LOCAL CLIMATOLOGICAL DATA (WS FORM: F-6) , PAGE 2
STATION: JUNCTION
MONTH: OCTOBER
YEAR: 2022
LATITUDE: 30 18 N
LONGITUDE: 99 28 W
[TEMPERATURE DATA] [PRECIPITATION DATA] SYMBOLS USED IN COLUMN 16
AVERAGE MONTHLY: 67.9 TOTAL FOR MONTH: 0.97 1 = FOG OR MIST
DPTR FM NORMAL: 0.7 DPTR FM NORMAL: -1.18 2 = FOG REDUCING VISIBILITY
HIGHEST: 95 ON 12 GRTST 24HR 0.61 ON 28-28 TO 1/4 MILE OR LESS
LOWEST: 35 ON 26 3 = THUNDER
SNOW, ICE PELLETS, HAIL 4 = ICE PELLETS
TOTAL MONTH: 0.0 INCH 5 = HAIL
GRTST 24HR 0.0 6 = FREEZING RAIN OR DRIZZLE
GRTST DEPTH: 0 7 = DUSTSTORM OR SANDSTORM:
VSBY 1/2 MILE OR LESS
8 = SMOKE OR HAZE
[NO. OF DAYS WITH] [WEATHER - DAYS WITH] 9 = BLOWING SNOW
X = TORNADO
MAX 32 OR BELOW: 0 0.01 INCH OR MORE: 5
MAX 90 OR ABOVE: 3 0.10 INCH OR MORE: 3
MIN 32 OR BELOW: 0 0.50 INCH OR MORE: 1
MIN 0 OR BELOW: 0 1.00 INCH OR MORE: 0
[HDD (BASE 65) ]
TOTAL THIS MO. 48 CLEAR (SCALE 0-3) 21
DPTR FM NORMAL -23 PTCLDY (SCALE 4-7) 10
TOTAL FM JUL 1 48 CLOUDY (SCALE 8-10) 0
DPTR FM NORMAL -26
[CDD (BASE 65) ]
TOTAL THIS MO. 146
DPTR FM NORMAL 7 [PRESSURE DATA]
TOTAL FM JAN 1 3380 HIGHEST SLP 30.32 ON 19
DPTR FM NORMAL 781 LOWEST SLP 29.55 ON 24
[REMARKS]
#FINAL-10-22#