000
CXUS55 KGGW 260810
CF6JDN
PRELIMINARY LOCAL CLIMATOLOGICAL DATA (WS FORM: F-6)
STATION: JORDAN ASOS MT
MONTH: APRIL
YEAR: 2024
LATITUDE: 47 19 N
LONGITUDE: 106 50 W
TEMPERATURE IN F: :PCPN: SNOW: WIND :SUNSHINE: SKY :PK WND
================================================================================
1 2 3 4 5 6A 6B 7 8 9 10 11 12 13 14 15 16 17 18
12Z AVG MX 2MIN
DY MAX MIN AVG DEP HDD CDD WTR SNW DPTH SPD SPD DIR MIN PSBL S-S WX SPD DR
================================================================================
1 60 24 42 2 23 0 0.00 M M 7.1 15 320 M M 0 24 290
2 66 26 46 6 19 0 0.00 M M 5.2 15 330 M M 0 19 330
3 77 30 54 14 11 0 0.00 M M 6.0 20 270 M M 0 32 260
4 75 42 59 19 6 0 0.00 M M 8.0 22 140 M M 0 29 130
5 66 38 52 11 13 0 0.00 M M 6.9 23 350 M M 0 29 340
6 48 37 43 2 22 0 0.15 M M 20.1 36 320 M M 0 44 330
7 41 37 39 -2 26 0 0.56 M M 16.6 24 310 M M 0 31 290
8 57 34 46 4 19 0 0.05 M M 13.5 24 310 M M 0 33 320
9 62 33 48 6 17 0 0.00 M M 12.2 30 290 M M 0 41 300
10 55 30 43 1 22 0 0.00 M M 18.6 35 300 M M 0 51 290
11 59 25 42 0 23 0 0.00 M M 6.1 12 110 M M 0 14 100
12 78 40 59 16 6 0 0.00 M M 7.6 16 210 M M 0 27 190
13 75 42 59 16 6 0 0.00 M M 5.7 17 260 M M 0 26 280
14 80 38 59 16 6 0 0.00 M M 6.4 22 330 M M 0 29 330
15 64 44 54 10 11 0 0.00 M M 8.1 17 340 M M 0 23 330
16 64 40 52 8 13 0 0.00 M M 18.9 29 320 M M 0 48 290
17 43 31 37 -7 28 0 0.02 M M 24.0 38 290 M M 0 50 290
18 44 26 35 -9 30 0 0.00 M M 20.9 39 290 M M 0 59 290
19 37 20 29 -16 36 0 0.00 M M 13.6 25 330 M M 0 33 340
20 50 15 33 -12 32 0 0.00 M M 3.2 10 230 M M 0 17 10
21 72 29 51 6 14 0 0.00 M M 13.0 29 320 M M 0 40 300
22 62 34 48 2 17 0 0.00 M M 19.6 38 290 M M 0 55 290
23 67 25 46 0 19 0 0.00 M M 4.8 15 200 M M 0 19 200
24 76 41 59 13 6 0 0.00 M M 7.0 16 220 M M 0 21 200
25 73 41 57 11 8 0 0.00 M M 9.0 25 350 M M 0 31 330
================================================================================
SM 1551 822 433 0 0.78 M 282.1 M 0
================================================================================
AV 62.0 32.9 11.3 FASTST M M 0 MAX(MPH)
MISC ----> 39 290 59 290
================================================================================
NOTES:
# LAST OF SEVERAL OCCURRENCES
COLUMN 17 PEAK WIND IN M.P.H.
PRELIMINARY LOCAL CLIMATOLOGICAL DATA (WS FORM: F-6) , PAGE 2
STATION: JORDAN ASOS MT
MONTH: APRIL
YEAR: 2024
LATITUDE: 47 19 N
LONGITUDE: 106 50 W
[TEMPERATURE DATA] [PRECIPITATION DATA] SYMBOLS USED IN COLUMN 16
AVERAGE MONTHLY: 47.5 TOTAL FOR MONTH: 0.78 1 = FOG OR MIST
DPTR FM NORMAL: 4.5 DPTR FM NORMAL: -0.26 2 = FOG REDUCING VISIBILITY
HIGHEST: 80 ON 14 GRTST 24HR 0.69 ON 6- 7 TO 1/4 MILE OR LESS
LOWEST: 15 ON 20 3 = THUNDER
SNOW, ICE PELLETS, HAIL 4 = ICE PELLETS
TOTAL MONTH: M 5 = HAIL
GRTST 24HR M ON M 6 = FREEZING RAIN OR DRIZZLE
GRTST DEPTH: M ON M 7 = DUSTSTORM OR SANDSTORM:
VSBY 1/2 MILE OR LESS
8 = SMOKE OR HAZE
[NO. OF DAYS WITH] [WEATHER - DAYS WITH] 9 = BLOWING SNOW
X = TORNADO
MAX 32 OR BELOW: 0 0.01 INCH OR MORE: 4
MAX 90 OR ABOVE: 0 0.10 INCH OR MORE: 2
MIN 32 OR BELOW: 11 0.50 INCH OR MORE: 1
MIN 0 OR BELOW: 0 1.00 INCH OR MORE: 0
[HDD (BASE 65) ]
TOTAL THIS MO. 433 CLEAR (SCALE 0-3) 25
DPTR FM NORMAL -116 PTCLDY (SCALE 4-7) 0
TOTAL FM JUL 1 6520 CLOUDY (SCALE 8-10) 0
DPTR FM NORMAL -957
[CDD (BASE 65) ]
TOTAL THIS MO. 0
DPTR FM NORMAL 0 [PRESSURE DATA]
TOTAL FM JAN 1 0 HIGHEST SLP M ON M
DPTR FM NORMAL 0 LOWEST SLP 29.48 ON 5
[REMARKS]