000
CXUS55 KBOI 011002
CF6JER
PRELIMINARY LOCAL CLIMATOLOGICAL DATA (WS FORM: F-6)
STATION: JEROME ID
MONTH: JANUARY
YEAR: 2021
LATITUDE: 42 43 N
LONGITUDE: 114 27 W
TEMPERATURE IN F: :PCPN: SNOW: WIND :SUNSHINE: SKY :PK WND
================================================================================
1 2 3 4 5 6A 6B 7 8 9 10 11 12 13 14 15 16 17 18
12Z AVG MX 2MIN
DY MAX MIN AVG DEP HDD CDD WTR SNW DPTH SPD SPD DIR MIN PSBL S-S WX SPD DR
================================================================================
1 40 28 34 8 31 0 0.00 M M 13.8 24 70 M M 7 31 70
2 42 30 36 10 29 0 0.01 M M 6.6 25 70 M M 7 1 32 70
3 47 34 41 15 24 0 0.10 M M 7.8 28 280 M M 6 1 34 280
4 43 28 36 10 29 0 0.09 M M 14.1 28 270 M M 7 1 38 270
5 39 30 35 9 30 0 T M M 12.5 26 260 M M 2 1 37 260
6 39 25 32 6 33 0 0.00 M M 19.5 29 80 M M 3 35 70
7 42 29 36 10 29 0 T M M 9.1 22 70 M M 6 1 28 70
8 37 26 32 6 33 0 T M M 16.6 26 80 M M 4 33 80
9 33 28 31 5 34 0 T M M 9.5 15 270 M M 10 126 19 250
10 35 24 30 4 35 0 0.00 M M 14.6 21 70 M M 3 26 60
11 38 21 30 4 35 0 0.00 M M 18.0 26 70 M M 0 33 70
12 37 22 30 4 35 0 0.05 M M 17.5 26 70 M M 6 1 33 70
13 45 30 38 12 27 0 0.08 M M 13.3 25 270 M M 6 35 270
14 42 28 35 9 30 0 0.00 M M 8.4 20 280 M M 0 24 260
15 40 25 33 7 32 0 T M M 9.9 22 60 M M 2 26 70
16 38 23 31 5 34 0 0.00 M M 5.5 14 60 M M 1 16 70
17 38 27 33 7 32 0 0.00 M M 11.7 29 270 M M 6 12 39 280
18 37 26 32 6 33 0 0.00 M M 5.6 21 280 M M 6 1 29 290
19 40 22 31 5 34 0 0.00 M M 7.6 15 60 M M 0 21 60
20 41 20 31 4 34 0 0.00 M M 8.4 16 60 M M 0 20 60
21 42 26 34 7 31 0 T M M 8.6 15 70 M M 8 19 50
22 44 29 37 10 28 0 0.00 M M 10.3 24 60 M M 8 12 30 70
23 32 26 29 2 36 0 T M M 7.3 15 280 M M 9 12 18 240
24 36 18 27 0 38 0 0.00 M M 9.9 21 70 M M 1 27 60
25 37 22 30 3 35 0 T M M 14.5 21 90 M M 2 35 80
26 32 22 27 0 38 0 0.00 M M 7.0 17 90 M M 8 23 90
27 40 21 31 4 34 0 0.01 M M 13.9 24 180 M M 9 1 34 180
28 47 34 41 14 24 0 0.00 M M 9.7 17 70 M M 10 28 70
29 47 33 40 13 25 0 0.09 M M 10.5 23 280 M M 10 128 30 280
30 41 30 36 9 29 0 0.00 M M 10.1 18 260 M M 2 24 260
31 45 26 36 9 29 0 0.00 M M 17.6 24 80 M M 0 35 80
================================================================================
SM 1236 813 980 0 0.43 M 349.4 M 149
================================================================================
AV 39.9 26.2 11.3 FASTST M M 5 MAX(MPH)
MISC ----> # 29 80 39 280
================================================================================
NOTES:
# LAST OF SEVERAL OCCURRENCES
COLUMN 17 PEAK WIND IN M.P.H.
PRELIMINARY LOCAL CLIMATOLOGICAL DATA (WS FORM: F-6) , PAGE 2
STATION: JEROME ID
MONTH: JANUARY
YEAR: 2021
LATITUDE: 42 43 N
LONGITUDE: 114 27 W
[TEMPERATURE DATA] [PRECIPITATION DATA] SYMBOLS USED IN COLUMN 16
AVERAGE MONTHLY: 33.0 TOTAL FOR MONTH: 0.43 1 = FOG OR MIST
DPTR FM NORMAL: 6.5 DPTR FM NORMAL: -0.63 2 = FOG REDUCING VISIBILITY
HIGHEST: 47 ON 29,28 GRTST 24HR 0.78 ON 27-27 TO 1/4 MILE OR LESS
LOWEST: 18 ON 24 3 = THUNDER
SNOW, ICE PELLETS, HAIL 4 = ICE PELLETS
TOTAL MONTH: M 5 = HAIL
GRTST 24HR M ON M 6 = FREEZING RAIN OR DRIZZLE
GRTST DEPTH: M ON M 7 = DUSTSTORM OR SANDSTORM:
VSBY 1/2 MILE OR LESS
8 = SMOKE OR HAZE
[NO. OF DAYS WITH] [WEATHER - DAYS WITH] 9 = BLOWING SNOW
X = TORNADO
MAX 32 OR BELOW: 2 0.01 INCH OR MORE: 7
MAX 90 OR ABOVE: 0 0.10 INCH OR MORE: 1
MIN 32 OR BELOW: 28 0.50 INCH OR MORE: 0
MIN 0 OR BELOW: 0 1.00 INCH OR MORE: 0
[HDD (BASE 65) ]
TOTAL THIS MO. 980 CLEAR (SCALE 0-3) 12
DPTR FM NORMAL -215 PTCLDY (SCALE 4-7) 14
TOTAL FM JUL 1 3305 CLOUDY (SCALE 8-10) 5
DPTR FM NORMAL -621
[CDD (BASE 65) ]
TOTAL THIS MO. 0
DPTR FM NORMAL 0 [PRESSURE DATA]
TOTAL FM JAN 1 0 HIGHEST SLP 30.61 ON 14
DPTR FM NORMAL 0 LOWEST SLP 29.61 ON 29
[REMARKS]
#FINAL-01-21#