732
CXUS51 KOKX 021756
CLSJFK
NYCCLSJFK 000
TTAA00 OKX 021752
CLIMATE REPORT
NATIONAL WEATHER SERVICE NEW YORK, NY
1252 PM EST TUE MAR 02 2021
...................................
...THE KENNEDY NY CLIMATE SUMMARY FOR THE SEASON, FROM
12/1/2020 TO 2/28/2021...
CLIMATE NORMAL PERIOD 1981 TO 2010
CLIMATE RECORD PERIOD 1948 TO 2021
WEATHER OBSERVED NORMAL DEPART LAST YEAR`S
VALUE DATE(S) VALUE FROM VALUE
NORMAL
..............................................................
TEMPERATURE (F)
RECORD
HIGH 75 12/07/1998
LOW -2 01/21/1985
02/08/1963
HIGHEST 61 12/13 MM MM
LOWEST 15 01/30 MM MM
AVG. MAXIMUM 41.4 41.6 -0.2
AVG. MINIMUM 29.6 28.6 1.0
MEAN 35.5 35.1 0.4
DAYS MAX >= 90 0 0.0 0.0
DAYS MAX <= 32 10 13.0 -3.0
DAYS MIN <= 32 60 56.9 3.1
DAYS MIN <= 0 0 0.0 0.0
PRECIPITATION (INCHES)
RECORD
MAXIMUM 18.20 1979
MINIMUM 4.34 2002
TOTALS 10.59 9.14 1.45 13.37
DAILY AVG. 0.12 0.10 0.02
DAYS >= .01 32 30.7 1.3
DAYS >= .10 21 17.9 3.1
DAYS >= .50 8 6.2 1.8
DAYS >= 1.00 2 2.0 0.0
GREATEST
24 HR. TOTAL 1.32 02/01 TO 02/01
STORM TOTAL MM
(MM/DD(HH))
SNOWFALL (INCHES)
RECORDS
TOTAL 58.5 1961
24 HR TOTAL 30.3 MM
TOTALS 34.5 19.3 15.2
LIQUID EQUIV 3.50 1.90 1.60
SINCE 7/1 34.5 19.5 15.0
LIQUID 7/1 3.45
DAYS >= TRACE 24 11.0 13.0
DAYS >= 1.0 6 4.0 2.0
GREATEST
SNOW DEPTH 13 02/02
24 HR TOTAL 11.9 02/01 TO 02/01
STORM TOTAL MM
(MM/DD(HH))
DEGREE DAYS
HEATING TOTAL 2628 2687 -59
SINCE 7/1 3285 3512 -227
COOLING TOTAL 0 0 0
SINCE 1/1 0 0 0
..............................................................
WIND (MPH)
AVERAGE WIND SPEED 12.9
HIGHEST WIND SPEED/DIRECTION 45/320 DATE 01/29
HIGHEST GUST SPEED/DIRECTION 54/310 DATE 01/29
SKY COVER
POSSIBLE SUNSHINE (PERCENT) MM
AVERAGE SKY COVER 0.67
NUMBER OF DAYS FAIR 11
NUMBER OF DAYS PC 37
NUMBER OF DAYS CLOUDY 42
AVERAGE RH (PERCENT) 65
WEATHER CONDITIONS. NUMBER OF DAYS WITH
THUNDERSTORM 0 MIXED PRECIP 3
HEAVY RAIN 5 RAIN 10
LIGHT RAIN 30 FREEZING RAIN 0
LT FREEZING RAIN 5 HAIL 0
HEAVY SNOW 3 SNOW 4
LIGHT SNOW 21 SLEET 8
FOG 34 FOG W/VIS <= 1/4 MILE 7
HAZE 8
- INDICATES NEGATIVE NUMBERS.
R INDICATES RECORD WAS SET OR TIED.
MM INDICATES DATA IS MISSING.
T INDICATES TRACE AMOUNT.
$$