000
CXUS51 KOKX 011958
CLSJFK
CLIMATE REPORT
NATIONAL WEATHER SERVICE NEW YORK, NY
328 PM EDT FRI SEP 01 2023
...................................
...THE KENNEDY NY CLIMATE SUMMARY FOR THE SEASON, FROM
6/1/2023 TO 8/31/2023...
CLIMATE NORMAL PERIOD 1991 TO 2020
CLIMATE RECORD PERIOD 1948 TO 2023
WEATHER OBSERVED NORMAL DEPART LAST YEAR`S
VALUE DATE(S) VALUE FROM VALUE
NORMAL
..............................................................
TEMPERATURE (F)
RECORD
HIGH 104 07/03/1966
LOW 45 06/01/1967
HIGHEST 92 07/27 MM MM
LOWEST 49 06/04 MM MM
AVG. MAXIMUM 80.8 81.2 -0.4
AVG. MINIMUM 66.2 66.3 -0.1
MEAN 73.5 73.8 -0.3
DAYS MAX >= 90 4 10.0 -6.0
DAYS MAX <= 32 0 0.0 0.0
DAYS MIN <= 32 0 0.0 0.0
DAYS MIN <= 0 0 0.0 0.0
PRECIPITATION (INCHES)
RECORD
MAXIMUM 22.04 2011
MINIMUM 3.89 1966
TOTALS 9.40 11.82 -2.42 5.20
DAILY AVG. 0.10 0.13 -0.03
DAYS >= .01 37 29.0 8.0
DAYS >= .10 24 17.7 6.3
DAYS >= .50 6 7.7 -1.7
DAYS >= 1.00 1 3.3 -2.3
GREATEST
24 HR. TOTAL 1.39 07/18 TO 07/18
STORM TOTAL 1.39
(MM/DD(HH))
SNOWFALL (INCHES)
RECORDS
TOTAL T 2009
24 HR TOTAL MM
TOTALS 0.0 0.0 0.0
LIQUID EQUIV 0.00 0.00 0.00
SINCE 7/1 0.0 0.0 0.0
LIQUID 7/1 0.00
DAYS >= TRACE 0 0.0 0.0
DAYS >= 1.0 0 0.0 0.0
GREATEST
SNOW DEPTH 0
24 HR TOTAL MM
STORM TOTAL 0.0
(MM/DD(HH))
DEGREE DAYS
HEATING TOTAL 14 22 -8
SINCE 7/1 0 0 0
COOLING TOTAL 825 833 -8
SINCE 1/1 856 866 -10
..............................................................
WIND (MPH)
AVERAGE WIND SPEED 9.8
HIGHEST WIND SPEED/DIRECTION 33/270 DATE 07/29
HIGHEST GUST SPEED/DIRECTION 43/270 DATE 07/29
SKY COVER
POSSIBLE SUNSHINE (PERCENT) MM
AVERAGE SKY COVER 0.64
NUMBER OF DAYS FAIR 8
NUMBER OF DAYS PC 54
NUMBER OF DAYS CLOUDY 30
AVERAGE RH (PERCENT) 74
WEATHER CONDITIONS. NUMBER OF DAYS WITH
THUNDERSTORM 24 MIXED PRECIP 0
HEAVY RAIN 11 RAIN 14
LIGHT RAIN 37 FREEZING RAIN 0
LT FREEZING RAIN 0 HAIL 0
HEAVY SNOW 0 SNOW 0
LIGHT SNOW 0 SLEET 0
FOG 39 FOG W/VIS <= 1/4 MILE 0
HAZE 13
- INDICATES NEGATIVE NUMBERS.
R INDICATES RECORD WAS SET OR TIED.
MM INDICATES DATA IS MISSING.
T INDICATES TRACE AMOUNT.
$$