000
CXUS51 KOKX 011221
CLSJFK
CLIMATE REPORT
NATIONAL WEATHER SERVICE NEW YORK, NY
818 AM EDT WED JUN 01 2022
...................................
...THE KENNEDY NY CLIMATE SUMMARY FOR THE SEASON, FROM
3/1/2022 TO 5/31/2022...
CLIMATE NORMAL PERIOD 1991 TO 2020
CLIMATE RECORD PERIOD 1948 TO 2022
WEATHER OBSERVED NORMAL DEPART LAST YEAR`S
VALUE DATE(S) VALUE FROM VALUE
NORMAL
..............................................................
TEMPERATURE (F)
RECORD
HIGH 99 05/29/1969
LOW 7 03/19/1967
HIGHEST 94 05/31 MM MM
LOWEST 19 03/04 MM MM
AVG. MAXIMUM 60.0 58.6 1.4
AVG. MINIMUM 44.4 43.0 1.4
MEAN 52.2 50.8 1.4
DAYS MAX >= 90 1 0.0 1.0
DAYS MAX <= 32 0 1.0 -1.0
DAYS MIN <= 32 12 13.1 -1.1
DAYS MIN <= 0 0 0.0 0.0
PRECIPITATION (INCHES)
RECORD
MAXIMUM 20.40 1984
MINIMUM 6.34 2016
TOTALS 10.06 11.15 -1.09 10.28
DAILY AVG. 0.11 0.12 -0.01
DAYS >= .01 35 34.0 1.0
DAYS >= .10 16 20.3 -4.3
DAYS >= .50 10 7.7 2.3
DAYS >= 1.00 1 2.9 -1.9
GREATEST
24 HR. TOTAL 1.57
STORM TOTAL 1.04
(MM/DD(HH))
SNOWFALL (INCHES)
RECORDS
TOTAL 21.1 1960
24 HR TOTAL 9.0 03/13/1993 TO 03/13/1993
TOTALS 0.5 4.9 -4.4
LIQUID EQUIV 0.10 0.40 -0.30
SINCE 7/1 21.7 25.9 -4.2
LIQUID 7/1 2.17
DAYS >= TRACE 4 3.0 1.0
DAYS >= 1.0 0 1.0 -1.0
GREATEST
SNOW DEPTH 0
24 HR TOTAL MM
STORM TOTAL 0.3
(MM/DD(HH))
DEGREE DAYS
HEATING TOTAL 1208 1337 -129
SINCE 7/1 4409 4849 -440
COOLING TOTAL 54 33 21
SINCE 1/1 54 32 22
..............................................................
WIND (MPH)
AVERAGE WIND SPEED 12.5
HIGHEST WIND SPEED/DIRECTION 43/320 DATE 03/12
HIGHEST GUST SPEED/DIRECTION 54/270 DATE 03/12
SKY COVER
POSSIBLE SUNSHINE (PERCENT) MM
AVERAGE SKY COVER 0.68
NUMBER OF DAYS FAIR 8
NUMBER OF DAYS PC 41
NUMBER OF DAYS CLOUDY 43
AVERAGE RH (PERCENT) 65
WEATHER CONDITIONS. NUMBER OF DAYS WITH
THUNDERSTORM 7 MIXED PRECIP 0
HEAVY RAIN 9 RAIN 14
LIGHT RAIN 44 FREEZING RAIN 0
LT FREEZING RAIN 0 HAIL 0
HEAVY SNOW 0 SNOW 1
LIGHT SNOW 4 SLEET 2
FOG 37 FOG W/VIS <= 1/4 MILE 15
HAZE 5
- INDICATES NEGATIVE NUMBERS.
R INDICATES RECORD WAS SET OR TIED.
MM INDICATES DATA IS MISSING.
T INDICATES TRACE AMOUNT.
$$