000
CXUS53 KSGF 010710
CF6JLN
PRELIMINARY LOCAL CLIMATOLOGICAL DATA (WS FORM: F-6)
STATION: JOPLIN MO
MONTH: OCTOBER
YEAR: 2023
LATITUDE: 37 10 N
LONGITUDE: 94 30 W
TEMPERATURE IN F: :PCPN: SNOW: WIND :SUNSHINE: SKY :PK WND
================================================================================
1 2 3 4 5 6A 6B 7 8 9 10 11 12 13 14 15 16 17 18
12Z AVG MX 2MIN
DY MAX MIN AVG DEP HDD CDD WTR SNW DPTH SPD SPD DIR MIN PSBL S-S WX SPD DR
================================================================================
1 88 66 77 12 0 12 0.00 M M 3.6 10 110 M M 1 8 16 150
2 87 65 76 12 0 11 0.00 M M 5.2 13 230 M M 3 16 240
3 83 66 75 11 0 10 T M M 8.1 18 170 M M 3 28 180
4 77 65 71 7 0 6 1.26 M M 6.2 28 120 M M 7 13 36 140
5 79 58 69 6 0 4 0.07 M M 6.0 16 10 M M 3 138 21 350
6 70 39 55 -8 10 0 0.00 M M 4.7 24 360 M M 3 33 360
7 63 35 49 -14 16 0 0.00 M M 3.9 12 340 M M 0 15 320
8 75 43 59 -3 6 0 0.00 M M 12.1 22 230 M M 0 29 220
9 74 48 61 -1 4 0 0.00 M M 4.7 15 220 M M 0 8 20 210
10 75 45 60 -2 5 0 0.00 M M 6.9 14 160 M M 1 20 140
11 81 63 72 11 0 7 0.00 M M 14.8 25 200 M M 2 33 190
12 76 59 68 7 0 3 0.00 M 0 15.6 26 170 M M 4 37 190
13 67 50 59 -1 6 0 0.42 M M 13.9 25 280 M M 6 13 33 280
14 58 48 53 -7 12 0 0.00 M M 10.9 18 300 M M 9 24 290
15 58 43 51 -9 14 0 0.02 M M 11.1 18 340 M M 10 1 24 350
16 65 39 52 -7 13 0 0.00 M M 5.7 17 300 M M 1 22 330
17 68 39 54 -5 11 0 0.00 M M 5.3 16 200 M M 1 21 220
18 76 51 64 5 1 0 T M M 11.7 24 200 M M 1 35 200
19 72 47 60 2 5 0 0.00 M M 7.1 17 270 M M 0 22 290
20 80 47 64 6 1 0 0.00 M M 5.0 12 330 M M 0 8 15 340
21 86 51 69 11 0 4 0.00 M M 4.6 14 350 M M 1 8 18 220
22 78 51 65 8 0 0 0.00 M M 9.7 16 150 M M 1 25 110
23 82 57 70 13 0 5 0.00 M M 13.6 23 190 M M 2 30 190
24 75 64 70 14 0 5 0.09 M M 11.0 29 180 M M 8 8 39 180
25 78 67 73 17 0 8 0.02 M M 14.8 23 190 M M 9 32 150
26 79 66 73 17 0 8 0.06 M M 15.9 25 210 M M 6 35 200
27 74 45 60 5 5 0 0.10 M M 10.8 21 200 M M 10 1 26 320
28 47 39 43 -12 22 0 0.45 M M 9.6 14 20 M M 10 1 20 40
29 40 35 38 -16 27 0 0.91 M M 12.2 21 350 M M 10 1 29 350
30 43 25 34 -20 31 0 0.00 M M 8.0 20 340 M M 0 24 330
31 43 22 33 -21 32 0 0.00 M M 7.8 21 350 M M 0 29 340
================================================================================
SM 2197 1538 221 83 3.40 M 280.5 M 112
================================================================================
AV 70.9 49.6 9.0 FASTST M M 4 MAX(MPH)
MISC ----> 29 180 39 180
================================================================================
NOTES:
# LAST OF SEVERAL OCCURRENCES
COLUMN 17 PEAK WIND IN M.P.H.
PRELIMINARY LOCAL CLIMATOLOGICAL DATA (WS FORM: F-6) , PAGE 2
STATION: JOPLIN MO
MONTH: OCTOBER
YEAR: 2023
LATITUDE: 37 10 N
LONGITUDE: 94 30 W
[TEMPERATURE DATA] [PRECIPITATION DATA] SYMBOLS USED IN COLUMN 16
AVERAGE MONTHLY: 60.2 TOTAL FOR MONTH: 3.40 1 = FOG OR MIST
DPTR FM NORMAL: 0.9 DPTR FM NORMAL: -0.40 2 = FOG REDUCING VISIBILITY
HIGHEST: 88 ON 1 GRTST 24HR 1.26 ON 4- 4 TO 1/4 MILE OR LESS
LOWEST: 22 ON 31 3 = THUNDER
SNOW, ICE PELLETS, HAIL 4 = ICE PELLETS
TOTAL MONTH: M 5 = HAIL
GRTST 24HR M ON M 6 = FREEZING RAIN OR DRIZZLE
GRTST DEPTH: 0 7 = DUSTSTORM OR SANDSTORM:
VSBY 1/2 MILE OR LESS
8 = SMOKE OR HAZE
[NO. OF DAYS WITH] [WEATHER - DAYS WITH] 9 = BLOWING SNOW
X = TORNADO
MAX 32 OR BELOW: 0 0.01 INCH OR MORE: 10
MAX 90 OR ABOVE: 0 0.10 INCH OR MORE: 5
MIN 32 OR BELOW: 2 0.50 INCH OR MORE: 2
MIN 0 OR BELOW: 0 1.00 INCH OR MORE: 1
[HDD (BASE 65) ]
TOTAL THIS MO. 221 CLEAR (SCALE 0-3) 19
DPTR FM NORMAL -5 PTCLDY (SCALE 4-7) 6
TOTAL FM JUL 1 221 CLOUDY (SCALE 8-10) 6
DPTR FM NORMAL -42
[CDD (BASE 65) ]
TOTAL THIS MO. 83
DPTR FM NORMAL 34 [PRESSURE DATA]
TOTAL FM JAN 1 1930 HIGHEST SLP M ON M
DPTR FM NORMAL 285 LOWEST SLP 29.56 ON 12
[REMARKS]
#FINAL-10-23#