000
CXUS53 KBIS 010830
CF6JMS
PRELIMINARY LOCAL CLIMATOLOGICAL DATA (WS FORM: F-6)
STATION: JAMESTOWN ND
MONTH: OCTOBER
YEAR: 2022
LATITUDE: 46 55 N
LONGITUDE: 98 40 W
TEMPERATURE IN F: :PCPN: SNOW: WIND :SUNSHINE: SKY :PK WND
================================================================================
1 2 3 4 5 6A 6B 7 8 9 10 11 12 13 14 15 16 17 18
12Z AVG MX 2MIN
DY MAX MIN AVG DEP HDD CDD WTR SNW DPTH SPD SPD DIR MIN PSBL S-S WX SPD DR
================================================================================
1 66 51 59 7 6 0 0.03 M M 9.8 17 80 M M 2 27 80
2 77 51 64 13 1 0 0.02 M M 11.3 21 150 M M 2 3 29 140
3 71 52 62 11 3 0 0.03 M M 7.4 18 160 M M 4 26 170
4 74 50 62 12 3 0 0.00 M M 4.8 12 300 M M 4 13 16 290
5 78 43 61 11 4 0 T M M 10.9 24 10 M M 3 1 37 10
6 48 25 37 -12 28 0 0.00 M M 13.1 23 10 M M 2 34 360
7 52 19 36 -12 29 0 0.00 M M 6.4 16 260 M M 0 1 25 290
8 70 34 52 4 13 0 0.00 M M 9.0 22 300 M M 0 29 320
9 62 33 48 0 17 0 0.00 M M 6.6 17 10 M M 0 18 23 40
10 72 29 51 4 14 0 0.00 M M 9.0 21 180 M M 0 12 30 190
11 71 39 55 9 10 0 0.00 M M 11.2 29 300 M M 1 39 300
12 52 33 43 -3 22 0 T M M 17.4 35 300 M M 6 18 48 320
13 45 32 39 -6 26 0 0.00 M M 15.5 37 310 M M 7 50 310
14 47 27 37 -8 28 0 T M M 14.7 30 350 M M 6 8 40 350
15 57 32 45 1 20 0 0.00 M M 15.4 26 330 M M 5 38 340
16 44 23 34 -10 31 0 0.00 M M 13.9 24 340 M M 4 35 350
17 40 18 29 -14 36 0 0.00 M M 8.1 16 360 M M 2 23 10
18 46 13 30 -13 35 0 0.00 M M 2.7 8 220 M M 0 10 250
19 69 24 47 5 18 0 0.00 M M 6.5 17 330 M M 0 22 330
20 75 33 54 12 11 0 0.00 M M 8.5 16 300 M M 0 8 21 290
21 62 41 52 11 13 0 0.00 M M 8.3 22 320 M M 2 8 29 330
22 63 42 53 12 12 0 0.00 M M 11.0 23 60 M M 1 29 50
23 74 36 55 15 10 0 T M M 15.3 29 100 M M 1 3 36 130
24 62 33 48 8 17 0 0.04 M M 19.1 33 240 M M 9 18 46 240
25 49 27 38 -1 27 0 0.00 M M 10.2 21 310 M M 6 30 300
26 56 25 41 2 24 0 0.00 M M 5.7 16 180 M M 2 24 180
27 59 31 45 7 20 0 0.00 M M 9.7 23 180 M M 3 31 180
28 66 31 49 11 16 0 0.00 M M 8.9 21 230 M M 0 25 230
29 60 26 43 6 22 0 0.00 M M 4.6 15 330 M M 0 19 330
30 63 31 47 11 18 0 0.00 M M 6.1 12 200 M M 0 8 17 220
31 66 36 51 15 14 0 0.00 M M 6.5 15 270 M M 0 20 270
================================================================================
SM 1896 1020 548 0 0.12 M 307.6 M 72
================================================================================
AV 61.2 32.9 9.9 FASTST M M 2 MAX(MPH)
MISC ----> 37 310 50 310
================================================================================
NOTES:
# LAST OF SEVERAL OCCURRENCES
COLUMN 17 PEAK WIND IN M.P.H.
PRELIMINARY LOCAL CLIMATOLOGICAL DATA (WS FORM: F-6) , PAGE 2
STATION: JAMESTOWN ND
MONTH: OCTOBER
YEAR: 2022
LATITUDE: 46 55 N
LONGITUDE: 98 40 W
[TEMPERATURE DATA] [PRECIPITATION DATA] SYMBOLS USED IN COLUMN 16
AVERAGE MONTHLY: 47.0 TOTAL FOR MONTH: 0.12 1 = FOG OR MIST
DPTR FM NORMAL: 3.2 DPTR FM NORMAL: -1.55 2 = FOG REDUCING VISIBILITY
HIGHEST: 78 ON 5 GRTST 24HR 0.10 ON 30- 1 TO 1/4 MILE OR LESS
LOWEST: 13 ON 18 3 = THUNDER
SNOW, ICE PELLETS, HAIL 4 = ICE PELLETS
TOTAL MONTH: M 5 = HAIL
GRTST 24HR M ON M 6 = FREEZING RAIN OR DRIZZLE
GRTST DEPTH: M ON M 7 = DUSTSTORM OR SANDSTORM:
VSBY 1/2 MILE OR LESS
8 = SMOKE OR HAZE
[NO. OF DAYS WITH] [WEATHER - DAYS WITH] 9 = BLOWING SNOW
X = TORNADO
MAX 32 OR BELOW: 0 0.01 INCH OR MORE: 4
MAX 90 OR ABOVE: 0 0.10 INCH OR MORE: 0
MIN 32 OR BELOW: 16 0.50 INCH OR MORE: 0
MIN 0 OR BELOW: 0 1.00 INCH OR MORE: 0
[HDD (BASE 65) ]
TOTAL THIS MO. 548 CLEAR (SCALE 0-3) 22
DPTR FM NORMAL -111 PTCLDY (SCALE 4-7) 8
TOTAL FM JUL 1 716 CLOUDY (SCALE 8-10) 1
DPTR FM NORMAL -240
[CDD (BASE 65) ]
TOTAL THIS MO. 0
DPTR FM NORMAL -2 [PRESSURE DATA]
TOTAL FM JAN 1 566 HIGHEST SLP 30.67 ON 7
DPTR FM NORMAL 145 LOWEST SLP 29.11 ON 24
[REMARKS]
#FINAL-10-22#