000
CXHW50 PHFO 011250
CF6JRF
PRELIMINARY LOCAL CLIMATOLOGICAL DATA (WS FORM: F-6)
STATION: KALAELOA ARPT/OAHU HI
MONTH: JUNE
YEAR: 2022
LATITUDE: 21 19 N
LONGITUDE: 158 4 W
TEMPERATURE IN F: :PCPN: SNOW: WIND :SUNSHINE: SKY :PK WND
================================================================================
1 2 3 4 5 6A 6B 7 8 9 10 11 12 13 14 15 16 17 18
12Z AVG MX 2MIN
DY MAX MIN AVG DEP HDD CDD WTR SNW DPTH SPD SPD DIR MIN PSBL S-S WX SPD DR
================================================================================
1 90 71 81 3 0 16 0.00 M M 6.7 15 50 M M 4 22 60
2 87 68 78 0 0 13 T M M 6.6 17 130 M M 5 22 130
3 86 72 79 1 0 14 0.00 M M 6.2 13 220 M M 3 19 280
4 86 69 78 0 0 13 0.00 M M 7.1 17 130 M M 1 21 130
5 87 70 79 0 0 14 0.00 M M 7.1 16 130 M M 2 19 130
6 89 69 79 0 0 14 0.00 M M 7.2 18 150 M M 1 21 140
7 89 71 80 1 0 15 0.00 M M 7.0 22 120 M M 1 28 120
8 87 71 79 0 0 14 T M M 9.4 22 120 M M 1 28 120
9 89 68 79 0 0 14 0.00 M M 7.6 22 130 M M 1 27 140
10 89 71 80 1 0 15 0.00 M M 7.2 17 140 M M 1 22 50
11 91 71 81 2 0 16 0.00 M M 7.5 16 100 M M 2 25 80
12 89 74 82 3 0 17 0.00 M M 8.0 17 60 M M 4 26 30
13 89 71 80 1 0 15 0.00 M M 7.9 17 50 M M 2 29 60
14 88 76 82 3 0 17 0.00 M M 8.1 18 50 M M 1 29 40
15 91 72 82 3 0 17 T M M 6.3 16 60 M M 5 25 50
16 88 72 80 0 0 15 0.04 M M 6.4 16 110 M M 4 22 50
17 91 73 82 2 0 17 0.00 M M 7.4 17 100 M M 2 22 90
18 90 74 82 2 0 17 0.00 M M 8.1 17 120 M M 3 25 110
19 87 72 80 0 0 15 0.00 M M 8.1 20 120 M M 1 26 120
20 89 73 81 1 0 16 T M M 8.1 22 120 M M 3 26 120
21 90 71 81 1 0 16 0.00 M M 7.6 16 80 M M 1 24 80
22 91 74 83 3 0 18 0.00 M M 7.6 16 60 M M 2 25 20
23 89 73 81 1 0 16 0.00 M M 7.3 15 60 M M 2 22 100
24 89 70 80 0 0 15 T M M 6.9 14 140 M M 3 20 80
25 88 72 80 0 0 15 T M M 8.0 20 130 M M 4 23 120
26 88 71 80 0 0 15 0.00 M M 9.3 23 140 M M 3 26 130
27 89 70 80 0 0 15 0.00 M M 7.5 16 110 M M 3 23 90
28 90 72 81 1 0 16 0.00 M M 8.6 17 50 M M 2 27 60
29 89 74 82 2 0 17 0.00 M M 8.6 21 100 M M 3 29 80
30 91 76 84 4 0 19 0.00 M M 8.8 18 80 M M 2 28 70
================================================================================
SM 2666 2151 0 466 0.04 M 228.2 M 72
================================================================================
AV 88.9 71.7 7.6 FASTST M M 2 MAX(MPH)
MISC ----> 23 140 # 29 60
================================================================================
NOTES:
# LAST OF SEVERAL OCCURRENCES
COLUMN 17 PEAK WIND IN M.P.H.
PRELIMINARY LOCAL CLIMATOLOGICAL DATA (WS FORM: F-6) , PAGE 2
STATION: KALAELOA ARPT/OAHU HI
MONTH: JUNE
YEAR: 2022
LATITUDE: 21 19 N
LONGITUDE: 158 4 W
[TEMPERATURE DATA] [PRECIPITATION DATA] SYMBOLS USED IN COLUMN 16
AVERAGE MONTHLY: 80.3 TOTAL FOR MONTH: 0.04 1 = FOG OR MIST
DPTR FM NORMAL: 1.0 DPTR FM NORMAL: -0.23 2 = FOG REDUCING VISIBILITY
HIGHEST: 91 ON 30,22 GRTST 24HR 0.04 ON 15-16 TO 1/4 MILE OR LESS
LOWEST: 68 ON 9, 2 3 = THUNDER
SNOW, ICE PELLETS, HAIL 4 = ICE PELLETS
TOTAL MONTH: M 5 = HAIL
GRTST 24HR M ON M 6 = FREEZING RAIN OR DRIZZLE
GRTST DEPTH: M ON M 7 = DUSTSTORM OR SANDSTORM:
VSBY 1/2 MILE OR LESS
8 = SMOKE OR HAZE
[NO. OF DAYS WITH] [WEATHER - DAYS WITH] 9 = BLOWING SNOW
X = TORNADO
MAX 32 OR BELOW: 0 0.01 INCH OR MORE: 1
MAX 90 OR ABOVE: 9 0.10 INCH OR MORE: 0
MIN 32 OR BELOW: 0 0.50 INCH OR MORE: 0
MIN 0 OR BELOW: 0 1.00 INCH OR MORE: 0
[HDD (BASE 65) ]
TOTAL THIS MO. 0 CLEAR (SCALE 0-3) 22
DPTR FM NORMAL 0 PTCLDY (SCALE 4-7) 8
TOTAL FM JUL 1 0 CLOUDY (SCALE 8-10) 0
DPTR FM NORMAL 0
[CDD (BASE 65) ]
TOTAL THIS MO. 466
DPTR FM NORMAL 37 [PRESSURE DATA]
TOTAL FM JAN 1 2327 HIGHEST SLP 30.16 ON 13
DPTR FM NORMAL 469 LOWEST SLP 29.97 ON 25
[REMARKS]
#FINAL-06-22#