000
CXUS53 KIND 010600
CF6LAF
PRELIMINARY LOCAL CLIMATOLOGICAL DATA (WS FORM: F-6)
STATION: LAFAYETTE IN
MONTH: MARCH
YEAR: 2021
LATITUDE: 40 25 N
LONGITUDE: 86 56 W
TEMPERATURE IN F: :PCPN: SNOW: WIND :SUNSHINE: SKY :PK WND
================================================================================
1 2 3 4 5 6A 6B 7 8 9 10 11 12 13 14 15 16 17 18
12Z AVG MX 2MIN
DY MAX MIN AVG DEP HDD CDD WTR SNW DPTH SPD SPD DIR MIN PSBL S-S WX SPD DR
================================================================================
1 44 30 37 2 28 0 0.00 M M 9.3 21 330 M M 2 28 290
2 48 23 36 1 29 0 0.00 M M 6.2 15 190 M M 0 22 230
3 62 37 50 14 15 0 0.00 M M 6.7 13 320 M M 0 17 310
4 50 32 41 5 24 0 0.00 M M 9.4 20 350 M M 0 26 350
5 52 25 39 3 26 0 0.00 M M 5.8 16 330 M M 0 21 330
6 54 25 40 3 25 0 0.00 M M 3.7 13 280 M M 1 17 320
7 56 23 40 3 25 0 0.00 M M 2.6 9 130 M M 0 14 130
8 70 39 55 17 10 0 0.00 M M 6.7 21 250 M M 0 32 240
9 71 42 57 19 8 0 0.00 M M 6.3 18 190 M M 0 28 190
10 71 54 63 25 2 0 0.00 M M 13.0 29 210 M M 7 52 210
11 67 45 56 17 9 0 0.21 M M 10.7 23 270 M M 6 33 270
12 62 31 47 8 18 0 0.00 M M 4.3 17 30 M M 1 128 21 10
13 57 37 47 7 18 0 0.00 M M 4.4 10 50 M M 0 15 60
14 58 35 47 7 18 0 0.00 M M 6.8 23 80 M M 0 33 90
15 46 34 40 0 25 0 0.53 M M 17.4 36 80 M M 8 168 54 90
16 46 37 42 1 23 0 0.00 M M 6.0 13 30 M M 10 18 16 70
17 62 41 52 11 13 0 0.09 M M 9.3 16 100 M M 8 18 22 100
18 53 38 46 4 19 0 1.55 M M 19.1 35 50 M M 9 18 48 40
19 52 33 43 1 22 0 0.00 M M 13.8 23 30 M M 0 33 20
20 62 31 47 5 18 0 0.00 M M 6.6 12 130 M M 0 19 120
21 70 34 52 9 13 0 0.00 M M 4.5 13 160 M M 0 19 160
22 71 41 56 13 9 0 0.00 M M 4.7 18 190 M M 2 27 180
23 69 52 61 17 4 0 0.04 M M 9.0 18 140 M M 7 29 160
24 72 51 62 18 3 0 0.06 M M 10.6 25 230 M M 6 40 240
25 61 44 53 9 12 0 0.86 M M 8.2 24 20 M M 5 13 33 20
26 54 44 49 4 16 0 0.19 M M 7.8 29 310 M M 10 18 45 320
27 77 44 61 16 4 0 0.26 M M 8.8 23 340 M M 3 138 31 350
28 56 37 47 2 18 0 0.08 M M 15.1 29 290 M M 8 1 40 320
29 63 30 47 1 18 0 0.00 M M 6.9 15 170 M M 0 27 170
30 75 48 62 16 3 0 0.14 M M 11.6 28 310 M M 3 37 310
31 50 35 43 -3 22 0 T M M 14.2 26 290 M M 3 42 280
================================================================================
SM 1861 1152 497 0 4.01 M 269.5 M 99
================================================================================
AV 60.0 37.2 8.7 FASTST M M 3 MAX(MPH)
MISC ----> 36 80 54 90
================================================================================
NOTES:
# LAST OF SEVERAL OCCURRENCES
COLUMN 17 PEAK WIND IN M.P.H.
PRELIMINARY LOCAL CLIMATOLOGICAL DATA (WS FORM: F-6) , PAGE 2
STATION: LAFAYETTE IN
MONTH: MARCH
YEAR: 2021
LATITUDE: 40 25 N
LONGITUDE: 86 56 W
[TEMPERATURE DATA] [PRECIPITATION DATA] SYMBOLS USED IN COLUMN 16
AVERAGE MONTHLY: 48.6 TOTAL FOR MONTH: 4.01 1 = FOG OR MIST
DPTR FM NORMAL: 7.8 DPTR FM NORMAL: 1.34 2 = FOG REDUCING VISIBILITY
HIGHEST: 77 ON 27 GRTST 24HR 1.64 ON 17-18 TO 1/4 MILE OR LESS
LOWEST: 23 ON 7, 2 3 = THUNDER
SNOW, ICE PELLETS, HAIL 4 = ICE PELLETS
TOTAL MONTH: M 5 = HAIL
GRTST 24HR M ON M 6 = FREEZING RAIN OR DRIZZLE
GRTST DEPTH: M ON M 7 = DUSTSTORM OR SANDSTORM:
VSBY 1/2 MILE OR LESS
8 = SMOKE OR HAZE
[NO. OF DAYS WITH] [WEATHER - DAYS WITH] 9 = BLOWING SNOW
X = TORNADO
MAX 32 OR BELOW: 0 0.01 INCH OR MORE: 11
MAX 90 OR ABOVE: 0 0.10 INCH OR MORE: 7
MIN 32 OR BELOW: 9 0.50 INCH OR MORE: 3
MIN 0 OR BELOW: 0 1.00 INCH OR MORE: 1
[HDD (BASE 65) ]
TOTAL THIS MO. 497 CLEAR (SCALE 0-3) 18
DPTR FM NORMAL -254 PTCLDY (SCALE 4-7) 9
TOTAL FM JUL 1 4434 CLOUDY (SCALE 8-10) 4
DPTR FM NORMAL -652
[CDD (BASE 65) ]
TOTAL THIS MO. 0
DPTR FM NORMAL -1 [PRESSURE DATA]
TOTAL FM JAN 1 0 HIGHEST SLP M ON M
DPTR FM NORMAL -1 LOWEST SLP 29.41 ON 25
[REMARKS]
#FINAL-03-21#