824
CXUS52 KTBW 040335
CF6LAL
PRELIMINARY LOCAL CLIMATOLOGICAL DATA (WS FORM: F-6)
STATION: Lakeland Linder
MONTH: APRIL
YEAR: 2020
LATITUDE: 28 0 N
LONGITUDE: 82 3 W
TEMPERATURE IN F: :PCPN: SNOW: WIND :SUNSHINE: SKY :PK WND
================================================================================
1 2 3 4 5 6A 6B 7 8 9 10 11 12 13 14 15 16 17 18
12Z AVG MX 2MIN
DY MAX MIN AVG DEP HDD CDD WTR SNW DPTH SPD SPD DIR MIN PSBL S-S WX SPD DR
================================================================================
1 85 59 72 1 0 7 0.32 0.0 0 9.0 15 330 M M 1 21 290
2 79 54 67 -4 0 2 0.00 0.0 0 1.7 6 290 M M 0 M M
3 85 54 70 -1 0 5 0.00 0.0 0 2.8 12 310 M M 1 M M
4 88 58 73 2 0 8 0.00 0.0 0 4.5 10 280 M M 0 17 280
5 87 63 75 4 0 10 0.03 0.0 0 6.5 13 20 M M 9 M M
6 81 61 71 0 0 6 0.35 0.0 0 10.2 15 80 M M 7 23 80
7 88 63 76 5 0 11 0.00 0.0 0 4.4 14 300 M M 4 M M
8 89 67 78 6 0 13 0.00 0.0 0 8.7 14 280 M M 2 8 18 300
9 89 71 80 8 0 15 0.00 0.0 0 11.2 16 280 M M 5 1 21 280
10 87 72 80 8 0 15 0.00 0.0 0 10.3 13 300 M M 6 1 18 310
11 85 63 74 2 0 9 0.00 0.0 0 7.9 13 110 M M 6 M M
12 95 73 84 12 0 19 0.00 0.0 0 11.5 14 180 M M 7 24 160
13 95 78 87 15 0 22 0.00 0.0 0 13.6 20 220 M M 5 28 250
14 94 73 84 12 0 19 0.00 0.0 0 7.6 12 230 M M 5 1 18 270
15 92 76 84 11 0 19 0.00 0.0 0 10.4 18 260 M M 8 1 28 270
16 86 61 74 1 0 9 0.10 0.0 0 11.7 18 70 M M 10 1 28 70
17 86 63 75 2 0 10 0.15 0.0 0 6.2 13 100 M M 8 18 80
18 82 69 76 3 0 11 0.73 0.0 0 6.1 13 290 M M 4 123 18 270
19 93 71 82 9 0 17 0.00 0.0 0 6.4 14 260 M M 4 12 23 260
20 91 72 82 8 0 17 0.32 0.0 0 10.7 18 230 M M 5 1 32 240
21 88 59 74 0 0 9 0.00 0.0 0 4.3 14 300 M M 3 1 16 320
22 88 62 75 1 0 10 0.00 0.0 0 4.7 13 50 M M 0 M M
23 94 62 78 4 0 13 0.00 0.0 0 11.0 18 190 M M 2 28 170
24 94 67 81 7 0 16 1.20 0.0 0 8.7 35 320 M M 7 13 47 320
25 89 67 78 4 0 13 0.17 0.0 0 5.5 14 220 M M 6 21 220
26 88 74 81 6 0 16 0.00 0.0 0 6.6 14 290 M M 4 1 23 290
27 80 59 70 -5 0 5 0.00 0.0 0 7.0 12 330 M M 0 M M
28 84 57 71 -4 0 6 0.00 0.0 0 7.0 14 80 M M 0 18 100
29 88 64 76 1 0 11 0.00 0.0 0 8.5 14 120 M M 2 18 210
30 M M M M M M M 0.0 0 11.2 17 300 M M 6 1 M M
================================================================================
SM 2550 1892 0 343 3.37 0.0 235.9 M 127
================================================================================
AV 87.9 65.2 7.9 FASTST M M 4 MAX(MPH)
MISC ----> # 35 320 # 47 320
================================================================================
NOTES:
# LAST OF SEVERAL OCCURRENCES
COLUMN 17 PEAK WIND IN M.P.H.
PRELIMINARY LOCAL CLIMATOLOGICAL DATA (WS FORM: F-6) , PAGE 2
STATION: Lakeland Linder
MONTH: APRIL
YEAR: 2020
LATITUDE: 28 0 N
LONGITUDE: 82 3 W
[TEMPERATURE DATA] [PRECIPITATION DATA] SYMBOLS USED IN COLUMN 16
AVERAGE MONTHLY: 76.6 TOTAL FOR MONTH: 3.37 1 = FOG OR MIST
DPTR FM NORMAL: 5.5 DPTR FM NORMAL: 0.70 2 = FOG REDUCING VISIBILITY
HIGHEST: 95 ON 13,12 GRTST 24HR 1.20 ON 24-24 TO 1/4 MILE OR LESS
LOWEST: 54 ON 3, 2 3 = THUNDER
SNOW, ICE PELLETS, HAIL 4 = ICE PELLETS
TOTAL MONTH: 0.0 INCH 5 = HAIL
GRTST 24HR 0.0 6 = FREEZING RAIN OR DRIZZLE
GRTST DEPTH: 0 7 = DUSTSTORM OR SANDSTORM:
VSBY 1/2 MILE OR LESS
8 = SMOKE OR HAZE
[NO. OF DAYS WITH] [WEATHER - DAYS WITH] 9 = BLOWING SNOW
X = TORNADO
MAX 32 OR BELOW: 0 0.01 INCH OR MORE: 9
MAX 90 OR ABOVE: 8 0.10 INCH OR MORE: 8
MIN 32 OR BELOW: 0 0.50 INCH OR MORE: 2
MIN 0 OR BELOW: 0 1.00 INCH OR MORE: 1
[HDD (BASE 65) ]
TOTAL THIS MO. 0 CLEAR (SCALE 0-3) 11
DPTR FM NORMAL -5 PTCLDY (SCALE 4-7) 16
TOTAL FM JUL 1 290 CLOUDY (SCALE 8-10) 3
DPTR FM NORMAL -155
[CDD (BASE 65) ]
TOTAL THIS MO. 343
DPTR FM NORMAL 102 [PRESSURE DATA]
TOTAL FM JAN 1 897 HIGHEST SLP M ON M
DPTR FM NORMAL 375 LOWEST SLP M ON M
[REMARKS]
#FINAL-04-20#