000
CXUS53 KGRR 010910
CF6LAN
PRELIMINARY LOCAL CLIMATOLOGICAL DATA (WS FORM: F-6)
STATION: LANSING
MONTH: AUGUST
YEAR: 2022
LATITUDE: 42 46 N
LONGITUDE: 84 36 W
TEMPERATURE IN F: :PCPN: SNOW: WIND :SUNSHINE: SKY :PK WND
================================================================================
1 2 3 4 5 6A 6B 7 8 9 10 11 12 13 14 15 16 17 18
12Z AVG MX 2MIN
DY MAX MIN AVG DEP HDD CDD WTR SNW DPTH SPD SPD DIR MIN PSBL S-S WX SPD DR
================================================================================
1 85 68 77 5 0 12 0.01 0.0 0 11.5 26 260 M M 6 18 34 250
2 84 60 72 0 0 7 0.00 0.0 0 5.5 15 30 M M 1 20 330
3 94 71 83 12 0 18 1.22 0.0 0 11.5 31 310 M M 4 138 45 310
4 83 71 77 6 0 12 0.77 0.0 0 5.1 18 220 M M 6 138 23 220
5 86 71 79 8 0 14 0.00 0.0 0 5.1 12 50 M M 7 1 15 50
6 90 72 81 10 0 16 0.00 0.0 0 7.0 16 220 M M 1 1 22 200
7 89 74 82 11 0 17 1.78 0.0 0 7.5 30 260 M M 4 123 38 260
8 85 65 75 4 0 10 0.13 0.0 0 11.1 28 250 M M 9 1 39 240
9 77 59 68 -3 0 3 0.00 0.0 0 3.9 13 50 M M 4 18 50
10 83 56 70 -1 0 5 0.00 0.0 0 4.7 14 270 M M 1 20 260
11 79 58 69 -2 0 4 0.00 0.0 0 6.9 15 20 M M 4 20 330
12 79 52 66 -5 0 1 0.00 0.0 0 2.4 9 40 M M 0 13 30
13 64 57 61 -10 4 0 0.63 0.0 0 4.6 15 120 M M 7 1 20 140
14 73 58 66 -4 0 1 0.00 0.0 0 7.2 13 60 M M 10 18 17 110
15 82 60 71 1 0 6 0.00 0.0 0 5.8 16 30 M M 4 22 50
16 83 57 70 0 0 5 0.00 0.0 0 6.7 17 60 M M 1 26 50
17 83 58 71 1 0 6 0.00 0.0 0 3.8 12 100 M M 2 1 17 310
18 83 59 71 1 0 6 0.00 0.0 0 3.3 14 240 M M 1 1 18 270
19 84 60 72 2 0 7 0.00 0.0 0 5.5 16 220 M M 2 21 220
20 83 64 74 4 0 9 0.79 0.0 0 6.8 25 320 M M 3 13 36 320
21 81 64 73 3 0 8 0.27 0.0 0 4.0 14 40 M M 5 1 19 40
22 81 62 72 2 0 7 0.00 0.0 0 5.6 14 280 M M 3 1 18 290
23 82 57 70 1 0 5 0.00 0.0 0 3.4 10 290 M M 0 14 350
24 85 62 74 5 0 9 0.00 0.0 0 3.0 13 30 M M 0 18 17 30
25 81 64 73 4 0 8 0.03 0.0 0 5.5 15 220 M M 4 1 20 230
26 77 60 69 0 0 4 0.00 0.0 0 5.3 14 350 M M 7 18 19 340
27 81 56 69 0 0 4 0.00 0.0 0 4.5 13 150 M M 0 1 18 170
28 86 60 73 5 0 8 0.00 0.0 0 10.4 20 180 M M 1 28 180
29 86 67 77 9 0 12 0.34 0.0 0 10.8 35 300 M M 5 13 51 300
30 78 62 70 2 0 5 T 0.0 0 13.0 23 270 M M 6 33 260
31 81 60 71 3 0 6 0.00 0.0 0 10.2 22 260 M M 1 31 280
================================================================================
SM 2548 1924 4 235 5.97 0.0 201.6 M 109
================================================================================
AV 82.2 62.1 6.5 FASTST M M 4 MAX(MPH)
MISC ----> 35 300 51 300
================================================================================
NOTES:
# LAST OF SEVERAL OCCURRENCES
COLUMN 17 PEAK WIND IN M.P.H.
PRELIMINARY LOCAL CLIMATOLOGICAL DATA (WS FORM: F-6) , PAGE 2
STATION: LANSING
MONTH: AUGUST
YEAR: 2022
LATITUDE: 42 46 N
LONGITUDE: 84 36 W
[TEMPERATURE DATA] [PRECIPITATION DATA] SYMBOLS USED IN COLUMN 16
AVERAGE MONTHLY: 72.1 TOTAL FOR MONTH: 5.97 1 = FOG OR MIST
DPTR FM NORMAL: 2.1 DPTR FM NORMAL: 2.49 2 = FOG REDUCING VISIBILITY
HIGHEST: 94 ON 3 GRTST 24HR 1.91 ON 7- 8 TO 1/4 MILE OR LESS
LOWEST: 52 ON 12 3 = THUNDER
SNOW, ICE PELLETS, HAIL 4 = ICE PELLETS
TOTAL MONTH: 0.0 INCH 5 = HAIL
GRTST 24HR 0.0 6 = FREEZING RAIN OR DRIZZLE
GRTST DEPTH: 0 7 = DUSTSTORM OR SANDSTORM:
VSBY 1/2 MILE OR LESS
8 = SMOKE OR HAZE
[NO. OF DAYS WITH] [WEATHER - DAYS WITH] 9 = BLOWING SNOW
X = TORNADO
MAX 32 OR BELOW: 0 0.01 INCH OR MORE: 10
MAX 90 OR ABOVE: 2 0.10 INCH OR MORE: 8
MIN 32 OR BELOW: 0 0.50 INCH OR MORE: 5
MIN 0 OR BELOW: 0 1.00 INCH OR MORE: 2
[HDD (BASE 65) ]
TOTAL THIS MO. 4 CLEAR (SCALE 0-3) 13
DPTR FM NORMAL -16 PTCLDY (SCALE 4-7) 16
TOTAL FM JUL 1 4 CLOUDY (SCALE 8-10) 2
DPTR FM NORMAL -24
[CDD (BASE 65) ]
TOTAL THIS MO. 235
DPTR FM NORMAL 58 [PRESSURE DATA]
TOTAL FM JAN 1 823 HIGHEST SLP 30.27 ON 12
DPTR FM NORMAL 240 LOWEST SLP 29.74 ON 3
[REMARKS]
#FINAL-08-22#