000
CXUS55 KVEF 012124
CF6LAS
PRELIMINARY LOCAL CLIMATOLOGICAL DATA (WS FORM: F-6)
STATION: LAS VEGAS NV
MONTH: JULY
YEAR: 2022
LATITUDE: 36 4 N
LONGITUDE: 115 10 W
TEMPERATURE IN F: :PCPN: SNOW: WIND :SUNSHINE: SKY :PK WND
================================================================================
1 2 3 4 5 6A 6B 7 8 9 10 11 12 13 14 15 16 17 18
12Z AVG MX 2MIN
DY MAX MIN AVG DEP HDD CDD WTR SNW DPTH SPD SPD DIR MIN PSBL S-S WX SPD DR
================================================================================
1 104 86 95 3 0 30 0.00 0.0 0 13.2 23 240 M M 1 39 230
2 104 82 93 1 0 28 0.00 0.0 0 12.3 23 250 M M 0 33 250
3 100 79 90 -2 0 25 0.00 0.0 0 11.0 20 230 M M 0 30 210
4 99 76 88 -4 0 23 0.00 0.0 0 9.2 20 230 M M 0 34 210
5 101 77 89 -3 0 24 0.00 0.0 0 8.8 17 230 M M 1 28 190
6 100 80 90 -3 0 25 0.00 0.0 0 8.1 20 150 M M 1 33 160
7 104 80 92 -1 0 27 0.00 0.0 0 6.3 18 210 M M 0 28 170
8 106 82 94 1 0 29 0.00 0.0 0 7.7 17 190 M M 3 35 140
9 109 79 94 1 0 29 0.00 0.0 0 8.2 23 260 M M 2 29 250
10 109 83 96 3 0 31 0.00 0.0 0 5.3 14 230 M M 2 20 250
11 111 85 98 5 0 33 0.00 0.0 0 4.6 17 230 M M 1 24 160
12 112 88 100 7 0 35 0.00 0.0 0 6.5 18 180 M M 2 26 190
13 109 91 100 7 0 35 0.00 0.0 0 6.8 23 180 M M 4 35 170
14 107 81 94 0 0 29 0.01 0.0 0 7.3 24 190 M M 8 3 36 180
15 105 80 93 -1 0 28 0.00 0.0 0 4.3 13 270 M M 6 3 19 70
16 110 87 99 5 0 34 0.00 0.0 0 6.9 32 230 M M 4 38 51 230
17 108 90 99 5 0 34 0.00 0.0 0 5.6 18 180 M M 6 3 27 180
18 104 87 96 2 0 31 0.17 0.0 0 8.7 25 180 M M 6 3 43 180
19 109 84 97 3 0 32 0.00 0.0 0 5.3 16 170 M M 2 25 220
20 110 89 100 6 0 35 0.00 0.0 0 6.9 16 220 M M 5 25 190
21 111 90 101 7 0 36 0.00 0.0 0 6.5 15 220 M M 5 26 220
22 112 89 101 7 0 36 0.00 0.0 0 6.1 15 230 M M 7 22 250
23 102 89 96 2 0 31 0.00 0.0 0 8.0 22 170 M M 7 33 180
24 105 86 96 2 0 31 0.00 0.0 0 8.8 18 140 M M 5 30 160
25 95 79 87 -7 0 22 0.03 0.0 0 6.2 30 230 M M 8 38 47 220
26 94 77 86 -8 0 21 0.00 0.0 0 6.0 17 240 M M 8 23 240
27 101 78 90 -4 0 25 T 0.0 0 7.0 48 30 M M 7 378 60 30
28 100 72 86 -8 0 21 0.32 0.0 0 5.7 44 10 M M 7 3 59 20
29 99 75 87 -7 0 22 0.03 0.0 0 6.1 33 30 M M 7 3 44 50
30 96 76 86 -8 0 21 0.00 0.0 0 5.1 14 80 M M 8 19 110
31 91 78 85 -9 0 20 0.12 0.0 0 6.3 18 110 M M 8 3 27 90
================================================================================
SM 3227 2555 0 883 0.68 0.0 224.8 M 131
================================================================================
AV104.1 82.4 7.3 FASTST M M 4 MAX(MPH)
MISC ----> 48 30 60 30
================================================================================
NOTES:
# LAST OF SEVERAL OCCURRENCES
COLUMN 17 PEAK WIND IN M.P.H.
PRELIMINARY LOCAL CLIMATOLOGICAL DATA (WS FORM: F-6) , PAGE 2
STATION: LAS VEGAS NV
MONTH: JULY
YEAR: 2022
LATITUDE: 36 4 N
LONGITUDE: 115 10 W
[TEMPERATURE DATA] [PRECIPITATION DATA] SYMBOLS USED IN COLUMN 16
AVERAGE MONTHLY: 93.3 TOTAL FOR MONTH: 0.68 1 = FOG OR MIST
DPTR FM NORMAL: 0.1 DPTR FM NORMAL: 0.30 2 = FOG REDUCING VISIBILITY
HIGHEST: 112 ON 22,12 GRTST 24HR 0.32 ON 27-28 TO 1/4 MILE OR LESS
LOWEST: 72 ON 28 3 = THUNDER
SNOW, ICE PELLETS, HAIL 4 = ICE PELLETS
TOTAL MONTH: 0.0 INCH 5 = HAIL
GRTST 24HR 0.0 6 = FREEZING RAIN OR DRIZZLE
GRTST DEPTH: 0 7 = DUSTSTORM OR SANDSTORM:
VSBY 1/2 MILE OR LESS
8 = SMOKE OR HAZE
[NO. OF DAYS WITH] [WEATHER - DAYS WITH] 9 = BLOWING SNOW
X = TORNADO
MAX 32 OR BELOW: 0 0.01 INCH OR MORE: 6
MAX 90 OR ABOVE: 31 0.10 INCH OR MORE: 3
MIN 32 OR BELOW: 0 0.50 INCH OR MORE: 0
MIN 0 OR BELOW: 0 1.00 INCH OR MORE: 0
[HDD (BASE 65) ]
TOTAL THIS MO. 0 CLEAR (SCALE 0-3) 13
DPTR FM NORMAL 0 PTCLDY (SCALE 4-7) 18
TOTAL FM JUL 1 0 CLOUDY (SCALE 8-10) 0
DPTR FM NORMAL 0
[CDD (BASE 65) ]
TOTAL THIS MO. 883
DPTR FM NORMAL 7 [PRESSURE DATA]
TOTAL FM JAN 1 2254 HIGHEST SLP 30.02 ON 15
DPTR FM NORMAL 136 LOWEST SLP 29.61 ON 22
[REMARKS]
#FINAL-07-22#