872
CXUS55 KVEF 010940
CF6LAS
PRELIMINARY LOCAL CLIMATOLOGICAL DATA (WS FORM: F-6)
STATION: LAS VEGAS NV
MONTH: APRIL
YEAR: 2020
LATITUDE: 36 4 N
LONGITUDE: 115 10 W
TEMPERATURE IN F: :PCPN: SNOW: WIND :SUNSHINE: SKY :PK WND
================================================================================
1 2 3 4 5 6A 6B 7 8 9 10 11 12 13 14 15 16 17 18
12Z AVG MX 2MIN
DY MAX MIN AVG DEP HDD CDD WTR SNW DPTH SPD SPD DIR MIN PSBL S-S WX SPD DR
================================================================================
1 82 56 69 6 0 4 0.00 0.0 0 8.6 26 220 M M 3 38 200
2 70 56 63 0 2 0 0.00 0.0 0 9.3 28 20 M M 1 35 10
3 73 52 63 -1 2 0 0.00 0.0 0 6.4 15 40 M M 2 18 50
4 77 51 64 0 1 0 0.00 0.0 0 7.5 18 240 M M 1 26 240
5 75 56 66 2 0 1 0.00 0.0 0 13.4 23 190 M M 7 31 190
6 68 55 62 -2 3 0 T 0.0 0 8.5 18 270 M M 8 23 200
7 65 55 60 -5 5 0 0.05 0.0 0 6.3 16 320 M M 5 19 290
8 71 51 61 -4 4 0 T 0.0 0 7.2 28 190 M M 6 41 150
9 61 48 55 -10 10 0 0.00 0.0 0 7.2 18 90 M M 8 23 80
10 62 52 57 -8 8 0 T 0.0 0 3.3 12 290 M M 9 14 290
11 76 51 64 -2 1 0 0.00 0.0 0 6.3 17 240 M M 4 23 240
12 76 58 67 1 0 2 0.11 0.0 0 6.5 28 320 M M 6 3 38 320
13 75 54 65 -1 0 0 0.00 0.0 0 9.5 29 350 M M 4 38 350
14 69 51 60 -6 5 0 0.00 0.0 0 7.6 18 40 M M 1 24 40
15 79 50 65 -2 0 0 0.00 0.0 0 6.3 17 180 M M 1 23 170
16 81 59 70 3 0 5 0.00 0.0 0 4.8 15 20 M M 4 17 30
17 77 60 69 1 0 4 0.00 0.0 0 8.8 21 280 M M 6 3 27 260
18 72 56 64 -4 1 0 0.01 0.0 0 4.5 23 240 M M 3 27 240
19 81 57 69 1 0 4 0.00 0.0 0 7.7 18 250 M M 3 26 270
20 79 59 69 1 0 4 0.20 0.0 0 5.2 16 30 M M 6 38 23 170
21 79 58 69 0 0 4 0.00 0.0 0 5.1 30 40 M M 5 36 20
22 88 60 74 5 0 9 0.00 0.0 0 4.8 17 350 M M 1 22 360
23 91 66 79 9 0 14 0.00 0.0 0 13.6 29 350 M M 3 35 340
24 87 69 78 8 0 13 0.00 0.0 0 7.6 20 60 M M 1 25 80
25 91 65 78 8 0 13 0.00 0.0 0 4.2 13 90 M M 6 16 60
26 95 73 84 14 0 19 0.00 0.0 0 5.5 16 270 M M 8 19 220
27 94 69 82 11 0 17 0.00 0.0 0 4.8 13 180 M M 4 19 150
28 97 71 84 13 0 19 0.00 0.0 0 4.9 14 40 M M 3 21 50
29 99 73 86 14 0 21 0.00 0.0 0 4.5 15 90 M M 5 20 100
30 97 79 88 16 0 23 0.00 0.0 0 11.9 21 220 M M 5 30 260
================================================================================
SM 2387 1770 42 176 0.37 0.0 211.8 M 129
================================================================================
AV 79.6 59.0 7.1 FASTST M M 4 MAX(MPH)
MISC ----> # 30 40 # 41 150
================================================================================
NOTES:
# LAST OF SEVERAL OCCURRENCES
COLUMN 17 PEAK WIND IN M.P.H.
PRELIMINARY LOCAL CLIMATOLOGICAL DATA (WS FORM: F-6) , PAGE 2
STATION: LAS VEGAS NV
MONTH: APRIL
YEAR: 2020
LATITUDE: 36 4 N
LONGITUDE: 115 10 W
[TEMPERATURE DATA] [PRECIPITATION DATA] SYMBOLS USED IN COLUMN 16
AVERAGE MONTHLY: 69.3 TOTAL FOR MONTH: 0.37 1 = FOG OR MIST
DPTR FM NORMAL: 2.1 DPTR FM NORMAL: 0.22 2 = FOG REDUCING VISIBILITY
HIGHEST: 99 ON 29 GRTST 24HR 0.20 ON 20-20 TO 1/4 MILE OR LESS
LOWEST: 48 ON 9 3 = THUNDER
SNOW, ICE PELLETS, HAIL 4 = ICE PELLETS
TOTAL MONTH: 0.0 INCH 5 = HAIL
GRTST 24HR 0.0 6 = FREEZING RAIN OR DRIZZLE
GRTST DEPTH: 0 7 = DUSTSTORM OR SANDSTORM:
VSBY 1/2 MILE OR LESS
8 = SMOKE OR HAZE
[NO. OF DAYS WITH] [WEATHER - DAYS WITH] 9 = BLOWING SNOW
X = TORNADO
MAX 32 OR BELOW: 0 0.01 INCH OR MORE: 4
MAX 90 OR ABOVE: 7 0.10 INCH OR MORE: 2
MIN 32 OR BELOW: 0 0.50 INCH OR MORE: 0
MIN 0 OR BELOW: 0 1.00 INCH OR MORE: 0
[HDD (BASE 65) ]
TOTAL THIS MO. 42 CLEAR (SCALE 0-3) 9
DPTR FM NORMAL -21 PTCLDY (SCALE 4-7) 19
TOTAL FM JUL 1 1751 CLOUDY (SCALE 8-10) 2
DPTR FM NORMAL -192
[CDD (BASE 65) ]
TOTAL THIS MO. 176
DPTR FM NORMAL 47 [PRESSURE DATA]
TOTAL FM JAN 1 178 HIGHEST SLP M ON M
DPTR FM NORMAL 18 LOWEST SLP 29.53 ON 1
[REMARKS]
#FINAL-04-20#