966
CXUS56 KLOX 011255
CF6LAX
PRELIMINARY LOCAL CLIMATOLOGICAL DATA (WS FORM: F-6)
STATION: LOS ANGELES INTL AIRPORT CA
MONTH: JANUARY
YEAR: 2021
LATITUDE: 33 55 N
LONGITUDE: 118 24 W
TEMPERATURE IN F: :PCPN: SNOW: WIND :SUNSHINE: SKY :PK WND
================================================================================
1 2 3 4 5 6A 6B 7 8 9 10 11 12 13 14 15 16 17 18
12Z AVG MX 2MIN
DY MAX MIN AVG DEP HDD CDD WTR SNW DPTH SPD SPD DIR MIN PSBL S-S WX SPD DR
================================================================================
1 67 43 55 -1 10 0 0.00 M M 3.8 17 240 M M 3 8 20 240
2 63 46 55 -1 10 0 0.00 M M 4.9 13 270 M M 6 16 240
3 62 49 56 0 9 0 0.00 M M 5.1 13 250 M M 6 18 17 270
4 59 48 54 -2 11 0 0.00 M M 5.3 18 260 M M 4 18 21 270
5 57 50 54 -2 11 0 0.00 M M 4.4 14 270 M M 6 128 23 280
6 66 48 57 1 8 0 0.00 M M 3.6 12 260 M M 6 128 16 210
7 67 43 55 -1 10 0 0.00 M M 3.0 20 270 M M 5 1 21 260
8 67 45 56 -1 9 0 0.00 M M 6.0 22 330 M M 5 128 29 310
9 71 45 58 1 7 0 0.00 M M 5.9 20 330 M M 3 18 28 330
10 70 48 59 2 6 0 0.00 M M 4.5 13 270 M M 4 17 270
11 72 48 60 3 5 0 0.00 M M 3.7 14 270 M M 3 18 270
12 71 50 61 4 4 0 0.00 M M 5.1 13 270 M M 5 16 270
13 73 49 61 4 4 0 0.00 M M 3.4 13 260 M M 5 15 270
14 79 48 64 7 1 0 0.00 M M 4.1 14 270 M M 1 19 270
15 87 51 69 12 0 4 0.00 M M 3.7 13 270 M M 2 16 230
16 82 55 69 12 0 4 T M M 4.5 14 260 M M 2 16 270
17 85 55 70 13 0 5 0.00 M M 4.6 13 270 M M 1 18 250
18 77 51 64 7 1 0 0.00 M M 5.8 14 270 M M 3 18 15 270
19 72 54 63 6 2 0 T M M 9.4 30 70 M M 8 37 60
20 77 55 66 9 0 1 0.00 M M 4.8 13 60 M M 2 17 150
21 70 54 62 5 3 0 0.00 M M 4.8 15 230 M M 1 18 210
22 61 52 57 0 8 0 0.00 M M 10.4 20 260 M M 7 1 23 250
23 54 47 51 -6 14 0 0.18 M M 5.6 17 270 M M 9 1 19 270
24 57 42 50 -7 15 0 T M M 8.6 22 260 M M 5 1 26 260
25 54 45 50 -7 15 0 0.16 M M 16.6 40 270 M M 6 1 47 270
26 56 43 50 -7 15 0 0.00 M M 6.0 16 240 M M 3 19 230
27 58 47 53 -4 12 0 0.00 M M 8.8 20 110 M M 7 24 110
28 63 44 54 -3 11 0 0.89 M M 8.3 25 250 M M 8 1 32 150
29 56 47 52 -5 13 0 0.68 M M 6.6 23 240 M M 8 1 26 240
30 59 43 51 -6 14 0 0.00 M M 5.8 14 270 M M 1 18 270
31 70 47 59 2 6 0 0.00 M M 5.9 14 260 M M 7 16 250
================================================================================
SM 2082 1492 234 14 1.91 M 183.0 M 142
================================================================================
AV 67.2 48.1 5.9 FASTST M M 5 MAX(MPH)
MISC ----> 40 270 47 270
================================================================================
NOTES:
# LAST OF SEVERAL OCCURRENCES
COLUMN 17 PEAK WIND IN M.P.H.
PRELIMINARY LOCAL CLIMATOLOGICAL DATA (WS FORM: F-6) , PAGE 2
STATION: LOS ANGELES INTL AIRPORT CA
MONTH: JANUARY
YEAR: 2021
LATITUDE: 33 55 N
LONGITUDE: 118 24 W
[TEMPERATURE DATA] [PRECIPITATION DATA] SYMBOLS USED IN COLUMN 16
AVERAGE MONTHLY: 57.6 TOTAL FOR MONTH: 1.91 1 = FOG OR MIST
DPTR FM NORMAL: 0.9 DPTR FM NORMAL: -0.80 2 = FOG REDUCING VISIBILITY
HIGHEST: 87 ON 15 GRTST 24HR 3.71 ON 28-29 TO 1/4 MILE OR LESS
LOWEST: 42 ON 24 3 = THUNDER
SNOW, ICE PELLETS, HAIL 4 = ICE PELLETS
TOTAL MONTH: M 5 = HAIL
GRTST 24HR M ON M 6 = FREEZING RAIN OR DRIZZLE
GRTST DEPTH: M ON M 7 = DUSTSTORM OR SANDSTORM:
VSBY 1/2 MILE OR LESS
8 = SMOKE OR HAZE
[NO. OF DAYS WITH] [WEATHER - DAYS WITH] 9 = BLOWING SNOW
X = TORNADO
MAX 32 OR BELOW: 0 0.01 INCH OR MORE: 4
MAX 90 OR ABOVE: 0 0.10 INCH OR MORE: 4
MIN 32 OR BELOW: 0 0.50 INCH OR MORE: 2
MIN 0 OR BELOW: 0 1.00 INCH OR MORE: 0
[HDD (BASE 65) ]
TOTAL THIS MO. 234 CLEAR (SCALE 0-3) 10
DPTR FM NORMAL -28 PTCLDY (SCALE 4-7) 20
TOTAL FM JUL 1 590 CLOUDY (SCALE 8-10) 1
DPTR FM NORMAL -111
[CDD (BASE 65) ]
TOTAL THIS MO. 14
DPTR FM NORMAL 10 [PRESSURE DATA]
TOTAL FM JAN 1 14 HIGHEST SLP 30.29 ON 12
DPTR FM NORMAL 10 LOWEST SLP 29.69 ON 19
[REMARKS]
#FINAL-01-21#