000
CXUS52 KMLB 010631
CF6LEE
PRELIMINARY LOCAL CLIMATOLOGICAL DATA (WS FORM: F-6)
STATION: LEESBURG
MONTH: OCTOBER
YEAR: 2021
LATITUDE: 28 49 N
LONGITUDE: 81 49 W
TEMPERATURE IN F: :PCPN: SNOW: WIND :SUNSHINE: SKY :PK WND
================================================================================
1 2 3 4 5 6A 6B 7 8 9 10 11 12 13 14 15 16 17 18
12Z AVG MX 2MIN
DY MAX MIN AVG DEP HDD CDD WTR SNW DPTH SPD SPD DIR MIN PSBL S-S WX SPD DR
================================================================================
1 93 68 81 2 0 16 0.00 0.0 0 5.7 14 90 M M 1 17 90
2 91 73 82 3 0 17 0.01 0.0 0 6.6 14 110 M M 2 18 130
3 90 71 81 2 0 16 0.00 0.0 0 5.5 12 90 M M 3 16 90
4 92 70 81 2 0 16 0.00 0.0 0 4.7 17 30 M M 2 1 22 50
5 92 72 82 4 0 17 T 0.0 0 5.5 17 100 M M 1 3 22 110
6 91 77 84 6 0 19 0.00 0.0 0 5.1 12 140 M M 0 14 30
7 95 75 85 7 0 20 0.02 0.0 0 4.2 13 110 M M 1 17 130
8 90 74 82 4 0 17 1.07 0.0 0 5.5 17 50 M M 4 123 27 310
9 90 71 81 4 0 16 0.00 0.0 0 5.6 16 350 M M 2 1 22 360
10 90 71 81 4 0 16 0.00 0.0 0 7.0 15 50 M M 1 19 50
11 90 69 80 3 0 15 0.24 0.0 0 5.3 18 80 M M 3 1 25 100
12 92 72 82 5 0 17 0.00 0.0 0 7.3 17 50 M M 1 20 50
13 92 72 82 6 0 17 0.00 0.0 0 6.8 14 50 M M 2 19 30
14 92 73 83 7 0 18 0.00 0.0 0 4.8 10 70 M M 3 19 30
15 92 72 82 6 0 17 0.00 0.0 0 3.8 10 40 M M 2 15 20
16 91 70 81 5 0 16 0.00 0.0 0 2.7 10 290 M M 2 1 14 280
17 85 64 75 0 0 10 0.09 0.0 0 10.2 17 360 M M 3 1 23 360
18 85 60 73 -2 0 8 0.00 0.0 0 7.5 16 40 M M 0 21 40
19 86 65 76 2 0 11 0.00 0.0 0 7.4 16 50 M M 1 20 50
20 87 63 75 1 0 10 0.00 0.0 0 5.6 14 70 M M 1 18 40
21 88 65 77 3 0 12 0.00 0.0 0 3.5 10 100 M M 1 14 100
22 91 68 80 6 0 15 0.00 0.0 0 2.6 10 70 M M 0 1 15 60
23 88 70 79 6 0 14 0.00 0.0 0 3.8 10 40 M M 0 13 80
24 89 73 81 8 0 16 0.48 0.0 0 5.9 17 60 M M 4 1 22 60
25 86 73 80 7 0 15 0.43 0.0 0 5.8 15 200 M M 5 1 23 210
26 86 68 77 5 0 12 0.00 0.0 0 7.8 18 270 M M 2 25 270
27 84 60 72 0 0 7 0.00 0.0 0 2.4 8 270 M M 0 12 320
28 82 64 73 1 0 8 1.00 0.0 0 8.6 22 250 M M 7 138 32 240
29 81 63 72 1 0 7 0.05 0.0 0 7.6 21 260 M M 9 1 32 270
30 73 60 67 -4 0 2 0.04 0.0 0 6.1 17 290 M M 7 1 23 290
31 73 57 65 -6 0 0 0.00 0.0 0 5.9 12 310 M M 5 19 320
================================================================================
SM 2727 2123 0 417 3.43 0.0 176.8 M 75
================================================================================
AV 88.0 68.5 5.7 FASTST M M 2 MAX(MPH)
MISC ----> 22 250 # 32 240
================================================================================
NOTES:
# LAST OF SEVERAL OCCURRENCES
COLUMN 17 PEAK WIND IN M.P.H.
PRELIMINARY LOCAL CLIMATOLOGICAL DATA (WS FORM: F-6) , PAGE 2
STATION: LEESBURG
MONTH: OCTOBER
YEAR: 2021
LATITUDE: 28 49 N
LONGITUDE: 81 49 W
[TEMPERATURE DATA] [PRECIPITATION DATA] SYMBOLS USED IN COLUMN 16
AVERAGE MONTHLY: 78.2 TOTAL FOR MONTH: 3.43 1 = FOG OR MIST
DPTR FM NORMAL: 2.9 DPTR FM NORMAL: 0.81 2 = FOG REDUCING VISIBILITY
HIGHEST: 95 ON 7 GRTST 24HR 1.07 ON 7- 8 TO 1/4 MILE OR LESS
LOWEST: 57 ON 31 3 = THUNDER
SNOW, ICE PELLETS, HAIL 4 = ICE PELLETS
TOTAL MONTH: 0.0 INCH 5 = HAIL
GRTST 24HR 0.0 6 = FREEZING RAIN OR DRIZZLE
GRTST DEPTH: 0 7 = DUSTSTORM OR SANDSTORM:
VSBY 1/2 MILE OR LESS
8 = SMOKE OR HAZE
[NO. OF DAYS WITH] [WEATHER - DAYS WITH] 9 = BLOWING SNOW
X = TORNADO
MAX 32 OR BELOW: 0 0.01 INCH OR MORE: 10
MAX 90 OR ABOVE: 17 0.10 INCH OR MORE: 5
MIN 32 OR BELOW: 0 0.50 INCH OR MORE: 2
MIN 0 OR BELOW: 0 1.00 INCH OR MORE: 2
[HDD (BASE 65) ]
TOTAL THIS MO. 0 CLEAR (SCALE 0-3) 21
DPTR FM NORMAL -7 PTCLDY (SCALE 4-7) 9
TOTAL FM JUL 1 0 CLOUDY (SCALE 8-10) 1
DPTR FM NORMAL -3
[CDD (BASE 65) ]
TOTAL THIS MO. 417
DPTR FM NORMAL 91 [PRESSURE DATA]
TOTAL FM JAN 1 3614 HIGHEST SLP M ON M
DPTR FM NORMAL 320 LOWEST SLP 29.66 ON 29
[REMARKS]
#FINAL-10-21#
ON 10/28/2021, LSBF1 (LISBON COOP) WAS USED FOR PRECIPITATION DUE TO A TIPPING BUCKET FAILURE.
THE ORIGINAL VALUE OF 0.06 INCHES WAS CHANGED TO 1.00 INCHES.