000
CXUS52 KMLB 011600
CF6LEE
PRELIMINARY LOCAL CLIMATOLOGICAL DATA (WS FORM: F-6)
STATION: LEESBURG
MONTH: NOVEMBER
YEAR: 2023
LATITUDE: 28 49 N
LONGITUDE: 81 49 W
TEMPERATURE IN F: :PCPN: SNOW: WIND :SUNSHINE: SKY :PK WND
================================================================================
1 2 3 4 5 6A 6B 7 8 9 10 11 12 13 14 15 16 17 18
12Z AVG MX 2MIN
DY MAX MIN AVG DEP HDD CDD WTR SNW DPTH SPD SPD DIR MIN PSBL S-S WX SPD DR
================================================================================
1 72 52 62 -8 3 0 0.00 0.0 0 12.9 23 30 M M 3 32 30
2 78 49 64 -6 1 0 0.00 0.0 0 10.6 20 50 M M 1 29 70
3 77 57 67 -3 0 2 0.00 0.0 0 9.2 16 360 M M 5 23 360
4 79 58 69 -1 0 4 0.00 0.0 0 8.2 17 30 M M 5 26 10
5 80 52 66 -3 0 1 0.00 0.0 0 4.9 12 340 M M 1 16 10
6 81 52 67 -2 0 2 0.00 0.0 0 2.7 12 20 M M 0 15 40
7 82 56 69 0 0 4 0.00 0.0 0 2.0 8 50 M M 0 1 11 290
8 83 55 69 0 0 4 0.00 0.0 0 1.8 8 120 M M 0 14 120
9 84 59 72 4 0 7 0.00 0.0 0 2.3 10 110 M M 0 1 14 120
10 88 64 76 8 0 11 0.00 0.0 0 3.5 8 150 M M 5 11 150
11 87 73 80 12 0 15 0.09 0.0 0 5.4 10 50 M M 6 1 17 70
12 73 65 69 1 0 4 T 0.0 0 8.9 15 40 M M 10 1 19 40
13 74 63 69 1 0 4 T 0.0 0 10.9 18 20 M M 10 1 26 30
14 75 64 70 3 0 5 0.03 0.0 0 10.0 20 50 M M 9 1 29 50
15 74 67 71 4 0 6 0.01 0.0 0 10.9 18 90 M M 9 1 33 90
16 71 66 69 2 0 4 2.72 0.0 0 12.4 22 30 M M 10 1 34 50
17 76 66 71 4 0 6 0.84 0.0 0 8.7 18 30 M M 10 1 26 360
18 80 63 72 6 0 7 T 0.0 0 5.9 13 350 M M 7 18 19 330
19 81 60 71 5 0 6 0.00 0.0 0 2.1 8 290 M M 0 1 13 140
20 82 61 72 6 0 7 0.00 0.0 0 3.8 13 100 M M 3 12 18 100
21 82 67 75 9 0 10 0.00 0.0 0 7.4 15 140 M M 1 22 160
22 79 60 70 4 0 5 0.01 0.0 0 9.2 17 200 M M 7 1 25 210
23 66 50 58 -8 7 0 0.00 0.0 0 6.4 13 350 M M 0 18 360
24 60 53 57 -9 8 0 0.01 0.0 0 4.3 10 40 M M 5 1 16 350
25 74 56 65 0 0 0 0.00 0.0 0 7.3 15 60 M M 9 21 50
26 73 63 68 3 0 3 0.03 0.0 0 6.4 13 180 M M 9 1 19 220
27 71 55 63 -2 2 0 0.00 0.0 0 7.2 16 350 M M 5 24 330
28 57 43 50 -15 15 0 0.00 0.0 0 6.0 14 360 M M 0 20 360
29 65 42 54 -11 11 0 0.00 0.0 0 6.0 10 360 M M 0 17 10
30 75 42 59 -6 6 0 0.00 0.0 0 5.2 13 60 M M 1 17 90
================================================================================
SM 2279 1733 53 117 3.74 0.0 202.5 M 131
================================================================================
AV 76.0 57.8 6.7 FASTST M M 4 MAX(MPH)
MISC ----> 23 30 34 50
================================================================================
NOTES:
# LAST OF SEVERAL OCCURRENCES
COLUMN 17 PEAK WIND IN M.P.H.
PRELIMINARY LOCAL CLIMATOLOGICAL DATA (WS FORM: F-6) , PAGE 2
STATION: LEESBURG
MONTH: NOVEMBER
YEAR: 2023
LATITUDE: 28 49 N
LONGITUDE: 81 49 W
[TEMPERATURE DATA] [PRECIPITATION DATA] SYMBOLS USED IN COLUMN 16
AVERAGE MONTHLY: 66.9 TOTAL FOR MONTH: 3.74 1 = FOG OR MIST
DPTR FM NORMAL: -0.3 DPTR FM NORMAL: 1.98 2 = FOG REDUCING VISIBILITY
HIGHEST: 88 ON 10 GRTST 24HR 3.35 ON 16-17 TO 1/4 MILE OR LESS
LOWEST: 42 ON 30,29 3 = THUNDER
SNOW, ICE PELLETS, HAIL 4 = ICE PELLETS
TOTAL MONTH: 0.0 INCH 5 = HAIL
GRTST 24HR 0.0 6 = FREEZING RAIN OR DRIZZLE
GRTST DEPTH: 0 7 = DUSTSTORM OR SANDSTORM:
VSBY 1/2 MILE OR LESS
8 = SMOKE OR HAZE
[NO. OF DAYS WITH] [WEATHER - DAYS WITH] 9 = BLOWING SNOW
X = TORNADO
MAX 32 OR BELOW: 0 0.01 INCH OR MORE: 8
MAX 90 OR ABOVE: 0 0.10 INCH OR MORE: 2
MIN 32 OR BELOW: 0 0.50 INCH OR MORE: 2
MIN 0 OR BELOW: 0 1.00 INCH OR MORE: 1
[HDD (BASE 65) ]
TOTAL THIS MO. 53 CLEAR (SCALE 0-3) 13
DPTR FM NORMAL -2 PTCLDY (SCALE 4-7) 9
TOTAL FM JUL 1 56 CLOUDY (SCALE 8-10) 8
DPTR FM NORMAL -7
[CDD (BASE 65) ]
TOTAL THIS MO. 117
DPTR FM NORMAL -4 [PRESSURE DATA]
TOTAL FM JAN 1 3752 HIGHEST SLP 30.29 ON 2
DPTR FM NORMAL 337 LOWEST SLP 29.75 ON 18
[REMARKS]
#FINAL-11-23#