000
CXUS53 KLMK 010710
CF6LEX
PRELIMINARY LOCAL CLIMATOLOGICAL DATA (WS FORM: F-6)
STATION: LEXINGTON KY
MONTH: JULY
YEAR: 2022
LATITUDE: 38 1 N
LONGITUDE: 84 36 W
TEMPERATURE IN F: :PCPN: SNOW: WIND :SUNSHINE: SKY :PK WND
================================================================================
1 2 3 4 5 6A 6B 7 8 9 10 11 12 13 14 15 16 17 18
12Z AVG MX 2MIN
DY MAX MIN AVG DEP HDD CDD WTR SNW DPTH SPD SPD DIR MIN PSBL S-S WX SPD DR
================================================================================
1 96 76 86 10 0 21 0.00 0.0 0 8.6 16 210 M M 3 3 23 230
2 93 74 84 8 0 19 T 0.0 0 6.0 15 340 M M 3 22 350
3 88 67 78 2 0 13 0.47 0.0 0 7.9 18 360 M M 5 1 29 350
4 95 67 81 5 0 16 0.00 0.0 0 5.6 13 110 M M 0 17 110
5 97 76 87 11 0 22 0.00 0.0 0 9.1 26 70 M M 1 3 35 80
6 98 74 86 9 0 21 0.06 0.0 0 8.2 37 340 M M 1 3 56 330
7 93 72 83 6 0 18 0.02 0.0 0 5.2 16 340 M M 2 1 22 10
8 85 73 79 2 0 14 0.61 0.0 0 4.1 17 310 M M 7 123 27 310
9 75 69 72 -5 0 7 0.69 0.0 0 7.4 18 50 M M 8 12 24 50
10 89 64 77 0 0 12 0.00 0.0 0 8.2 15 20 M M 1 1 21 30
11 90 66 78 1 0 13 0.00 0.0 0 5.0 14 210 M M 0 19 240
12 92 70 81 4 0 16 0.00 0.0 0 8.3 16 260 M M 1 24 310
13 89 62 76 -1 0 11 0.00 0.0 0 3.4 14 270 M M 1 20 270
14 89 64 77 0 0 12 0.00 0.0 0 3.5 14 360 M M 1 19 350
15 90 62 76 -1 0 11 0.00 0.0 0 2.7 12 340 M M 0 19 10
16 93 70 82 5 0 17 T 0.0 0 7.7 17 200 M M 4 24 220
17 84 72 78 1 0 13 0.51 0.0 0 9.1 16 200 M M 4 1 24 200
18 82 70 76 -1 0 11 0.84 0.0 0 7.2 14 160 M M 7 13 20 160
19 88 70 79 2 0 14 0.00 0.0 0 5.5 12 210 M M 4 128 16 250
20 92 75 84 7 0 19 0.03 0.0 0 10.5 20 200 M M 4 3 28 210
21 91 73 82 5 0 17 0.00 0.0 0 6.8 15 270 M M 1 21 280
22 93 68 81 4 0 16 0.00 0.0 0 6.7 15 190 M M 0 19 210
23 94 72 83 6 0 18 0.00 0.0 0 6.9 15 180 M M 0 21 170
24 93 73 83 6 0 18 T 0.0 0 10.5 18 200 M M 0 26 230
25 85 75 80 3 0 15 0.10 0.0 0 3.6 13 260 M M 6 1 18 290
26 83 71 77 0 0 12 2.03 0.0 0 4.9 14 260 M M 9 138 18 260
27 89 73 81 4 0 16 0.61 0.0 0 8.1 18 230 M M 5 138 28 230
28 87 71 79 2 0 14 0.26 0.0 0 7.5 15 230 M M 5 1 21 230
29 84 65 75 -2 0 10 0.01 0.0 0 5.6 14 290 M M 7 20 280
30 83 61 72 -5 0 7 0.00 0.0 0 3.9 9 70 M M 0 14 20
31 79 67 73 -4 0 8 0.22 0.0 0 5.3 14 280 M M 8 13 20 290
================================================================================
SM 2759 2162 0 451 6.46 0.0 203.0 M 98
================================================================================
AV 89.0 69.7 6.5 FASTST M M 3 MAX(MPH)
MISC ----> 37 340 56 330
================================================================================
NOTES:
# LAST OF SEVERAL OCCURRENCES
COLUMN 17 PEAK WIND IN M.P.H.
PRELIMINARY LOCAL CLIMATOLOGICAL DATA (WS FORM: F-6) , PAGE 2
STATION: LEXINGTON KY
MONTH: JULY
YEAR: 2022
LATITUDE: 38 1 N
LONGITUDE: 84 36 W
[TEMPERATURE DATA] [PRECIPITATION DATA] SYMBOLS USED IN COLUMN 16
AVERAGE MONTHLY: 79.4 TOTAL FOR MONTH: 6.46 1 = FOG OR MIST
DPTR FM NORMAL: 2.7 DPTR FM NORMAL: 1.34 2 = FOG REDUCING VISIBILITY
HIGHEST: 98 ON 6 GRTST 24HR 2.15 ON 26-27 TO 1/4 MILE OR LESS
LOWEST: 61 ON 30 3 = THUNDER
SNOW, ICE PELLETS, HAIL 4 = ICE PELLETS
TOTAL MONTH: 0.0 INCH 5 = HAIL
GRTST 24HR 0.0 6 = FREEZING RAIN OR DRIZZLE
GRTST DEPTH: 0 7 = DUSTSTORM OR SANDSTORM:
VSBY 1/2 MILE OR LESS
8 = SMOKE OR HAZE
[NO. OF DAYS WITH] [WEATHER - DAYS WITH] 9 = BLOWING SNOW
X = TORNADO
MAX 32 OR BELOW: 0 0.01 INCH OR MORE: 14
MAX 90 OR ABOVE: 15 0.10 INCH OR MORE: 10
MIN 32 OR BELOW: 0 0.50 INCH OR MORE: 6
MIN 0 OR BELOW: 0 1.00 INCH OR MORE: 1
[HDD (BASE 65) ]
TOTAL THIS MO. 0 CLEAR (SCALE 0-3) 17
DPTR FM NORMAL 0 PTCLDY (SCALE 4-7) 12
TOTAL FM JUL 1 0 CLOUDY (SCALE 8-10) 2
DPTR FM NORMAL 0
[CDD (BASE 65) ]
TOTAL THIS MO. 451
DPTR FM NORMAL 88 [PRESSURE DATA]
TOTAL FM JAN 1 971 HIGHEST SLP M ON M
DPTR FM NORMAL 216 LOWEST SLP 29.70 ON 20
[REMARKS]
#FINAL-07-22#