000
CSUS54 KSHV 011500
CF6LFK
PRELIMINARY LOCAL CLIMATOLOGICAL DATA (WS FORM: F-6)
STATION: LUFKIN
MONTH: MARCH
YEAR: 2020
LATITUDE: 31 14 N
LONGITUDE: 94 45 W
TEMPERATURE IN F: :PCPN: SNOW: WIND :SUNSHINE: SKY :PK WND
================================================================================
1 2 3 4 5 6A 6B 7 8 9 10 11 12 13 14 15 16 17 18
12Z AVG MX 2MIN
DY MAX MIN AVG DEP HDD CDD WTR SNW DPTH SPD SPD DIR MIN PSBL S-S WX SPD DR
================================================================================
1 71 54 63 7 2 0 T 0.0 0 11.0 25 150 M M 8 33 160
2 75 62 69 13 0 4 T 0.0 0 7.0 14 200 M M 7 19 210
3 79 63 71 15 0 6 T 0.0 0 4.7 15 110 M M 6 18 18 120
4 68 52 60 3 5 0 0.81 0.0 0 12.7 25 40 M M 10 13 43 20
5 73 46 60 3 5 0 0.01 0.0 0 6.8 17 330 M M 4 1 24 330
6 71 42 57 0 8 0 0.00 0.0 0 5.5 15 10 M M 0 20 30
7 62 40 51 -7 14 0 0.00 0.0 0 6.4 15 100 M M 0 20 100
8 72 40 56 -2 9 0 0.00 0.0 0 9.0 20 140 M M 0 24 180
9 68 57 63 5 2 0 0.14 0.0 0 6.9 14 170 M M 6 1 19 160
10 79 59 69 11 0 4 0.00 0.0 0 3.0 9 240 M M 7 12 13 200
11 81 60 71 13 0 6 0.00 0.0 0 8.1 18 200 M M 4 1 23 190
12 83 67 75 16 0 10 0.00 0.0 0 10.6 20 210 M M 6 27 180
13 81 67 74 15 0 9 0.00 0.0 0 7.0 16 150 M M 7 21 170
14 79 67 73 14 0 8 T 0.0 0 6.8 16 150 M M 6 21 200
15 83 61 72 13 0 7 0.00 0.0 0 4.4 12 70 M M 8 12 16 30
16 74 57 66 6 0 1 T 0.0 0 3.5 15 100 M M 7 1 17 110
17 83 62 73 13 0 8 0.45 0.0 0 6.0 20 150 M M 7 13 26 150
18 82 67 75 15 0 10 T 0.0 0 8.7 16 170 M M 7 22 140
19 84 70 77 17 0 12 0.09 0.0 0 10.1 20 150 M M 8 13 28 150
20 73 51 62 2 3 0 1.33 0.0 0 6.5 15 350 M M 8 13 23 290
21 57 48 53 -8 12 0 1.43 0.0 0 6.7 14 70 M M 9 13 19 60
22 69 53 61 0 4 0 0.08 0.0 0 4.7 13 130 M M 9 13 16 130
23 81 68 75 14 0 10 0.00 0.0 0 6.7 15 170 M M 8 1 19 170
24 83 65 74 13 0 9 0.00 0.0 0 7.7 20 230 M M 7 1 30 240
25 88 64 76 14 0 11 0.00 0.0 0 4.3 12 180 M M 4 12 14 190
26 88 65 77 15 0 12 0.00 0.0 0 9.2 20 160 M M 3 1 26 170
27 90 69 80 18 0 15 0.00 0.0 0 9.8 21 170 M M 3 32 220
28 78 53 66 4 0 1 0.07 0.0 0 6.3 24 300 M M 6 13 33 300
29 78 48 63 1 2 0 T 0.0 0 3.4 12 130 M M 1 1 15 120
30 70 62 66 3 0 1 0.01 0.0 0 6.6 17 100 M M 9 1 22 100
31 70 49 60 -3 5 0 0.05 0.0 0 5.9 16 330 M M 6 1 24 320
================================================================================
SM 2373 1788 71 144 4.47 0.0 216.0 M 181
================================================================================
AV 76.6 57.7 7.0 FASTST M M 6 MAX(MPH)
MISC ----> # 25 150 # 43 20
================================================================================
NOTES:
# LAST OF SEVERAL OCCURRENCES
COLUMN 17 PEAK WIND IN M.P.H.
PRELIMINARY LOCAL CLIMATOLOGICAL DATA (WS FORM: F-6) , PAGE 2
STATION: LUFKIN
MONTH: MARCH
YEAR: 2020
LATITUDE: 31 14 N
LONGITUDE: 94 45 W
[TEMPERATURE DATA] [PRECIPITATION DATA] SYMBOLS USED IN COLUMN 16
AVERAGE MONTHLY: 67.1 TOTAL FOR MONTH: 4.47 1 = FOG OR MIST
DPTR FM NORMAL: 7.5 DPTR FM NORMAL: 0.69 2 = FOG REDUCING VISIBILITY
HIGHEST: 90 ON 27 GRTST 24HR 1.43 ON 21-21 TO 1/4 MILE OR LESS
LOWEST: 40 ON 8, 7 3 = THUNDER
SNOW, ICE PELLETS, HAIL 4 = ICE PELLETS
TOTAL MONTH: 0.0 INCH 5 = HAIL
GRTST 24HR 0.0 6 = FREEZING RAIN OR DRIZZLE
GRTST DEPTH: 0 7 = DUSTSTORM OR SANDSTORM:
VSBY 1/2 MILE OR LESS
8 = SMOKE OR HAZE
[NO. OF DAYS WITH] [WEATHER - DAYS WITH] 9 = BLOWING SNOW
X = TORNADO
MAX 32 OR BELOW: 0 0.01 INCH OR MORE: 11
MAX 90 OR ABOVE: 1 0.10 INCH OR MORE: 5
MIN 32 OR BELOW: 0 0.50 INCH OR MORE: 3
MIN 0 OR BELOW: 0 1.00 INCH OR MORE: 2
[HDD (BASE 65) ]
TOTAL THIS MO. 71 CLEAR (SCALE 0-3) 6
DPTR FM NORMAL -139 PTCLDY (SCALE 4-7) 19
TOTAL FM JUL 1 1571 CLOUDY (SCALE 8-10) 6
DPTR FM NORMAL -273
[CDD (BASE 65) ]
TOTAL THIS MO. 144
DPTR FM NORMAL 103 [PRESSURE DATA]
TOTAL FM JAN 1 158 HIGHEST SLP 30.51 ON 6
DPTR FM NORMAL 98 LOWEST SLP 29.69 ON 4
[REMARKS]
#FINAL-03-20#