000
CXUS51 KOKX 010910
CF6LGA
PRELIMINARY LOCAL CLIMATOLOGICAL DATA (WS FORM: F-6)
STATION: LAGUARDIA NY
MONTH: MARCH
YEAR: 2022
LATITUDE: 40 46 N
LONGITUDE: 73 54 W
TEMPERATURE IN F: :PCPN: SNOW: WIND :SUNSHINE: SKY :PK WND
================================================================================
1 2 3 4 5 6A 6B 7 8 9 10 11 12 13 14 15 16 17 18
12Z AVG MX 2MIN
DY MAX MIN AVG DEP HDD CDD WTR SNW DPTH SPD SPD DIR MIN PSBL S-S WX SPD DR
================================================================================
1 48 31 40 1 25 0 0.00 0.0 0 9.3 23 170 M M 9 29 190
2 53 40 47 8 18 0 0.00 0.0 0 10.4 18 310 M M 5 23 310
3 48 25 37 -3 28 0 0.03 0.0 0 18.4 30 310 M M 5 38 320
4 38 22 30 -10 35 0 0.00 0.0 0 9.3 21 340 M M 3 25 310
5 45 31 38 -2 27 0 0.00 0.0 0 6.7 18 160 M M 7 23 180
6 68 39 54 14 11 0 0.05 0.0 0 10.5 22 220 M M 9 29 210
7 74 50 62 22 3 0 0.05 0.0 0 13.8 45 290 M M 9 56 290
8 50 40 45 4 20 0 0.00 0.0 0 18.3 38 310 M M 8 46 310
9 41 33 37 -4 28 0 0.58 0.6 0 9.8 17 40 M M 10 14 21 40
10 50 32 41 0 24 0 0.00 0.0 T 5.5 12 170 M M 7 18 15 130
11 53 36 45 3 20 0 0.00 0.0 0 7.0 16 150 M M 5 8 21 160
12 47 25 36 -6 29 0 0.47 0.9 0 18.8 40 320 M M 9 12 48 300
13 35 23 29 -13 36 0 T 0.1 0 16.3 36 290 M M 6 48 300
14 57 34 46 4 19 0 0.00 0.0 0 9.9 18 160 M M 6 23 210
15 68 46 57 14 8 0 T 0.0 0 9.1 25 310 M M 7 29 310
16 64 43 54 11 11 0 0.00 0.0 0 7.9 17 170 M M 4 23 280
17 55 42 49 6 16 0 0.11 0.0 0 9.1 16 50 M M 10 128 19 40
18 73 49 61 18 4 0 0.00 0.0 0 7.7 16 160 M M 5 128 20 170
19 68 46 57 13 8 0 0.07 0.0 0 7.3 16 160 M M 9 1238 19 160
20 61 46 54 10 11 0 T 0.0 0 16.4 32 310 M M 7 40 310
21 62 44 53 9 12 0 0.00 0.0 0 14.3 28 310 M M 3 35 290
22 57 44 51 6 14 0 0.00 0.0 0 16.0 25 310 M M 7 30 320
23 47 39 43 -2 22 0 0.11 0.0 0 11.7 20 110 M M 9 23 50
24 47 39 43 -2 22 0 1.02 0.0 0 17.0 28 50 M M 10 1 34 50
25 60 44 52 6 13 0 0.03 0.0 0 10.7 22 260 M M 8 1 31 270
26 53 43 48 2 17 0 0.04 0.0 0 12.3 24 270 M M 8 3 32 250
27 45 30 38 -8 27 0 T 0.0 0 18.4 31 310 M M 7 38 290
28 32 24 28 -19 37 0 0.00 0.0 0 22.2 32 330 M M 5 42 270
29 37 25 31 -16 34 0 0.00 0.0 0 19.1 28 310 M M 4 35 290
30 47 30 39 -8 26 0 0.00 0.0 0 8.8 21 310 M M 6 24 310
31 64 42 53 5 12 0 0.05 0.0 0 10.8 23 180 M M 10 128 32 160
================================================================================
SM 1647 1137 617 0 2.61 1.6 382.8 M 217
================================================================================
AV 53.1 36.7 12.3 FASTST M M 7 MAX(MPH)
MISC ----> 45 290 56 290
================================================================================
NOTES:
# LAST OF SEVERAL OCCURRENCES
COLUMN 17 PEAK WIND IN M.P.H.
PRELIMINARY LOCAL CLIMATOLOGICAL DATA (WS FORM: F-6) , PAGE 2
STATION: LAGUARDIA NY
MONTH: MARCH
YEAR: 2022
LATITUDE: 40 46 N
LONGITUDE: 73 54 W
[TEMPERATURE DATA] [PRECIPITATION DATA] SYMBOLS USED IN COLUMN 16
AVERAGE MONTHLY: 44.9 TOTAL FOR MONTH: 2.61 1 = FOG OR MIST
DPTR FM NORMAL: 1.8 DPTR FM NORMAL: -1.40 2 = FOG REDUCING VISIBILITY
HIGHEST: 74 ON 7 GRTST 24HR 1.02 ON 24-24 TO 1/4 MILE OR LESS
LOWEST: 22 ON 4 3 = THUNDER
SNOW, ICE PELLETS, HAIL 4 = ICE PELLETS
TOTAL MONTH: 1.6 INCHES 5 = HAIL
GRTST 24HR 0.9 ON 12-12 6 = FREEZING RAIN OR DRIZZLE
GRTST DEPTH: T 7 = DUSTSTORM OR SANDSTORM:
VSBY 1/2 MILE OR LESS
8 = SMOKE OR HAZE
[NO. OF DAYS WITH] [WEATHER - DAYS WITH] 9 = BLOWING SNOW
X = TORNADO
MAX 32 OR BELOW: 1 0.01 INCH OR MORE: 12
MAX 90 OR ABOVE: 0 0.10 INCH OR MORE: 5
MIN 32 OR BELOW: 11 0.50 INCH OR MORE: 2
MIN 0 OR BELOW: 0 1.00 INCH OR MORE: 1
[HDD (BASE 65) ]
TOTAL THIS MO. 617 CLEAR (SCALE 0-3) 1
DPTR FM NORMAL -64 PTCLDY (SCALE 4-7) 18
TOTAL FM JUL 1 3579 CLOUDY (SCALE 8-10) 12
DPTR FM NORMAL -325
[CDD (BASE 65) ]
TOTAL THIS MO. 0
DPTR FM NORMAL -1 [PRESSURE DATA]
TOTAL FM JAN 1 0 HIGHEST SLP M ON M
DPTR FM NORMAL -1 LOWEST SLP 29.24 ON 12
[REMARKS]
#FINAL-03-22#