000
CXUS56 KLOX 011730
CLMLGB
CLIMATE REPORT
NATIONAL WEATHER SERVICE LOS ANGELES/OXNARD
930 AM PST THU FEB 01 2024
...................................
...THE LONG BEACH AIRPORT CA CLIMATE SUMMARY FOR THE MONTH OF JANUARY 2024...
CLIMATE NORMAL PERIOD: 1991 TO 2020
CLIMATE RECORD PERIOD: 1958 TO 2024
WEATHER OBSERVED NORMAL DEPART LAST YEAR`S
VALUE DATE(S) VALUE FROM VALUE
NORMAL
..............................................................
TEMPERATURE (F)
HIGHEST 83 01/27
01/29
LOWEST 40 01/08
01/09
AVG. MAXIMUM 66.9 67.4 -0.5
AVG. MINIMUM 49.5 46.9 2.6
MEAN 58.2 57.1 1.1
DAYS MAX >= 90 0
DAYS MAX <= 32 0
DAYS MIN <= 32 0
DAYS MIN <= 0 0
PRECIPITATION (INCHES)
TOTALS 0.10 2.89 -2.79
DAILY AVG. 0.07
DAYS >= .01 1
DAYS >= .10 1
DAYS >= .50 0
DAYS >= 1.00 0
GREATEST
24 HR. TOTAL 0.10 01/25 TO 01/25
STORM TOTAL 1.08
DEGREE DAYS
HEATING TOTAL 206 247 -41 259
SINCE 7/1 322 647 -325 MM
COOLING TOTAL 6 4 2 0
SINCE 1/1 6 4 2 MM
..............................................................
WIND (MPH)
AVERAGE WIND SPEED 4.2
HIGHEST WIND SPEED/DIRECTION 32/280 DATE 01/11
HIGHEST GUST SPEED/DIRECTION 44/290 DATE 01/11
SKY COVER
POSSIBLE SUNSHINE (PERCENT) MM
AVERAGE SKY COVER 0.25
NUMBER OF DAYS FAIR 21
NUMBER OF DAYS PC 6
NUMBER OF DAYS CLOUDY 4
AVERAGE RH (PERCENT) 65
WEATHER CONDITIONS. NUMBER OF DAYS WITH
THUNDERSTORM 1 MIXED PRECIP 0
HEAVY RAIN 3 RAIN 3
LIGHT RAIN 7 FREEZING RAIN 0
LT FREEZING RAIN 0 HAIL 0
HEAVY SNOW 0 SNOW 0
LIGHT SNOW 0 SLEET 0
FOG 17 FOG W/VIS <= 1/4 MILE 1
HAZE 15
- INDICATES NEGATIVE NUMBERS.
R INDICATES RECORD WAS SET OR TIED.
MM INDICATES DATA IS MISSING.
T INDICATES TRACE AMOUNT.
$$