000
CXUS55 KPUB 011210
CF6LHX
PRELIMINARY LOCAL CLIMATOLOGICAL DATA (WS FORM: F-6)
STATION: LA JUNTA CO
MONTH: JULY
YEAR: 2021
LATITUDE: 38 2 N
LONGITUDE: 103 31 W
TEMPERATURE IN F: :PCPN: SNOW: WIND :SUNSHINE: SKY :PK WND
================================================================================
1 2 3 4 5 6A 6B 7 8 9 10 11 12 13 14 15 16 17 18
12Z AVG MX 2MIN
DY MAX MIN AVG DEP HDD CDD WTR SNW DPTH SPD SPD DIR MIN PSBL S-S WX SPD DR
================================================================================
1 87 66 77 -1 0 12 0.01 M M 10.0 25 90 M M 6 3 33 80
2 90 62 76 -2 0 11 0.00 M M 8.9 21 120 M M 5 29 120
3 98 62 80 2 0 15 T M M 7.0 33 60 M M 0 44 60
4 97 60 79 1 0 14 T M M 9.1 35 340 M M 1 3 50 340
5 95 65 80 2 0 15 0.00 M M 8.6 20 80 M M 0 28 70
6 92 66 79 0 0 14 0.03 M M 8.8 25 130 M M 3 3 31 130
7 91 63 77 -2 0 12 0.00 M M 7.5 17 110 M M 1 25 110
8 105 63 84 5 0 19 0.00 M M 7.8 17 220 M M 0 22 210
9 107 69 88 9 0 23 0.00 M M 9.0 33 50 M M 0 8 47 50
10 92 65 79 0 0 14 0.00 M M 8.9 20 70 M M 2 25 90
11 89 62 76 -3 0 11 0.00 M M 8.6 17 70 M M 2 24 100
12 96 59 78 -1 0 13 0.00 M M 7.2 16 100 M M 0 21 110
13 101 58 80 1 0 15 0.08 M M 8.8 33 280 M M 1 3 46 260
14 97 70 84 5 0 19 T M M 13.7 24 290 M M 1 34 360
15 92 66 79 0 0 14 0.00 M M 8.2 36 40 M M 1 3 48 70
16 99 66 83 4 0 18 T M M 11.6 31 180 M M 1 45 140
17 97 62 80 1 0 15 T M M 10.7 37 260 M M 1 49 250
18 97 64 81 1 0 16 0.00 M M 8.5 39 90 M M 1 50 80
19 95 61 78 -2 0 13 0.00 M M 6.2 16 110 M M 2 12 21 120
20 95 61 78 -2 0 13 0.00 M M 11.1 25 110 M M 0 35 90
21 98 66 82 3 0 17 0.00 M M 8.6 23 120 M M 0 30 120
22 101 66 84 5 0 19 0.00 M M 7.8 20 170 M M 0 24 160
23 102 70 86 7 0 21 0.00 M M 8.7 22 110 M M 0 27 120
24 99 65 82 3 0 17 0.00 M M 12.4 31 30 M M 1 39 50
25 100 67 84 5 0 19 0.07 M M 10.1 43 40 M M 2 38 55 50
26 96 64 80 1 0 15 0.00 M M 6.3 17 140 M M 0 21 160
27 100 63 82 3 0 17 0.00 M M 6.0 21 120 M M 0 34 60
28 104 66 85 6 0 20 0.00 M M 9.2 23 150 M M 0 30 140
29 102 71 87 8 0 22 0.00 M M 10.2 22 130 M M 0 29 140
30 103 72 88 9 0 23 0.00 M M 10.2 24 150 M M 0 32 150
31 90 65 78 -1 0 13 0.30 M M 16.3 29 50 M M 5 18 40 10
================================================================================
SM 3007 2005 0 499 0.49 M 286.0 M 36
================================================================================
AV 97.0 64.7 9.2 FASTST M M 1 MAX(MPH)
MISC ----> 43 40 55 50
================================================================================
NOTES:
# LAST OF SEVERAL OCCURRENCES
COLUMN 17 PEAK WIND IN M.P.H.
PRELIMINARY LOCAL CLIMATOLOGICAL DATA (WS FORM: F-6) , PAGE 2
STATION: LA JUNTA CO
MONTH: JULY
YEAR: 2021
LATITUDE: 38 2 N
LONGITUDE: 103 31 W
[TEMPERATURE DATA] [PRECIPITATION DATA] SYMBOLS USED IN COLUMN 16
AVERAGE MONTHLY: 80.8 TOTAL FOR MONTH: 0.49 1 = FOG OR MIST
DPTR FM NORMAL: 1.7 DPTR FM NORMAL: -1.72 2 = FOG REDUCING VISIBILITY
HIGHEST: 107 ON 9 GRTST 24HR 0.30 ON 31-31 TO 1/4 MILE OR LESS
LOWEST: 58 ON 13 3 = THUNDER
SNOW, ICE PELLETS, HAIL 4 = ICE PELLETS
TOTAL MONTH: M 5 = HAIL
GRTST 24HR M ON M 6 = FREEZING RAIN OR DRIZZLE
GRTST DEPTH: M ON M 7 = DUSTSTORM OR SANDSTORM:
VSBY 1/2 MILE OR LESS
8 = SMOKE OR HAZE
[NO. OF DAYS WITH] [WEATHER - DAYS WITH] 9 = BLOWING SNOW
X = TORNADO
MAX 32 OR BELOW: 0 0.01 INCH OR MORE: 5
MAX 90 OR ABOVE: 29 0.10 INCH OR MORE: 1
MIN 32 OR BELOW: 0 0.50 INCH OR MORE: 0
MIN 0 OR BELOW: 0 1.00 INCH OR MORE: 0
[HDD (BASE 65) ]
TOTAL THIS MO. 0 CLEAR (SCALE 0-3) 28
DPTR FM NORMAL 0 PTCLDY (SCALE 4-7) 3
TOTAL FM JUL 1 0 CLOUDY (SCALE 8-10) 0
DPTR FM NORMAL 0
[CDD (BASE 65) ]
TOTAL THIS MO. 499
DPTR FM NORMAL 63 [PRESSURE DATA]
TOTAL FM JAN 1 887 HIGHEST SLP 30.20 ON 31
DPTR FM NORMAL 77 LOWEST SLP 29.69 ON 8
[REMARKS]
#FINAL-07-21#